{"id":15646,"date":"2022-12-05T20:08:55","date_gmt":"2022-12-05T19:08:55","guid":{"rendered":"https:\/\/blogsaverroes.juntadeandalucia.es\/ceipblancadelosrios\/?page_id=15646"},"modified":"2022-12-05T20:12:43","modified_gmt":"2022-12-05T19:12:43","slug":"25n-dia-mundial-contra-la-violencia-de-genero-2022","status":"publish","type":"page","link":"https:\/\/blogsaverroes.juntadeandalucia.es\/ceipblancadelosrios\/fototeca\/actividades-educativas-2022-23\/25n-dia-mundial-contra-la-violencia-de-genero-2022\/","title":{"rendered":"25N D\u00eda Mundial Contra la Violencia de G\u00e9nero 2022"},"content":{"rendered":"<p style=\"text-align: left\"><span style=\"color: #800080\">Buenas tardes, gran familia del Blanca:<\/span><\/p>\n<p style=\"text-align: left\"><span style=\"color: #800080\">Hoy es 25 N, \u00abD\u00eda Internacional contra la Violencia de G\u00e9nero\u00bb: \u00a1Qu\u00e9 tengamos un d\u00eda de reivinciaci\u00f3n por los buenos tratos!<\/span><\/p>\n<p style=\"text-align: left\"><span style=\"color: #800080\">Como dec\u00eda una se\u00f1o muy sabia: \u00abSi nuestros peques gobernaran el mundo, no existir\u00eda la violencia de g\u00e9nero\u00bb. <\/span><\/p>\n<p style=\"text-align: left\"><span style=\"color: #800080\">Nuestros ni\u00f1os y ni\u00f1as han crecido en entornos bastante igualitarios, sin embargo, la realidad sigue siendo que van 38 mujeres asesinadas en lo que va de a\u00f1o y 26 menores hu\u00e9rfanos como consecuencia de este hecho. Son datos oficiales. <\/span><\/p>\n<p style=\"text-align: left\"><span style=\"color: #800080\">Mientras estas sean las cifras, queda mucho por hacer. <\/span><\/p>\n<p style=\"text-align: left\"><span style=\"color: #800080\">Desde el Blanca, en vista de los conflictos que pueden darse en el aula, nos centramos en lo positivo: Queremos sumar y no restar, evitar los malos tratos y respetarnos y aceptarnos todas y todos por igual. <\/span><\/p>\n<p style=\"text-align: left\"><span style=\"color: #800080\">Por eso, este a\u00f1o, entre todos lo ni\u00f1os y ni\u00f1as del cole, hemos creado el \u00ab\u00c1RBOL DEL BUEN TRATO\u00bb, con mensajes sanadores escritos por el alumnado para leerlos y recordarlos en aquellos momentos de dificultad, cuando hay un conflicto, cuando nos sentimos tristes por el trato injusto de alg\u00fan\/a compa\u00f1ero\/a, sentimos que no somos valiosos o valiosas, alguien nos pega, o nos trata injustamente&#8230;<\/span><\/p>\n<p style=\"text-align: left\"><span style=\"color: #800080\">Ante estas situaciones, lo mejor es tener herramientas para defendernos sin usar la violencia. \u00bfQu\u00e9 mejor arma que unas palabras amorosas?: \u00abTe quiero\u00bb, \u00abLo siento\u00bb, \u00abEstoy aqu\u00ed para ti\u00bb, \u00abVales mucho\u00bb, \u00abNo te rindas\u00bb, \u00abEstoy contigo\u00bb, \u00abPuedes contar conmigo\u00bb, \u00abPerdona\u00bb&#8230;as\u00ed se conVIVE mucho mejor. <\/span><\/p>\n<p style=\"text-align: left\"><span style=\"color: #800080\">\u00a1El \u00c1rbol del buen trato florece desde la ra\u00edz hasta el sol y en \u00e9l nunca falta Amor! <\/span><\/p>\n<p style=\"text-align: left\"><span style=\"color: #800080\">Por un mundo sin violencia, sin prejuicios, ni malos tratos. TODOS LOS D\u00cdAS SON 25 DE NOVIEMBRE. <\/span><\/p>\n<p style=\"text-align: left\"><span style=\"color: #800080\">La pr\u00f3xima semana, os contaremos m\u00e1s actividades, din\u00e1micas e iniciativas para fomentar los buenos tratos en el centro. <\/span><\/p>\n<p style=\"text-align: left\"><span style=\"color: #800080\">Gracias por vuestra atenci\u00f3n y colaboraci\u00f3n para conseguir un mundo mejor.&nbsp;<\/span><\/p>\nngg_shortcode_0_placeholder\n","protected":false},"excerpt":{"rendered":"<p>Buenas tardes, gran familia del Blanca: Hoy es 25 N, \u00abD\u00eda Internacional contra la Violencia de G\u00e9nero\u00bb: \u00a1Qu\u00e9 tengamos un d\u00eda de reivinciaci\u00f3n por los buenos tratos! Como dec\u00eda una se\u00f1o muy sabia: \u00abSi&#46;&#46;&#46;<\/p>\n","protected":false},"author":2329,"featured_media":0,"parent":15644,"menu_order":1,"comment_status":"closed","ping_status":"closed","template":"page-templates\/child-menu.php","meta":{"ngg_post_thumbnail":0,"footnotes":"","_mc_calendar":[]},"aioseo_notices":[],"_links":{"self":[{"href":"https:\/\/blogsaverroes.juntadeandalucia.es\/ceipblancadelosrios\/wp-json\/wp\/v2\/pages\/15646"}],"collection":[{"href":"https:\/\/blogsaverroes.juntadeandalucia.es\/ceipblancadelosrios\/wp-json\/wp\/v2\/pages"}],"about":[{"href":"https:\/\/blogsaverroes.juntadeandalucia.es\/ceipblancadelosrios\/wp-json\/wp\/v2\/types\/page"}],"author":[{"embeddable":true,"href":"https:\/\/blogsaverroes.juntadeandalucia.es\/ceipblancadelosrios\/wp-json\/wp\/v2\/users\/2329"}],"replies":[{"embeddable":true,"href":"https:\/\/blogsaverroes.juntadeandalucia.es\/ceipblancadelosrios\/wp-json\/wp\/v2\/comments?post=15646"}],"version-history":[{"count":2,"href":"https:\/\/blogsaverroes.juntadeandalucia.es\/ceipblancadelosrios\/wp-json\/wp\/v2\/pages\/15646\/revisions"}],"predecessor-version":[{"id":15649,"href":"https:\/\/blogsaverroes.juntadeandalucia.es\/ceipblancadelosrios\/wp-json\/wp\/v2\/pages\/15646\/revisions\/15649"}],"up":[{"embeddable":true,"href":"https:\/\/blogsaverroes.juntadeandalucia.es\/ceipblancadelosrios\/wp-json\/wp\/v2\/pages\/15644"}],"wp:attachment":[{"href":"https:\/\/blogsaverroes.juntadeandalucia.es\/ceipblancadelosrios\/wp-json\/wp\/v2\/media?parent=15646"}],"curies":[{"name":"wp","href":"https:\/\/api.w.org\/{rel}","templated":true}]}}

25N Día Mundial Contra la Violencia de Género 2022

<p style="text-align: left"><span style="color: #800080">Buenas tardes, gran familia del Blanca:</span></p>
<p style="text-align: left"><span style="color: #800080">Hoy es 25 N, «Día Internacional contra la Violencia de Género»: ¡Qué tengamos un día de reivinciación por los buenos tratos!</span></p>
<p style="text-align: left"><span style="color: #800080">Como decía una seño muy sabia: «Si nuestros peques gobernaran el mundo, no existiría la violencia de género». </span></p>
<p style="text-align: left"><span style="color: #800080">Nuestros niños y niñas han crecido en entornos bastante igualitarios, sin embargo, la realidad sigue siendo que van 38 mujeres asesinadas en lo que va de año y 26 menores huérfanos como consecuencia de este hecho. Son datos oficiales. </span></p>
<p style="text-align: left"><span style="color: #800080">Mientras estas sean las cifras, queda mucho por hacer. </span></p>
<p style="text-align: left"><span style="color: #800080">Desde el Blanca, en vista de los conflictos que pueden darse en el aula, nos centramos en lo positivo: Queremos sumar y no restar, evitar los malos tratos y respetarnos y aceptarnos todas y todos por igual. </span></p>
<p style="text-align: left"><span style="color: #800080">Por eso, este año, entre todos lo niños y niñas del cole, hemos creado el «ÁRBOL DEL BUEN TRATO», con mensajes sanadores escritos por el alumnado para leerlos y recordarlos en aquellos momentos de dificultad, cuando hay un conflicto, cuando nos sentimos tristes por el trato injusto de algún/a compañero/a, sentimos que no somos valiosos o valiosas, alguien nos pega, o nos trata injustamente&#8230;</span></p>
<p style="text-align: left"><span style="color: #800080">Ante estas situaciones, lo mejor es tener herramientas para defendernos sin usar la violencia. ¿Qué mejor arma que unas palabras amorosas?: «Te quiero», «Lo siento», «Estoy aquí para ti», «Vales mucho», «No te rindas», «Estoy contigo», «Puedes contar conmigo», «Perdona»&#8230;así se conVIVE mucho mejor. </span></p>
<p style="text-align: left"><span style="color: #800080">¡El Árbol del buen trato florece desde la raíz hasta el sol y en él nunca falta Amor! </span></p>
<p style="text-align: left"><span style="color: #800080">Por un mundo sin violencia, sin prejuicios, ni malos tratos. TODOS LOS DÍAS SON 25 DE NOVIEMBRE. </span></p>
<p style="text-align: left"><span style="color: #800080">La próxima semana, os contaremos más actividades, dinámicas e iniciativas para fomentar los buenos tratos en el centro. </span></p>
<p style="text-align: left"><span style="color: #800080">Gracias por vuestra atención y colaboración para conseguir un mundo mejor.&nbsp;</span></p>
ngg_shortcode_0_placeholder

<p>Buenas tardes, gran familia del Blanca: Hoy es 25 N, «Día Internacional contra la Violencia de Género»: ¡Qué tengamos un día de reivinciación por los buenos tratos! Como decía una seño muy sabia: «Si&#46;&#46;&#46;</p>
