{"id":15665,"date":"2022-11-10T16:00:13","date_gmt":"2022-11-10T15:00:13","guid":{"rendered":"https:\/\/blogsaverroes.juntadeandalucia.es\/ceipblancadelosrios\/?page_id=15665"},"modified":"2023-06-06T11:07:29","modified_gmt":"2023-06-06T09:07:29","slug":"experiences-22-23","status":"publish","type":"page","link":"https:\/\/blogsaverroes.juntadeandalucia.es\/ceipblancadelosrios\/language-assistant\/experiences-22-23\/","title":{"rendered":"EXPERIENCES 22\/23"},"content":{"rendered":"<p style=\"text-align: right\"><em>31\/05\/23<\/em><\/p>\n<h5><span style=\"color: #ff6600\">\u00a1ADI\u00d3S DIANA Y MAYRA!<\/span><\/h5>\n<p>Hoy ha llegado el d\u00eda en el que nos hemos tenido que despedir de nuestras queridas Diana y Mayra. Ambas han sido unas auxiliares excelentes (trabajadoras, implicadas y cari\u00f1osas con los alumnos y alumnas) a las que tanto alumn@s como maestr@s hemos cogido much\u00edsimo cari\u00f1o.<\/p>\n<p>Nos ha dado mucha pena despedirnos de ellas y esperamos que les vaya genial en sus nuevos proyectos.<\/p>\nngg_shortcode_0_placeholder\n<p style=\"text-align: right\"><em><br \/>\n<!--nextpage--><br \/>\n18\/05\/23<\/em><\/p>\n<h5><span style=\"color: #ff6600\">DIANA TRABAJA LAS PARTES DEL CUERPO CON 2\u00ba<\/span><\/h5>\n<p>Hoy los alumnos y alumnas de 2\u00ba han trabajado las distintas partes del cuerpo elaborando entre todos un p\u00f3ster. Tambi\u00e9n han dibujado un monstruo con las partes del cuerpo que les ha dictado Diana y han jugado a juegos de ordenador sobre el cuento de la semana anterior \u00abFrom Head to Toe\u00bb.<\/p>\n<p>ngg_shortcode_1_placeholder<br \/>\n<!--nextpage--><\/p>\n<p style=\"text-align: right\"><em>09\/05\/23<\/em><\/p>\n<h5><span style=\"color: #ff6600\">MAYRA TRABAJA EL SISTEMA REPRODUCTOR CON 6\u00ba<\/span><\/h5>\n<p>Mayra ha preparado una serie de actividades para trabajar con el alumnado de 6\u00ba el sistema reproductor. \u00a1Lo ha hecho genial!<\/p>\n<p>&nbsp;<\/p>\n<p>ngg_shortcode_2_placeholder<br \/>\n<!--nextpage--><\/p>\n<p style=\"text-align: right\"><em>21\/03\/23<\/em><\/p>\n<h5><span style=\"color: #ff6600\">MAYRA CONTIN\u00daA REPASANDO LA HISTORIA DE ESPA\u00d1A CON 6\u00ba<\/span><\/h5>\n<p>Mayra ha preparado para nuestr@s alumn@s de 6\u00ba un Kahoot para repasar la Espa\u00f1a del siglo XX, la dictadura de Primo de Rivera y la Guerra Civil Espa\u00f1ola. \u00a1Han repasado sus conocimientos sobre el tema de una manera muy amena y divertida!<\/p>\nngg_shortcode_3_placeholder\n<p style=\"text-align: right\">&nbsp;<\/p>\n<p><!--nextpage--><\/p>\n<p style=\"text-align: right\"><span style=\"color: #000000\"><em>05\/03\/23<\/em><\/span><\/p>\n<h5><span style=\"color: #ff6600\">MAYRA REPASA HISTORIA DE ESPA\u00d1A CON 6\u00ba<\/span><\/h5>\n<p>Hoy nuestr@s alumn@s de 6\u00ba han repasado historia de una manera muy amena. Mayra les ha preparado un juego digital con preguntas llamado Baamboozle para jugar por equipos. Ha sido muy divertido.<\/p>\n<p>ngg_shortcode_4_placeholder<br \/>\n<!--nextpage--><\/p>\n<p style=\"text-align: right\"><em>23\/02\/23<\/em><\/p>\n<h5><span style=\"color: #ff6600\">DIANA TRABAJA LAS HERRAMIENTAS CON 2\u00ba<\/span><\/h5>\n<p>Esta ma\u00f1ana los ni\u00f1os y ni\u00f1as han comenzado a tomar contacto con el vocabulario relacionado con las m\u00e1quinas simples. Han demostrado cu\u00e1nto saben en su propia lengua mediante una incre\u00edble lluvia de ideas, para a continuaci\u00f3n, a trav\u00e9s de juegos de m\u00edmica, buscar a su pareja, identificar objetos dentro de una caja de herramientas y completar un dibujo del Inspector Gadget con herramientas de las trabajadas. \u00a1Gran ma\u00f1ana de trabajo con Diana!<\/p>\nngg_shortcode_5_placeholder\n<p><!--nextpage--><\/p>\n<p style=\"text-align: right\"><em>14\/02\/23<\/em><\/p>\n<h5><span style=\"color: #ff6600\">6\u00ba TRABAJA LA HISTORIA CON MAYRA<\/span><\/h5>\n<p>Hoy Mayra ha preparado para nuestr@s alumn@s de 6\u00ba un divertido juego por equipos llamado Baamboozle para repasar lo aprendido sobre el reinado de Carlos IV y la Guerra de Independencia. Ha sido muy divertido.<\/p>\n<p>ngg_shortcode_6_placeholder<br \/>\n<!--nextpage--><\/p>\n<p style=\"text-align: right\"><em>09\/02\/23<\/em><\/p>\n<h5><span style=\"color: #ff6600\">VISITA POR LA LOCALIDAD DE 2\u00ba<\/span><\/h5>\n<p>Esta ma\u00f1ana los ni\u00f1@s han salido del cole en direcci\u00f3n a la Oficina de Correos por toda la Calle Cultura. Hemos hecho paradas para ver los distintos centros educativos que hay en el camino, d\u00f3nde est\u00e1 situada la biblioteca y la Oficina de Correos, donde han realizado una visita para conocer c\u00f3mo organizan el correo. Tras pasar por la puerta de los bomberos, nos hemos dirigido a la Polic\u00eda Local y Guardia Civil para finalmente acabar en el recinto \u00abEl Abrazo\u00bb. Los ni\u00f1@s han caminado mucho, lo han pasado bien y seg\u00fan cuenta nuestra auxiliar Diana, tambi\u00e9n ha disfrutado de la actividad. Estamos agotados.<\/p>\n<p>ngg_shortcode_7_placeholder<br \/>\n<!--nextpage--><\/p>\n<p style=\"text-align: right\"><em>02\/02\/23<\/em><\/p>\n<h5><span style=\"color: #ff6600\">SESI\u00d3N DE CIENCIAS EN 2\u00ba CON DIANA<\/span><\/h5>\n<p>En la sesi\u00f3n de ciencias de hoy, el alumnado de 2\u00ba ha revisado con nuestra auxiliar Diana el vocabulario de la unidad sobre las profesiones a trav\u00e9s de p\u00e1ginas Liveworksheets, afianzando as\u00ed el contenido trabajado en estas semanas. Igualmente, parte de la sesi\u00f3n la han desarrollado en la biblioteca donde, mientras unos compa\u00f1er@s hac\u00edan por parejas una sopa de letras recordando los tipos y fuentes de energ\u00eda vistos con anterioridad, otr@s trabajaban el vocabulario de las profesiones mediante un juego de pensamiento computacional desconectado con las tarjetas Cody Roby.<\/p>\n<p>ngg_shortcode_8_placeholder<!--nextpage--><\/p>\n<p style=\"text-align: right\"><em>31\/01\/23<\/em><\/p>\n<h5><span style=\"color: #ff6600\">EXCURSI\u00d3N A IT\u00c1LICA<\/span><\/h5>\n<p>Nuestro alumnado de 6\u00ba ha visitado It\u00e1lica y han disfrutado de unas actividades muy motivantes con las que han aprendido un poco m\u00e1s acerca de c\u00f3mo viv\u00edan los romanos.<br \/>\nNuestra auxiliar Mayra los ha acompa\u00f1ado y seguro que tambi\u00e9n se lo ha pasado genial y ha aprendido un mont\u00f3n.<\/p>\nngg_shortcode_9_placeholder\n<p style=\"text-align: right\"><!--nextpage--><br \/>\n<em>24\/01\/23<\/em><\/p>\n<h5><strong><span style=\"color: #ff6600\">EXCURSI\u00d3N A LA GRANJA ESCUELA \u00abLA BUHARDILLA\u00bb<\/span><\/strong><\/h5>\n<p>Hoy el alumnado de 3\u00ba ha visitado la granja escuela \u00abLa Buhardilla\u00bb. All\u00ed han realizado una serie de talleres de t\u00edteres, cocina, huerto&#8230; y han tenido la oportunidad de conocer los animales de la granja y darles de comer. \u00a1Ha sido una manera muy amena y motivante de trabajar el medio ambiente!<\/p>\n<p>Aunque no aparezca en las fotos, nuestra auxiliar Diana los ha acompa\u00f1ado en su visita y tambi\u00e9n ha aprendido y disfrutado un mont\u00f3n con ell@s del d\u00eda.&nbsp;&nbsp;<\/p>\n<p>ngg_shortcode_10_placeholder<br \/>\n<!--nextpage--><\/p>\n<p style=\"text-align: right\"><em>19\/01\/2023<\/em><\/p>\n<h5><span style=\"color: #ff6600\">CLASE DE CIENCIAS CON DIANA<\/span><\/h5>\n<p>Hoy los alumnos y alumnas de 2\u00ba han tenido una gran y divertida sesi\u00f3n de Ciencias con nuestra auxiliar Diana.<br \/>\n\u00c9stas son las actividades que han hecho:<br \/>\n* Warm up: Han recordado lo que aprendieron la semana pasada colocando en la pizarra las tarjetas con las palabras del vocabulario al lado de su foto correspondiente.<br \/>\n*Diana dec\u00eda el nombre o le mostraba una foto a un ni\u00f1o o ni\u00f1a y \u00e9ste deb\u00eda conseguir que sus compa\u00f1er@s averiguaran de qu\u00e9 palabra se trataba haciendo gestos.<br \/>\n* Han jugado a Baamboozle y se han divertido y entusiasmado un mont\u00f3n ya que en el juego, algunos equipos \u00abrobaban\u00bb puntos a otros equipos, algunos se ve\u00edan obligados a dar sus puntos a otro equipo, algunos perd\u00edan algunos de sus puntos o \u00a1incluso todos!<\/p>\nngg_shortcode_11_placeholder\n<p style=\"text-align: right\"><!--nextpage--><\/p>\n<p style=\"text-align: right\"><em>13\/01\/23<\/em><\/p>\n<h5><span style=\"color: #ff6600\">DIANA REPASA EL VOCABULARIO DE CIENCIAS CON 2\u00ba<\/span><\/h5>\n<p>Hoy Diana ha repasado el vocabulario de la unidad anterior relativo a la materia y la energ\u00eda y ha comentado la relaci\u00f3n de \u00e9ste con los trabajos, herramientas y m\u00e1quinas. Para ello, los alumnos y las alumnas han realizado distintas actividades y juegos orales, finalizando con un divertido Bingo.<\/p>\n<p>&nbsp;<\/p>\n<p>ngg_shortcode_12_placeholder<br \/>\n<!--nextpage-->&nbsp;<\/p>\n<p style=\"text-align: right\"><em>20\/12\/22<\/em><\/p>\n<h5><span style=\"color: #ff6600\">EXCURSI\u00d3N DE 6\u00ba A SEVILLA PARA VISITAR BELENES Y EL ANTIQUARIUM<\/span><\/h5>\n<p>Hoy Mayra ha acompa\u00f1ado a nuestro alumnado de 6\u00ba en su visita por Sevilla. All\u00ed han contemplado varios belenes y han acudido al museo arqueol\u00f3gico que hay bajo las \u00abSetas\u00bb. Todos y todas han pasado un d\u00eda genial.<\/p>\n<p>ngg_shortcode_13_placeholder<br \/>\n<!--nextpage--><\/p>\n<h5><span style=\"color: #ff6600\">CHRISTMAS TRADITIONS IN THE USA<\/span>&nbsp;<\/h5>\n<p>Durante estos d\u00edas, Diana ha contado a nuestros alumnos y alumnas, c\u00f3mo celebran las navidades en Estados Unidos.<\/p>\n<p>Ha realizado una presentaci\u00f3n con las costumbres de su pa\u00eds y vocabulario en ingl\u00e9s relacionado con la Navidad.<\/p>\n<p>Los ni\u00f1os han decorado y personalizado un sal\u00f3n vac\u00edo con esos mismos objetos navide\u00f1os.&nbsp;<\/p>\n<p>Una actividad creativa y cultural para celebrar la Navidad con nuestra auxiliar de conversaci\u00f3n.<\/p>\nngg_shortcode_14_placeholder\n<p><!--nextpage--><\/p>\n<h5>&nbsp;<\/h5>\n<h5>&nbsp;<\/h5>\n<h5><span style=\"color: #ff6600\">FORCES AND ENVIRONMENT<\/span>&nbsp;<\/h5>\n<p>Nuestra auxiliar Diana ha realizado varias actividades y juegos con el alumnado de 2\u00ba para trabajar el tema \u00abForces and Environment\u00bb. Todos se lo han pasado pipa.<\/p>\n<p>Los ni\u00f1os y ni\u00f1as han jugado al \u00abtirasoga\u00bb para probar la fuerza de arrastre, carreras de ranas para la fuerza de empuje, han moldeado plastilina creando una figura en equipo para la fuerza de deformaci\u00f3n de la materia. Diana ha dirigido la actividad de ordenar tarjetas e im\u00e1genes de cuidado del medioambiente y ha ayudado a los ni\u00f1os a reciclar distintos objetos de juguete clasific\u00e1ndolos en el contenedor de papel, pl\u00e1stico y residuos org\u00e1nicos.&nbsp;<\/p>\n<p>\u00a1Menuda calor han pasado jugando! \u00a1No parece que sea oto\u00f1o!<\/p>\n<p>ngg_shortcode_15_placeholder<br \/>\n<!--nextpage--><\/p>\n<p style=\"text-align: right\"><em>10\/11\/2022<\/em><\/p>\n<h5><span style=\"color: #ff6600\">VISITA AL MUSEO PALEONTOL\u00d3GICO Y ARQUEOL\u00d3GICO DE LA RINCONADA FRANCISCO SOUSA<\/span><\/h5>\n<p>El 10 de noviembre nuestra auxiliar Diana acompa\u00f1\u00f3 al alumnado de 2\u00ba de Primaria en su salida al Centro Cultural de la Villa.<br \/>\nAll\u00ed visitaron el Museo Paleontol\u00f3gico y Arqueol\u00f3gico de la Rinconada, Francisco Sousa, y se adentraron en el maravilloso mundo de la Historia y sus etapas, como colof\u00f3n del trabajo realizado durante el mes de octubre en el \u00e1rea de Ciencias Sociales.<\/p>\nngg_shortcode_16_placeholder\n","protected":false},"excerpt":{"rendered":"<p>31\/05\/23 \u00a1ADI\u00d3S DIANA Y MAYRA! Hoy ha llegado el d\u00eda en el que nos hemos tenido que despedir de nuestras queridas Diana y Mayra. Ambas han sido unas auxiliares excelentes (trabajadoras, implicadas y cari\u00f1osas&#46;&#46;&#46;<\/p>\n","protected":false},"author":2329,"featured_media":0,"parent":15249,"menu_order":0,"comment_status":"closed","ping_status":"closed","template":"page-templates\/child-menu.php","meta":{"ngg_post_thumbnail":0,"footnotes":"","_mc_calendar":[]},"aioseo_notices":[],"_links":{"self":[{"href":"https:\/\/blogsaverroes.juntadeandalucia.es\/ceipblancadelosrios\/wp-json\/wp\/v2\/pages\/15665"}],"collection":[{"href":"https:\/\/blogsaverroes.juntadeandalucia.es\/ceipblancadelosrios\/wp-json\/wp\/v2\/pages"}],"about":[{"href":"https:\/\/blogsaverroes.juntadeandalucia.es\/ceipblancadelosrios\/wp-json\/wp\/v2\/types\/page"}],"author":[{"embeddable":true,"href":"https:\/\/blogsaverroes.juntadeandalucia.es\/ceipblancadelosrios\/wp-json\/wp\/v2\/users\/2329"}],"replies":[{"embeddable":true,"href":"https:\/\/blogsaverroes.juntadeandalucia.es\/ceipblancadelosrios\/wp-json\/wp\/v2\/comments?post=15665"}],"version-history":[{"count":23,"href":"https:\/\/blogsaverroes.juntadeandalucia.es\/ceipblancadelosrios\/wp-json\/wp\/v2\/pages\/15665\/revisions"}],"predecessor-version":[{"id":17136,"href":"https:\/\/blogsaverroes.juntadeandalucia.es\/ceipblancadelosrios\/wp-json\/wp\/v2\/pages\/15665\/revisions\/17136"}],"up":[{"embeddable":true,"href":"https:\/\/blogsaverroes.juntadeandalucia.es\/ceipblancadelosrios\/wp-json\/wp\/v2\/pages\/15249"}],"wp:attachment":[{"href":"https:\/\/blogsaverroes.juntadeandalucia.es\/ceipblancadelosrios\/wp-json\/wp\/v2\/media?parent=15665"}],"curies":[{"name":"wp","href":"https:\/\/api.w.org\/{rel}","templated":true}]}}