{"id":18357,"date":"2024-11-04T14:42:15","date_gmt":"2024-11-04T13:42:15","guid":{"rendered":"https:\/\/blogsaverroes.juntadeandalucia.es\/ceipblancadelosrios\/?page_id=18357"},"modified":"2024-11-04T15:05:46","modified_gmt":"2024-11-04T14:05:46","slug":"operacion-nino-de-la-navidad","status":"publish","type":"page","link":"https:\/\/blogsaverroes.juntadeandalucia.es\/ceipblancadelosrios\/religion-2\/operacion-nino-de-la-navidad\/","title":{"rendered":"OPERACI\u00d3N NI\u00d1O DE LA NAVIDAD"},"content":{"rendered":"<p style=\"text-align: center\"><strong><img loading=\"lazy\" decoding=\"async\" class=\"aligncenter size-full wp-image-17556\" src=\"https:\/\/blogsaverroes.juntadeandalucia.es\/ceipblancadelosrios\/files\/2024\/02\/Operacion2_page-0001.jpg\" alt=\"\" width=\"1023\" height=\"1600\" srcset=\"https:\/\/blogsaverroes.juntadeandalucia.es\/ceipblancadelosrios\/files\/2024\/02\/Operacion2_page-0001.jpg 1023w, https:\/\/blogsaverroes.juntadeandalucia.es\/ceipblancadelosrios\/files\/2024\/02\/Operacion2_page-0001-192x300.jpg 192w, https:\/\/blogsaverroes.juntadeandalucia.es\/ceipblancadelosrios\/files\/2024\/02\/Operacion2_page-0001-512x800.jpg 512w, https:\/\/blogsaverroes.juntadeandalucia.es\/ceipblancadelosrios\/files\/2024\/02\/Operacion2_page-0001-768x1201.jpg 768w, https:\/\/blogsaverroes.juntadeandalucia.es\/ceipblancadelosrios\/files\/2024\/02\/Operacion2_page-0001-982x1536.jpg 982w\" sizes=\"(max-width: 1023px) 100vw, 1023px\" \/>OPERACI\u00d3N NI\u00d1@ DE LA NAVIDAD<\/strong><\/p>\n<p style=\"text-align: center\"><strong>En el Blanca como todos los a\u00f1os, queremos participar del mensaje de solidaridad de estas fechas, por eso nuestro alumnado ha participado en la recogida de material escolar, juguetes no sexistas ni b\u00e9licos, art\u00edculos de aseo e higiene, etc&#8230; destinados a ni\u00f1@s m\u00e1s desfavorecidos.<br \/>\n&nbsp; &nbsp; &nbsp;<\/strong><\/p>\nngg_shortcode_0_placeholder\n<p style=\"text-align: center\"><strong>&nbsp; &nbsp; &nbsp; &nbsp; &nbsp; &nbsp; &nbsp; &nbsp; &nbsp; &nbsp; &nbsp; &nbsp; &nbsp; &nbsp;&nbsp;\u00a1Gracias de nuevo!<\/strong><\/p>\n<p style=\"text-align: center\"><strong>&nbsp;\u00a1QUE ESTA NAVIDAD NO HAYA NING\u00daN NI\u00d1@ SIN SU CAJITA!<\/strong><\/p>\n<p>&nbsp;<\/p>\n<p>&nbsp;<\/p>\n","protected":false},"excerpt":{"rendered":"<p>OPERACI\u00d3N NI\u00d1@ DE LA NAVIDAD En el Blanca como todos los a\u00f1os, queremos participar del mensaje de solidaridad de estas fechas, por eso nuestro alumnado ha participado en la recogida de material escolar, juguetes&#46;&#46;&#46;<\/p>\n","protected":false},"author":2329,"featured_media":0,"parent":14228,"menu_order":4,"comment_status":"closed","ping_status":"closed","template":"page-templates\/child-menu.php","meta":{"ngg_post_thumbnail":0,"footnotes":"","_mc_calendar":[]},"aioseo_notices":[],"_links":{"self":[{"href":"https:\/\/blogsaverroes.juntadeandalucia.es\/ceipblancadelosrios\/wp-json\/wp\/v2\/pages\/18357"}],"collection":[{"href":"https:\/\/blogsaverroes.juntadeandalucia.es\/ceipblancadelosrios\/wp-json\/wp\/v2\/pages"}],"about":[{"href":"https:\/\/blogsaverroes.juntadeandalucia.es\/ceipblancadelosrios\/wp-json\/wp\/v2\/types\/page"}],"author":[{"embeddable":true,"href":"https:\/\/blogsaverroes.juntadeandalucia.es\/ceipblancadelosrios\/wp-json\/wp\/v2\/users\/2329"}],"replies":[{"embeddable":true,"href":"https:\/\/blogsaverroes.juntadeandalucia.es\/ceipblancadelosrios\/wp-json\/wp\/v2\/comments?post=18357"}],"version-history":[{"count":4,"href":"https:\/\/blogsaverroes.juntadeandalucia.es\/ceipblancadelosrios\/wp-json\/wp\/v2\/pages\/18357\/revisions"}],"predecessor-version":[{"id":18363,"href":"https:\/\/blogsaverroes.juntadeandalucia.es\/ceipblancadelosrios\/wp-json\/wp\/v2\/pages\/18357\/revisions\/18363"}],"up":[{"embeddable":true,"href":"https:\/\/blogsaverroes.juntadeandalucia.es\/ceipblancadelosrios\/wp-json\/wp\/v2\/pages\/14228"}],"wp:attachment":[{"href":"https:\/\/blogsaverroes.juntadeandalucia.es\/ceipblancadelosrios\/wp-json\/wp\/v2\/media?parent=18357"}],"curies":[{"name":"wp","href":"https:\/\/api.w.org\/{rel}","templated":true}]}}