{"id":3180,"date":"2017-11-05T19:41:54","date_gmt":"2017-11-05T18:41:54","guid":{"rendered":"http:\/\/blogsaverroes.juntadeandalucia.es\/ceipblancadelosrios\/?page_id=3180"},"modified":"2020-10-08T11:08:07","modified_gmt":"2020-10-08T09:08:07","slug":"escolania","status":"publish","type":"page","link":"https:\/\/blogsaverroes.juntadeandalucia.es\/ceipblancadelosrios\/fototeca\/actividades-educativas-201718\/escolania\/","title":{"rendered":"Escolan\u00eda"},"content":{"rendered":"<p style=\"padding-left: 30px\"><span style=\"color: #0000ff\">El s\u00e1bado, 28 de octubre de 2017, nuestra escolan\u00eda particip\u00f3 en un encuentro de coros en Sevilla. Una gran oportunidad y experiencia para todos. Disfrutamos compartiendo nuestras voces. <\/span><\/p>\n<p style=\"padding-left: 30px\"><span style=\"color: #0000ff\">En la actualidad solo participan alumnos y alumnas de 6\u00ba y un alumno de 3\u00ba, pero se puede participar desde 4\u00ba. Hay ni\u00f1os y ni\u00f1as de otros coles, de San Jer\u00f3nimo.<\/span><\/p>\n<p style=\"padding-left: 30px\"><span style=\"color: #0000ff\">Cantamos con la escolan\u00eda Pueri Hispalensis de Sevilla.<\/span><\/p>\n<h4 style=\"padding-left: 30px;text-align: center\"><span style=\"color: #0000ff\"><em><strong>Recuerda que si te gusta cantar ser\u00e1s bienvenido<\/strong><\/em>.<\/span><\/h4>\n<h3 style=\"text-align: center\"><strong><span style=\"color: #008000\">SI QUIERES VER UN V\u00cdDEO DE NUESTRA ACTUACI\u00d3N <a href=\"https:\/\/blogsaverroes.juntadeandalucia.es\/ceipblancadelosrios\/files\/2017\/11\/VID-20171029-WA0001.mp4\">PINCHA AQU\u00cd<\/a><\/span><\/strong><\/h3>\n<p><img loading=\"lazy\" decoding=\"async\" class=\"aligncenter wp-image-3184 size-full\" src=\"https:\/\/blogsaverroes.juntadeandalucia.es\/ceipblancadelosrios\/files\/2017\/11\/IMG-20171029-WA0002.jpg\" alt=\"\" width=\"1600\" height=\"1233\" srcset=\"https:\/\/blogsaverroes.juntadeandalucia.es\/ceipblancadelosrios\/files\/2017\/11\/IMG-20171029-WA0002.jpg 1600w, https:\/\/blogsaverroes.juntadeandalucia.es\/ceipblancadelosrios\/files\/2017\/11\/IMG-20171029-WA0002-300x231.jpg 300w, https:\/\/blogsaverroes.juntadeandalucia.es\/ceipblancadelosrios\/files\/2017\/11\/IMG-20171029-WA0002-768x592.jpg 768w, https:\/\/blogsaverroes.juntadeandalucia.es\/ceipblancadelosrios\/files\/2017\/11\/IMG-20171029-WA0002-800x617.jpg 800w, https:\/\/blogsaverroes.juntadeandalucia.es\/ceipblancadelosrios\/files\/2017\/11\/IMG-20171029-WA0002-24x18.jpg 24w, https:\/\/blogsaverroes.juntadeandalucia.es\/ceipblancadelosrios\/files\/2017\/11\/IMG-20171029-WA0002-36x28.jpg 36w, https:\/\/blogsaverroes.juntadeandalucia.es\/ceipblancadelosrios\/files\/2017\/11\/IMG-20171029-WA0002-48x37.jpg 48w\" sizes=\"(max-width: 1600px) 100vw, 1600px\" \/><img loading=\"lazy\" decoding=\"async\" class=\"aligncenter size-full wp-image-3185\" src=\"https:\/\/blogsaverroes.juntadeandalucia.es\/ceipblancadelosrios\/files\/2017\/11\/IMG-20171029-WA0003.jpg\" alt=\"\" width=\"1328\" height=\"747\" srcset=\"https:\/\/blogsaverroes.juntadeandalucia.es\/ceipblancadelosrios\/files\/2017\/11\/IMG-20171029-WA0003.jpg 1328w, https:\/\/blogsaverroes.juntadeandalucia.es\/ceipblancadelosrios\/files\/2017\/11\/IMG-20171029-WA0003-300x169.jpg 300w, https:\/\/blogsaverroes.juntadeandalucia.es\/ceipblancadelosrios\/files\/2017\/11\/IMG-20171029-WA0003-768x432.jpg 768w, https:\/\/blogsaverroes.juntadeandalucia.es\/ceipblancadelosrios\/files\/2017\/11\/IMG-20171029-WA0003-800x450.jpg 800w, https:\/\/blogsaverroes.juntadeandalucia.es\/ceipblancadelosrios\/files\/2017\/11\/IMG-20171029-WA0003-24x14.jpg 24w, https:\/\/blogsaverroes.juntadeandalucia.es\/ceipblancadelosrios\/files\/2017\/11\/IMG-20171029-WA0003-36x20.jpg 36w, https:\/\/blogsaverroes.juntadeandalucia.es\/ceipblancadelosrios\/files\/2017\/11\/IMG-20171029-WA0003-48x27.jpg 48w\" sizes=\"(max-width: 1328px) 100vw, 1328px\" \/><\/p>\n","protected":false},"excerpt":{"rendered":"<p>El s\u00e1bado, 28 de octubre de 2017, nuestra escolan\u00eda particip\u00f3 en un encuentro de coros en Sevilla. Una gran oportunidad y experiencia para todos. Disfrutamos compartiendo nuestras voces. En la actualidad solo participan alumnos&#46;&#46;&#46;<\/p>\n","protected":false},"author":2329,"featured_media":0,"parent":2378,"menu_order":0,"comment_status":"closed","ping_status":"closed","template":"page-templates\/child-menu.php","meta":{"ngg_post_thumbnail":0,"footnotes":"","_mc_calendar":[]},"aioseo_notices":[],"_links":{"self":[{"href":"https:\/\/blogsaverroes.juntadeandalucia.es\/ceipblancadelosrios\/wp-json\/wp\/v2\/pages\/3180"}],"collection":[{"href":"https:\/\/blogsaverroes.juntadeandalucia.es\/ceipblancadelosrios\/wp-json\/wp\/v2\/pages"}],"about":[{"href":"https:\/\/blogsaverroes.juntadeandalucia.es\/ceipblancadelosrios\/wp-json\/wp\/v2\/types\/page"}],"author":[{"embeddable":true,"href":"https:\/\/blogsaverroes.juntadeandalucia.es\/ceipblancadelosrios\/wp-json\/wp\/v2\/users\/2329"}],"replies":[{"embeddable":true,"href":"https:\/\/blogsaverroes.juntadeandalucia.es\/ceipblancadelosrios\/wp-json\/wp\/v2\/comments?post=3180"}],"version-history":[{"count":5,"href":"https:\/\/blogsaverroes.juntadeandalucia.es\/ceipblancadelosrios\/wp-json\/wp\/v2\/pages\/3180\/revisions"}],"predecessor-version":[{"id":3189,"href":"https:\/\/blogsaverroes.juntadeandalucia.es\/ceipblancadelosrios\/wp-json\/wp\/v2\/pages\/3180\/revisions\/3189"}],"up":[{"embeddable":true,"href":"https:\/\/blogsaverroes.juntadeandalucia.es\/ceipblancadelosrios\/wp-json\/wp\/v2\/pages\/2378"}],"wp:attachment":[{"href":"https:\/\/blogsaverroes.juntadeandalucia.es\/ceipblancadelosrios\/wp-json\/wp\/v2\/media?parent=3180"}],"curies":[{"name":"wp","href":"https:\/\/api.w.org\/{rel}","templated":true}]}}

Escolanía

<p style="padding-left: 30px"><span style="color: #0000ff">El sábado, 28 de octubre de 2017, nuestra escolanía participó en un encuentro de coros en Sevilla. Una gran oportunidad y experiencia para todos. Disfrutamos compartiendo nuestras voces. </span></p>
<p style="padding-left: 30px"><span style="color: #0000ff">En la actualidad solo participan alumnos y alumnas de 6º y un alumno de 3º, pero se puede participar desde 4º. Hay niños y niñas de otros coles, de San Jerónimo.</span></p>
<p style="padding-left: 30px"><span style="color: #0000ff">Cantamos con la escolanía Pueri Hispalensis de Sevilla.</span></p>
<h4 style="padding-left: 30px;text-align: center"><span style="color: #0000ff"><em><strong>Recuerda que si te gusta cantar serás bienvenido</strong></em>.</span></h4>
<h3 style="text-align: center"><strong><span style="color: #008000">SI QUIERES VER UN VÍDEO DE NUESTRA ACTUACIÓN <a href="https://blogsaverroes.juntadeandalucia.es/ceipblancadelosrios/files/2017/11/VID-20171029-WA0001.mp4">PINCHA AQUÍ</a></span></strong></h3>
<p><img loading="lazy" decoding="async" class="aligncenter wp-image-3184 size-full" src="https://blogsaverroes.juntadeandalucia.es/ceipblancadelosrios/files/2017/11/IMG-20171029-WA0002.jpg" alt="" width="1600" height="1233" srcset="https://blogsaverroes.juntadeandalucia.es/ceipblancadelosrios/files/2017/11/IMG-20171029-WA0002.jpg 1600w, https://blogsaverroes.juntadeandalucia.es/ceipblancadelosrios/files/2017/11/IMG-20171029-WA0002-300x231.jpg 300w, https://blogsaverroes.juntadeandalucia.es/ceipblancadelosrios/files/2017/11/IMG-20171029-WA0002-768x592.jpg 768w, https://blogsaverroes.juntadeandalucia.es/ceipblancadelosrios/files/2017/11/IMG-20171029-WA0002-800x617.jpg 800w, https://blogsaverroes.juntadeandalucia.es/ceipblancadelosrios/files/2017/11/IMG-20171029-WA0002-24x18.jpg 24w, https://blogsaverroes.juntadeandalucia.es/ceipblancadelosrios/files/2017/11/IMG-20171029-WA0002-36x28.jpg 36w, https://blogsaverroes.juntadeandalucia.es/ceipblancadelosrios/files/2017/11/IMG-20171029-WA0002-48x37.jpg 48w" sizes="(max-width: 1600px) 100vw, 1600px" /><img loading="lazy" decoding="async" class="aligncenter size-full wp-image-3185" src="https://blogsaverroes.juntadeandalucia.es/ceipblancadelosrios/files/2017/11/IMG-20171029-WA0003.jpg" alt="" width="1328" height="747" srcset="https://blogsaverroes.juntadeandalucia.es/ceipblancadelosrios/files/2017/11/IMG-20171029-WA0003.jpg 1328w, https://blogsaverroes.juntadeandalucia.es/ceipblancadelosrios/files/2017/11/IMG-20171029-WA0003-300x169.jpg 300w, https://blogsaverroes.juntadeandalucia.es/ceipblancadelosrios/files/2017/11/IMG-20171029-WA0003-768x432.jpg 768w, https://blogsaverroes.juntadeandalucia.es/ceipblancadelosrios/files/2017/11/IMG-20171029-WA0003-800x450.jpg 800w, https://blogsaverroes.juntadeandalucia.es/ceipblancadelosrios/files/2017/11/IMG-20171029-WA0003-24x14.jpg 24w, https://blogsaverroes.juntadeandalucia.es/ceipblancadelosrios/files/2017/11/IMG-20171029-WA0003-36x20.jpg 36w, https://blogsaverroes.juntadeandalucia.es/ceipblancadelosrios/files/2017/11/IMG-20171029-WA0003-48x27.jpg 48w" sizes="(max-width: 1328px) 100vw, 1328px" /></p>

<p>El sábado, 28 de octubre de 2017, nuestra escolanía participó en un encuentro de coros en Sevilla. Una gran oportunidad y experiencia para todos. Disfrutamos compartiendo nuestras voces. En la actualidad solo participan alumnos&#46;&#46;&#46;</p>
