{"id":4543,"date":"2018-02-16T22:58:44","date_gmt":"2018-02-16T21:58:44","guid":{"rendered":"http:\/\/blogsaverroes.juntadeandalucia.es\/ceipblancadelosrios\/?page_id=4543"},"modified":"2020-10-08T11:05:22","modified_gmt":"2020-10-08T09:05:22","slug":"san-valentin","status":"publish","type":"page","link":"https:\/\/blogsaverroes.juntadeandalucia.es\/ceipblancadelosrios\/fototeca\/actividades-educativas-201718\/san-valentin\/","title":{"rendered":"San Valent\u00edn"},"content":{"rendered":"<p><strong><span style=\"color: #ff0000\">14\/02\/2018: San Valent\u00edn<\/span><\/strong><\/p>\n<ul>\n<li><span style=\"color: #0000ff\">A iniciativa de la tutora de 6\u00ba A, Amparo P\u00e9rez, se ha celebrado en el colegio el D\u00eda de San Valent\u00edn. Cientos de cartas y detalles de amistad han inundado el centro. Se ha heho un homenaje al cari\u00f1o, al respeto, a la amistad, al compa\u00f1erismo &#8230;; canci\u00f3n&nbsp; de&nbsp; \u00abclavelitos\u00bb incluida&#8230;<br \/>\n<\/span><\/li>\n<\/ul>\n<p style=\"padding-left: 30px\"><span style=\"color: #0000ff\">Nuestro alumnado de 6\u00ba se ha volcado con la iniciativa, y de camino han obtenido algunos ingresos para financiar el viaje de fin de curso que tanta ilusi\u00f3n les despierta&#8230;&nbsp;&nbsp;&nbsp; (<a href=\"https:\/\/wp.me\/P76aSc-1dk\">Enlace a fotos<\/a> y <a href=\"https:\/\/blogsaverroes.juntadeandalucia.es\/ceipblancadelosrios\/files\/2018\/02\/VID-20180215-WA0053.mp4\">enlace a video<\/a>)<\/span><\/p>\n","protected":false},"excerpt":{"rendered":"<p>14\/02\/2018: San Valent\u00edn A iniciativa de la tutora de 6\u00ba A, Amparo P\u00e9rez, se ha celebrado en el colegio el D\u00eda de San Valent\u00edn. Cientos de cartas y detalles de amistad han inundado el&#46;&#46;&#46;<\/p>\n","protected":false},"author":2329,"featured_media":0,"parent":2378,"menu_order":0,"comment_status":"closed","ping_status":"closed","template":"page-templates\/child-menu.php","meta":{"ngg_post_thumbnail":0,"footnotes":"","_mc_calendar":[]},"aioseo_notices":[],"_links":{"self":[{"href":"https:\/\/blogsaverroes.juntadeandalucia.es\/ceipblancadelosrios\/wp-json\/wp\/v2\/pages\/4543"}],"collection":[{"href":"https:\/\/blogsaverroes.juntadeandalucia.es\/ceipblancadelosrios\/wp-json\/wp\/v2\/pages"}],"about":[{"href":"https:\/\/blogsaverroes.juntadeandalucia.es\/ceipblancadelosrios\/wp-json\/wp\/v2\/types\/page"}],"author":[{"embeddable":true,"href":"https:\/\/blogsaverroes.juntadeandalucia.es\/ceipblancadelosrios\/wp-json\/wp\/v2\/users\/2329"}],"replies":[{"embeddable":true,"href":"https:\/\/blogsaverroes.juntadeandalucia.es\/ceipblancadelosrios\/wp-json\/wp\/v2\/comments?post=4543"}],"version-history":[{"count":5,"href":"https:\/\/blogsaverroes.juntadeandalucia.es\/ceipblancadelosrios\/wp-json\/wp\/v2\/pages\/4543\/revisions"}],"predecessor-version":[{"id":4674,"href":"https:\/\/blogsaverroes.juntadeandalucia.es\/ceipblancadelosrios\/wp-json\/wp\/v2\/pages\/4543\/revisions\/4674"}],"up":[{"embeddable":true,"href":"https:\/\/blogsaverroes.juntadeandalucia.es\/ceipblancadelosrios\/wp-json\/wp\/v2\/pages\/2378"}],"wp:attachment":[{"href":"https:\/\/blogsaverroes.juntadeandalucia.es\/ceipblancadelosrios\/wp-json\/wp\/v2\/media?parent=4543"}],"curies":[{"name":"wp","href":"https:\/\/api.w.org\/{rel}","templated":true}]}}

San Valentín

<p><strong><span style="color: #ff0000">14/02/2018: San Valentín</span></strong></p>
<ul>
<li><span style="color: #0000ff">A iniciativa de la tutora de 6º A, Amparo Pérez, se ha celebrado en el colegio el Día de San Valentín. Cientos de cartas y detalles de amistad han inundado el centro. Se ha heho un homenaje al cariño, al respeto, a la amistad, al compañerismo &#8230;; canción&nbsp; de&nbsp; «clavelitos» incluida&#8230;<br />
</span></li>
</ul>
<p style="padding-left: 30px"><span style="color: #0000ff">Nuestro alumnado de 6º se ha volcado con la iniciativa, y de camino han obtenido algunos ingresos para financiar el viaje de fin de curso que tanta ilusión les despierta&#8230;&nbsp;&nbsp;&nbsp; (<a href="https://wp.me/P76aSc-1dk">Enlace a fotos</a> y <a href="https://blogsaverroes.juntadeandalucia.es/ceipblancadelosrios/files/2018/02/VID-20180215-WA0053.mp4">enlace a video</a>)</span></p>

<p>14/02/2018: San Valentín A iniciativa de la tutora de 6º A, Amparo Pérez, se ha celebrado en el colegio el Día de San Valentín. Cientos de cartas y detalles de amistad han inundado el&#46;&#46;&#46;</p>
