{"id":5029,"date":"2018-03-30T22:53:23","date_gmt":"2018-03-30T20:53:23","guid":{"rendered":"http:\/\/blogsaverroes.juntadeandalucia.es\/ceipblancadelosrios\/?page_id=5029"},"modified":"2020-10-08T11:04:32","modified_gmt":"2020-10-08T09:04:32","slug":"8-de-marzo-dia-de-la-mujer","status":"publish","type":"page","link":"https:\/\/blogsaverroes.juntadeandalucia.es\/ceipblancadelosrios\/fototeca\/actividades-educativas-201718\/8-de-marzo-dia-de-la-mujer\/","title":{"rendered":"8 Marzo:D\u00eda de la Mujer"},"content":{"rendered":"<p><img loading=\"lazy\" decoding=\"async\" class=\"aligncenter wp-image-5148 \" src=\"https:\/\/blogsaverroes.juntadeandalucia.es\/ceipblancadelosrios\/files\/2018\/03\/diamujer2015-895x641-300x215.jpg\" alt=\"\" width=\"366\" height=\"262\" srcset=\"https:\/\/blogsaverroes.juntadeandalucia.es\/ceipblancadelosrios\/files\/2018\/03\/diamujer2015-895x641-300x215.jpg 300w, https:\/\/blogsaverroes.juntadeandalucia.es\/ceipblancadelosrios\/files\/2018\/03\/diamujer2015-895x641-768x550.jpg 768w, https:\/\/blogsaverroes.juntadeandalucia.es\/ceipblancadelosrios\/files\/2018\/03\/diamujer2015-895x641-800x573.jpg 800w, https:\/\/blogsaverroes.juntadeandalucia.es\/ceipblancadelosrios\/files\/2018\/03\/diamujer2015-895x641-24x17.jpg 24w, https:\/\/blogsaverroes.juntadeandalucia.es\/ceipblancadelosrios\/files\/2018\/03\/diamujer2015-895x641-36x26.jpg 36w, https:\/\/blogsaverroes.juntadeandalucia.es\/ceipblancadelosrios\/files\/2018\/03\/diamujer2015-895x641-48x34.jpg 48w, https:\/\/blogsaverroes.juntadeandalucia.es\/ceipblancadelosrios\/files\/2018\/03\/diamujer2015-895x641.jpg 895w\" sizes=\"(max-width: 366px) 100vw, 366px\" \/><\/p>\n<p><span style=\"color: #0000ff\">En 1975, la asamblea general de la<strong>&nbsp;ONU&nbsp;<\/strong>declar\u00f3 oficialmente el&nbsp;<strong>8 de marzo&nbsp;<\/strong><a title=\"D\u00eda de la Mujer\" href=\"https:\/\/www.elperiodico.com\/es\/sociedad\/20180307\/dia-internacional-de-la-mujer-6672998\">D\u00eda Internacional de la Mujer<\/a>. \u00bfPor qu\u00e9 ese d\u00eda? El<strong>&nbsp;origen<\/strong>&nbsp;no est\u00e1 muy claro y existen varias versiones. La m\u00e1s veros\u00edmil es que fue un 8 de marzo del a\u00f1o 1857 cuando un grupo de trabajadoras textiles decidi\u00f3 salir a las calles de&nbsp;Nueva York&nbsp;para&nbsp;<strong>protestar&nbsp;<\/strong>por las m\u00edseras condiciones en las que trabajaban. Ser\u00eda una de las primeras manifestaciones para luchar por sus<strong>&nbsp;derechos laborales<\/strong>.&nbsp;Distintos movimientos y sucesos se sucedieron a partir de esa fecha.&nbsp;<\/span><\/p>\n<p><span style=\"color: #0000ff\">Uno de los m\u00e1s destacados ocurri\u00f3&nbsp;el&nbsp;<strong>25 de marzo de 1911<\/strong>, cuando se&nbsp;<strong>incendi\u00f3 la&nbsp;f\u00e1brica de camisas Shirtwaist&nbsp;<\/strong>de&nbsp;Nueva York. Un total de 123 mujeres y 23 hombres murieron. La mayor\u00eda eran j\u00f3venes inmigrantes que ten\u00edan entre 14 y 23 a\u00f1os. Fue el desastre industrial m\u00e1s mort\u00edfera de la historia de la ciudad y suposo la introducci\u00f3n de nuevas normas de seguridad y salud laboral en EEUU. Los fallecidos ten\u00edan jornadas laborales de 9 horas diarias m\u00e1s siete horas los s\u00e1bados por un sueldo que hoy equivaldr\u00eda a entre 166 y 285 d\u00f3lares a la semana. Seg\u00fan el informe de los bomberos, una colilla mal apagada tirada en un cubo de restos de tela que no se hab\u00eda vaciado en dos meses fue el origen del<strong>&nbsp;incendio<\/strong>. Los trabajadores no pudieron escapar porque los responsables de la f\u00e1brica hab\u00edan cerrado todas las puertas de escaleras y de las salidas, una pr\u00e1ctica habitual entonces para evitar robos.&nbsp;<\/span><\/p>\n<ul>\n<li><span style=\"color: #0000ff\">Los padrinos y madrinas de quinto B trabajan en equipo con sus ahijados y ahijadas de I5B y I5C elaborando los carteles de mujeres m\u00fasicas para el 8 de marzo.&nbsp; (<a href=\"https:\/\/wp.me\/P76aSc-1lC\">Enlace a fotos<\/a>)<br \/>\n<\/span><\/li>\n<li><span style=\"color: #0000ff\">Virginia P\u00e9rez, fundadora de la escuela de m\u00fasica, vino el pasado 6 de marzo a compartir con nuestros alumnado de 5\u00ba sus inicios profesionales como mujer y m\u00fasica en nuestra localidad. (<a href=\"https:\/\/wp.me\/P76aSc-1lN\">Enlace a fotos<\/a>)<br \/>\n<\/span><\/li>\n<li><span style=\"color: #0000ff\">Ariadna Corral, cient\u00edfica investigadora del Centro Nacional de Aceleradores, visit\u00f3 nuestro centro para compartir con nuestro alumnado su trayectoria profesional y personal. Una mujer joven, luchadora, brillante, solidaria con los que menos tienen, cercana,&#8230;, todo un lujo en nuestro cole.&nbsp; (<a href=\"https:\/\/wp.me\/P76aSc-1pV\">Enlace a fotos<\/a>)<\/span><\/li>\n<\/ul>\n<h4 style=\"text-align: center\"><span style=\"color: #0000ff\"><strong>(<a href=\"https:\/\/wp.me\/P76aSc-1mG\">Enlace a fotos<\/a>, <a href=\"https:\/\/blogsaverroes.juntadeandalucia.es\/ceipblancadelosrios\/files\/2018\/03\/VID-20180308-WA0001.mp4\">enlace a video I<\/a> y <a href=\"https:\/\/blogsaverroes.juntadeandalucia.es\/ceipblancadelosrios\/files\/2018\/03\/VID_20180331_142351.mp4\">enlace a video II<\/a>)<\/strong><\/span><\/h4>\n","protected":false},"excerpt":{"rendered":"<p>En 1975, la asamblea general de la&nbsp;ONU&nbsp;declar\u00f3 oficialmente el&nbsp;8 de marzo&nbsp;D\u00eda Internacional de la Mujer. \u00bfPor qu\u00e9 ese d\u00eda? El&nbsp;origen&nbsp;no est\u00e1 muy claro y existen varias versiones. La m\u00e1s veros\u00edmil es que fue un&#46;&#46;&#46;<\/p>\n","protected":false},"author":2329,"featured_media":0,"parent":2378,"menu_order":0,"comment_status":"closed","ping_status":"closed","template":"page-templates\/child-menu.php","meta":{"ngg_post_thumbnail":0,"footnotes":"","_mc_calendar":[]},"aioseo_notices":[],"_links":{"self":[{"href":"https:\/\/blogsaverroes.juntadeandalucia.es\/ceipblancadelosrios\/wp-json\/wp\/v2\/pages\/5029"}],"collection":[{"href":"https:\/\/blogsaverroes.juntadeandalucia.es\/ceipblancadelosrios\/wp-json\/wp\/v2\/pages"}],"about":[{"href":"https:\/\/blogsaverroes.juntadeandalucia.es\/ceipblancadelosrios\/wp-json\/wp\/v2\/types\/page"}],"author":[{"embeddable":true,"href":"https:\/\/blogsaverroes.juntadeandalucia.es\/ceipblancadelosrios\/wp-json\/wp\/v2\/users\/2329"}],"replies":[{"embeddable":true,"href":"https:\/\/blogsaverroes.juntadeandalucia.es\/ceipblancadelosrios\/wp-json\/wp\/v2\/comments?post=5029"}],"version-history":[{"count":14,"href":"https:\/\/blogsaverroes.juntadeandalucia.es\/ceipblancadelosrios\/wp-json\/wp\/v2\/pages\/5029\/revisions"}],"predecessor-version":[{"id":5454,"href":"https:\/\/blogsaverroes.juntadeandalucia.es\/ceipblancadelosrios\/wp-json\/wp\/v2\/pages\/5029\/revisions\/5454"}],"up":[{"embeddable":true,"href":"https:\/\/blogsaverroes.juntadeandalucia.es\/ceipblancadelosrios\/wp-json\/wp\/v2\/pages\/2378"}],"wp:attachment":[{"href":"https:\/\/blogsaverroes.juntadeandalucia.es\/ceipblancadelosrios\/wp-json\/wp\/v2\/media?parent=5029"}],"curies":[{"name":"wp","href":"https:\/\/api.w.org\/{rel}","templated":true}]}}