{"id":6369,"date":"2018-09-16T13:06:38","date_gmt":"2018-09-16T11:06:38","guid":{"rendered":"https:\/\/blogsaverroes.juntadeandalucia.es\/ceipblancadelosrios\/?page_id=6369"},"modified":"2020-10-08T23:36:43","modified_gmt":"2020-10-08T21:36:43","slug":"1o-ciclo-e-p-o","status":"publish","type":"page","link":"https:\/\/blogsaverroes.juntadeandalucia.es\/ceipblancadelosrios\/fototeca\/actividades-educativas-201819\/1o-ciclo-e-p-o\/","title":{"rendered":"1\u00ba Ciclo E.P.O."},"content":{"rendered":"<p><span style=\"color: #ff0000\"><strong>13\/06\/2019:<\/strong><\/span> <span style=\"color: #0000ff\">Hoy, Cris, la mam\u00e1 de un alumno y una alumna del Blanca ha venido a ense\u00f1ar al alumnado de primero el lenguaje de signos. Se lo han pasado genial y han reflexionado sobre la importancia del respeto e inclusi\u00f3n de la diversidad.&nbsp;<\/span> <strong><span style=\"color: #0000ff\">(<a href=\"https:\/\/wp.me\/P76aSc-3bd\">ENLACE A FOTOS<\/a>)<\/span><\/strong><\/p>\n<p><span style=\"color: #ff0000\"><strong>31\/05\/2019:<\/strong><\/span><span style=\"color: #0000ff\"> Los primeros se fueron de gymkana el viernes. Se lo pasaron superbien y adem\u00e1s, aprendieron a coordinarse para competir entre equipos de una forma sana y sin conflictos.&nbsp; <strong>(<a href=\"https:\/\/wp.me\/P76aSc-3aX\">ENLACE A FOTOS<\/a>)<\/strong><\/span><\/p>\n<p><span style=\"color: #ff0000\"><strong>05\/04\/2019: <\/strong><span style=\"color: #0000ff\">Hoy los 1\u00b0 de EPO realizan un curso de primeros auxilios, ha sido una experiencia maravillosa.<\/span><span style=\"color: #0000ff\">&nbsp;&nbsp;&nbsp; <strong>(<a href=\"https:\/\/blogsaverroes.juntadeandalucia.es\/ceipblancadelosrios\/files\/2019\/04\/VID-20190405-WA0005.mp4\">ENLACE A V\u00cdDEO<\/a><\/strong><strong>)<\/strong><\/span> <\/span><\/p>\n<p><span style=\"color: #ff0000\"><strong>12\/02\/2019: <\/strong><span style=\"color: #0000ff\">Los Reyes Magos le han tra\u00eddo este a\u00f1o a los ni\u00f1os de 1\u00b0 A,B y C un d\u00eda de excursi\u00f3n a la granja escuela.<br \/>\nC\u00f3mo era de esperar los Reyes han acertado con su regalo.hemos pasado un d\u00eda maravilloso.<\/span><strong>&nbsp; <span style=\"color: #0000ff\">(<a href=\"https:\/\/wp.me\/P76aSc-2kX\">ENLACE A FOTOS<\/a>)<\/span><br \/>\n<\/strong><\/span><\/p>\n<p><span style=\"color: #ff0000\"><strong>13\/11\/2018: <\/strong><span style=\"color: #0000ff\">Los alumn@s de segundo y tercero de primaria hemos pasado un d\u00eda estupendo en EL CASTILLO DE LAS GUARDAS . El contacto con la naturaleza es muy importante en el desarrollo integral de nuestro alumnado, y por supuesto, tambi\u00e9n hemos re\u00eddo, vivido experiencias inolvidables y participado de an\u00e9cdotas muy divertidas&#8230; <strong>(<a href=\"https:\/\/wp.me\/P76aSc-20g\">ENLACE A FOTOS<\/a>)&nbsp;&nbsp; (<a href=\"https:\/\/blogsaverroes.juntadeandalucia.es\/ceipblancadelosrios\/files\/2018\/11\/VID-20181114-WA0004.mp4\">ENLACE A V\u00cdDEO<\/a>)<br \/>\n<\/strong><\/span><\/span><\/p>\n<p><span style=\"color: #ff0000\"><strong>05\/11\/2018:<\/strong><span style=\"color: #0000ff\"> El alumado de 1\u00ba trabaja la lateralidad para establecer una de las bases m\u00e1s importantes para su aprendizaje&#8230; <strong> (<a href=\"https:\/\/wp.me\/P76aSc-20Q\">ENLACE A FOTOS<\/a>)<\/strong><\/span><\/span><\/p>\n<p><span style=\"color: #0000ff\"><span style=\"color: #ff0000\"><strong>31\/10\/2018: <\/strong><\/span>Para celebrar Halloween, los primeros han cantado una canci\u00f3n en ingl\u00e9s y han llevado un regalito por !!!todas las clases!! Ha sido un gran reto pero lo hemos conseguido.Se lo han pasado genial , aprendido el vocabulario en ingl\u00e9s y promovido el regalar para hacer felices a los dem\u00e1s. Much\u00edsimas gracias a las familias de primero por vuestra colaboraci\u00f3n.&nbsp;<\/span>&nbsp;<span style=\"color: #0000ff\"> <strong>(<a href=\"https:\/\/wp.me\/P76aSc-20C\">ENLACE A FOTOS<\/a>)<\/strong><\/span><\/p>\n","protected":false},"excerpt":{"rendered":"<p>13\/06\/2019: Hoy, Cris, la mam\u00e1 de un alumno y una alumna del Blanca ha venido a ense\u00f1ar al alumnado de primero el lenguaje de signos. Se lo han pasado genial y han reflexionado sobre&#46;&#46;&#46;<\/p>\n","protected":false},"author":2329,"featured_media":0,"parent":6360,"menu_order":0,"comment_status":"closed","ping_status":"closed","template":"page-templates\/child-menu.php","meta":{"ngg_post_thumbnail":0,"footnotes":"","_mc_calendar":[]},"aioseo_notices":[],"_links":{"self":[{"href":"https:\/\/blogsaverroes.juntadeandalucia.es\/ceipblancadelosrios\/wp-json\/wp\/v2\/pages\/6369"}],"collection":[{"href":"https:\/\/blogsaverroes.juntadeandalucia.es\/ceipblancadelosrios\/wp-json\/wp\/v2\/pages"}],"about":[{"href":"https:\/\/blogsaverroes.juntadeandalucia.es\/ceipblancadelosrios\/wp-json\/wp\/v2\/types\/page"}],"author":[{"embeddable":true,"href":"https:\/\/blogsaverroes.juntadeandalucia.es\/ceipblancadelosrios\/wp-json\/wp\/v2\/users\/2329"}],"replies":[{"embeddable":true,"href":"https:\/\/blogsaverroes.juntadeandalucia.es\/ceipblancadelosrios\/wp-json\/wp\/v2\/comments?post=6369"}],"version-history":[{"count":17,"href":"https:\/\/blogsaverroes.juntadeandalucia.es\/ceipblancadelosrios\/wp-json\/wp\/v2\/pages\/6369\/revisions"}],"predecessor-version":[{"id":12228,"href":"https:\/\/blogsaverroes.juntadeandalucia.es\/ceipblancadelosrios\/wp-json\/wp\/v2\/pages\/6369\/revisions\/12228"}],"up":[{"embeddable":true,"href":"https:\/\/blogsaverroes.juntadeandalucia.es\/ceipblancadelosrios\/wp-json\/wp\/v2\/pages\/6360"}],"wp:attachment":[{"href":"https:\/\/blogsaverroes.juntadeandalucia.es\/ceipblancadelosrios\/wp-json\/wp\/v2\/media?parent=6369"}],"curies":[{"name":"wp","href":"https:\/\/api.w.org\/{rel}","templated":true}]}}