{"id":6371,"date":"2018-09-16T13:07:08","date_gmt":"2018-09-16T11:07:08","guid":{"rendered":"https:\/\/blogsaverroes.juntadeandalucia.es\/ceipblancadelosrios\/?page_id=6371"},"modified":"2020-10-08T23:35:57","modified_gmt":"2020-10-08T21:35:57","slug":"2o-ciclo-e-p-o","status":"publish","type":"page","link":"https:\/\/blogsaverroes.juntadeandalucia.es\/ceipblancadelosrios\/fototeca\/actividades-educativas-201819\/2o-ciclo-e-p-o\/","title":{"rendered":"2\u00ba Ciclo E.P.O."},"content":{"rendered":"<p><span style=\"color: #ff0000\"><strong>Mayo y Junio 2019:<\/strong><span style=\"color: #0000ff\"> Nuestro alumnado de 4\u00ba ha visitado el <strong>Acuario de Sevilla<\/strong> de una forma muy especial:<\/span><\/span><\/p>\n<div class=\"subblock\">\n<h3 class=\"block-title\"><strong><span style=\"color: #003300\">UNA AVENTURA INOLVIDABLE<\/span><\/strong><\/h3>\n<div class=\"block-second-title\">\n<p><span style=\"color: #0000ff\">Una salida especial llena de aventuras, la <strong>noche con tiburones<\/strong>.&nbsp;<\/span><\/p>\n<p><span style=\"color: #0000ff\">Una actividad en la que no solo se aprende sobre los animales m\u00e1s poderosos del oc\u00e9ano sino que adem\u00e1s ofrecer\u00e1 diversi\u00f3n, experiencias inolvidables y otras sorpresas para el grupo. Cerrar los ojos, abrirlos y contemplar sobre tu cabeza un tibur\u00f3n de 3 metros. Comprendiendo a los animales<\/span><\/p>\n<\/div>\n<\/div>\n<div class=\"row subblock\">\n<div class=\"col-sm-6\">\n<div class=\"block-second-content\"><span style=\"color: #0000ff\">No hay nada como una experiencia as\u00ed para comprender y querer a los animales. La Noche con Tiburones nos hace convivir durante unas horas con fascinantes especies que lamentablemente est\u00e1n amenazadas.<\/span><br \/>\n<span style=\"color: #0000ff\">Esta experiencia avivar\u00e1 muchas sensaciones y sentimientos que ayudar\u00e1n, sin duda, a tomar conciencia de la necesidad de proteger el medio natural.&nbsp;&nbsp;&nbsp; <strong>(<a href=\"https:\/\/wp.me\/P76aSc-397\">ENLACE A FOTOS<\/a>)<\/strong><br \/>\n<\/span><\/div>\n<div>&nbsp;<\/div>\n<\/div>\n<\/div>\n<p><span style=\"color: #ff0000\"><strong>26\/04\/2019: <\/strong><span style=\"color: #0000ff\">Nuestro alumnado de 3\u00ba de Primaria visitan&nbsp;<b>It\u00e1lica,<\/b>&nbsp;que es una antigua ciudad&nbsp;romana&nbsp;situada en el actual t\u00e9rmino municipal de&nbsp;Santiponce&nbsp;(Sevilla). Fundada en el 206 a.C., nos acerca al mundo romano y a los or\u00edgenes de nuestra cultura. La visita ha sido dusfrutada enormemente por todos los participantes&#8230;&nbsp; <strong>(ENLACE A <a href=\"https:\/\/wp.me\/P76aSc-2E8\">FOTOS 3\u00baA<\/a>, <a href=\"https:\/\/wp.me\/P76aSc-2DM\">FOTOS 3\u00baB<\/a> Y <a href=\"https:\/\/wp.me\/P76aSc-2E7\">FOTOS 3\u00baC<\/a>)<\/strong><\/span><\/span><\/p>\n<p><span style=\"color: #ff0000\"><strong>13\/11\/2018: <\/strong><\/span><span style=\"color: #0000ff\">Los alumn@s de segundo y tercero de primaria hemos pasado un d\u00eda estupendo en EL CASTILLO DE LAS GUARDAS . El contacto con la naturaleza es muy importante en el desarrollo integral de nuestro alumnado, y por supuesto, tambi\u00e9n hemos re\u00eddo, vivido experiencias inolvidables y participado de an\u00e9cdotas muy divertidas&#8230; <strong>(<a href=\"https:\/\/wp.me\/P76aSc-20g\">ENLACE A FOTOS<\/a>)&nbsp;&nbsp; (<a href=\"https:\/\/blogsaverroes.juntadeandalucia.es\/ceipblancadelosrios\/files\/2018\/11\/VID-20181114-WA0004.mp4\">ENLACE A V\u00cdDEO<\/a>)<\/strong><\/span><\/p>\n<p><span style=\"color: #ff0000\"><strong>23\/10\/2018: <\/strong><span style=\"color: #0000ff\">Concierto El Percusionista en el Teatro de La Villa. <\/span><span style=\"color: #0000ff\">Mucha participaci\u00f3n para conocer los instrumentos, ritmos y musicas africanas de Guinea. Sin duda un magn\u00edfico espect\u00e1culo que han disfrutado nuestros ni\u00f1os y ni\u00f1as de tercero y cuarto.&nbsp; <strong>(<a href=\"https:\/\/wp.me\/P76aSc-26c\">ENLACE A FOTOS<\/a>) (<a href=\"https:\/\/blogsaverroes.juntadeandalucia.es\/ceipblancadelosrios\/files\/2018\/11\/VID-20181023-WA0017.mp4\">ENLACE A V\u00cdDEO<\/a>)<\/strong><\/span><\/span><\/p>\n","protected":false},"excerpt":{"rendered":"<p>Mayo y Junio 2019: Nuestro alumnado de 4\u00ba ha visitado el Acuario de Sevilla de una forma muy especial: UNA AVENTURA INOLVIDABLE Una salida especial llena de aventuras, la noche con tiburones.&nbsp; Una actividad&#46;&#46;&#46;<\/p>\n","protected":false},"author":2329,"featured_media":0,"parent":6360,"menu_order":0,"comment_status":"closed","ping_status":"closed","template":"page-templates\/child-menu.php","meta":{"ngg_post_thumbnail":0,"footnotes":"","_mc_calendar":[]},"aioseo_notices":[],"_links":{"self":[{"href":"https:\/\/blogsaverroes.juntadeandalucia.es\/ceipblancadelosrios\/wp-json\/wp\/v2\/pages\/6371"}],"collection":[{"href":"https:\/\/blogsaverroes.juntadeandalucia.es\/ceipblancadelosrios\/wp-json\/wp\/v2\/pages"}],"about":[{"href":"https:\/\/blogsaverroes.juntadeandalucia.es\/ceipblancadelosrios\/wp-json\/wp\/v2\/types\/page"}],"author":[{"embeddable":true,"href":"https:\/\/blogsaverroes.juntadeandalucia.es\/ceipblancadelosrios\/wp-json\/wp\/v2\/users\/2329"}],"replies":[{"embeddable":true,"href":"https:\/\/blogsaverroes.juntadeandalucia.es\/ceipblancadelosrios\/wp-json\/wp\/v2\/comments?post=6371"}],"version-history":[{"count":9,"href":"https:\/\/blogsaverroes.juntadeandalucia.es\/ceipblancadelosrios\/wp-json\/wp\/v2\/pages\/6371\/revisions"}],"predecessor-version":[{"id":8059,"href":"https:\/\/blogsaverroes.juntadeandalucia.es\/ceipblancadelosrios\/wp-json\/wp\/v2\/pages\/6371\/revisions\/8059"}],"up":[{"embeddable":true,"href":"https:\/\/blogsaverroes.juntadeandalucia.es\/ceipblancadelosrios\/wp-json\/wp\/v2\/pages\/6360"}],"wp:attachment":[{"href":"https:\/\/blogsaverroes.juntadeandalucia.es\/ceipblancadelosrios\/wp-json\/wp\/v2\/media?parent=6371"}],"curies":[{"name":"wp","href":"https:\/\/api.w.org\/{rel}","templated":true}]}}