{"id":6700,"date":"2018-09-23T15:30:39","date_gmt":"2018-09-23T13:30:39","guid":{"rendered":"https:\/\/blogsaverroes.juntadeandalucia.es\/ceipblancadelosrios\/asociacion-alzheimer-septiembre-2018\/"},"modified":"2018-09-23T15:33:26","modified_gmt":"2018-09-23T13:33:26","slug":"asociacion-alzheimer-septiembre-2018","status":"publish","type":"page","link":"https:\/\/blogsaverroes.juntadeandalucia.es\/ceipblancadelosrios\/asociacion-alzheimer-septiembre-2018\/","title":{"rendered":"Asociaci\u00f3n Alzheimer septiembre 2018"},"content":{"rendered":"<p><span style=\"color: #ff0000\"><strong>La Asociaci\u00f3n del Alzheimer de la Vega, estuvo celebrando su d\u00e9cimo aniversario con los ni\u00f1os y ni\u00f1as del cole Blanca de los R\u00edos&#8230;<\/strong><\/span><\/p>\nngg_shortcode_0_placeholder\n","protected":false},"excerpt":{"rendered":"<p>La Asociaci\u00f3n del Alzheimer de la Vega, estuvo celebrando su d\u00e9cimo aniversario con los ni\u00f1os y ni\u00f1as del cole Blanca de los R\u00edos&#8230;<\/p>\n","protected":false},"author":2329,"featured_media":0,"parent":0,"menu_order":0,"comment_status":"closed","ping_status":"closed","template":"","meta":{"ngg_post_thumbnail":0,"footnotes":"","_mc_calendar":[]},"aioseo_notices":[],"_links":{"self":[{"href":"https:\/\/blogsaverroes.juntadeandalucia.es\/ceipblancadelosrios\/wp-json\/wp\/v2\/pages\/6700"}],"collection":[{"href":"https:\/\/blogsaverroes.juntadeandalucia.es\/ceipblancadelosrios\/wp-json\/wp\/v2\/pages"}],"about":[{"href":"https:\/\/blogsaverroes.juntadeandalucia.es\/ceipblancadelosrios\/wp-json\/wp\/v2\/types\/page"}],"author":[{"embeddable":true,"href":"https:\/\/blogsaverroes.juntadeandalucia.es\/ceipblancadelosrios\/wp-json\/wp\/v2\/users\/2329"}],"replies":[{"embeddable":true,"href":"https:\/\/blogsaverroes.juntadeandalucia.es\/ceipblancadelosrios\/wp-json\/wp\/v2\/comments?post=6700"}],"version-history":[{"count":1,"href":"https:\/\/blogsaverroes.juntadeandalucia.es\/ceipblancadelosrios\/wp-json\/wp\/v2\/pages\/6700\/revisions"}],"predecessor-version":[{"id":6701,"href":"https:\/\/blogsaverroes.juntadeandalucia.es\/ceipblancadelosrios\/wp-json\/wp\/v2\/pages\/6700\/revisions\/6701"}],"wp:attachment":[{"href":"https:\/\/blogsaverroes.juntadeandalucia.es\/ceipblancadelosrios\/wp-json\/wp\/v2\/media?parent=6700"}],"curies":[{"name":"wp","href":"https:\/\/api.w.org\/{rel}","templated":true}]}}

Asociación Alzheimer septiembre 2018

<p><span style="color: #ff0000"><strong>La Asociación del Alzheimer de la Vega, estuvo celebrando su décimo aniversario con los niños y niñas del cole Blanca de los Ríos&#8230;</strong></span></p>
ngg_shortcode_0_placeholder

<p>La Asociación del Alzheimer de la Vega, estuvo celebrando su décimo aniversario con los niños y niñas del cole Blanca de los Ríos&#8230;</p>
