{"id":2234,"date":"2018-01-29T22:01:36","date_gmt":"2018-01-29T22:01:36","guid":{"rendered":"https:\/\/blogsaverroes.juntadeandalucia.es\/ceipblasinfanteguadaira\/?page_id=2234"},"modified":"2018-01-29T22:22:16","modified_gmt":"2018-01-29T22:22:16","slug":"plan-de-centro","status":"publish","type":"page","link":"https:\/\/blogsaverroes.juntadeandalucia.es\/ceipblasinfanteguadaira\/plan-de-centro\/","title":{"rendered":"Plan de Centro"},"content":{"rendered":"<table style=\"height: 21px;background-color: #c7f0eb\" width=\"798\">\n<tbody>\n<tr>\n<td style=\"width: 788px\"><img decoding=\"async\" src=\"http:\/\/ceipblasinfanteguadaira.hol.es\/wp-content\/uploads\/2016\/01\/Plan-de-centro.jpg\" alt=\"Plan de centro\"><\/p>\n<p style=\"text-align: left\">El Plan de Centro es el documento que expresa nuestras se\u00f1as de identidad. Es el aut\u00e9ntico referente, con car\u00e1cter sist\u00e9mico e integrador, del principio de autonom\u00eda pedag\u00f3gica, de organizaci\u00f3n y de gesti\u00f3n&nbsp;<em>.<\/em><\/p>\n<p style=\"text-align: left\">La Ley 17\/2007, de 10 de diciembre, de Educaci\u00f3n de Andaluc\u00eda, establece, en su Art.126, los documentos que integran el&nbsp;<strong>Plan de Centro&nbsp;<\/strong>. Son los siguientes:<\/p>\n<p style=\"text-align: left\"><strong>\u2013 El Proyecto Educativo.<\/strong><\/p>\n<p style=\"text-align: left\"><strong>\u2013 El Reglamento de Organizaci\u00f3n y Funcionamiento.<img loading=\"lazy\" decoding=\"async\" class=\"alignright\" src=\"http:\/\/2.bp.blogspot.com\/-gOs8HZktchE\/Uic85niB46I\/AAAAAAAAB3s\/iffuQNm_x6Q\/s1600\/torre_libros.gif\" alt=\"Resultado de imagen de plan de centro dibujo\" width=\"155\" height=\"233\"><\/strong><\/p>\n<p style=\"text-align: left\"><strong>\u2013 El Proyecto de Gesti\u00f3n del Centro.<\/strong><\/p>\n<p style=\"text-align: left\">El Plan de Centro se revisa de forma anual, es decir se elabora cada a\u00f1o adapt\u00e1ndose a las circunstancias, dificultades, avances, deliberaciones y acuerdos del Claustro y del Consejo Escolar. A mitad de curso se realiza una revisi\u00f3n y es al final del curso cuando se eval\u00faa el grado de cumplimiento del Plan de Centro.Las conclusiones m\u00e1s relevantes son recogidas en una Memoria de autoevaluaci\u00f3n, que es supervisada por la Delegaci\u00f3n de Educaci\u00f3n de Sevilla.<br \/>\nNuestro Colegio es de titularidad p\u00fablica y depende de la &nbsp;Junta de Andaluc\u00eda.<\/p>\n<\/td>\n<\/tr>\n<\/tbody>\n<\/table>\n","protected":false},"excerpt":{"rendered":"<p>El Plan de Centro es el documento que expresa nuestras se\u00f1as de identidad. Es el aut\u00e9ntico referente, con car\u00e1cter sist\u00e9mico e integrador, del principio de autonom\u00eda pedag\u00f3gica, de organizaci\u00f3n y de gesti\u00f3n&nbsp;. La Ley&#46;&#46;&#46;<\/p>\n","protected":false},"author":5792,"featured_media":0,"parent":0,"menu_order":0,"comment_status":"closed","ping_status":"closed","template":"","meta":{"ngg_post_thumbnail":0,"footnotes":"","_mc_calendar":[]},"aioseo_notices":[],"_links":{"self":[{"href":"https:\/\/blogsaverroes.juntadeandalucia.es\/ceipblasinfanteguadaira\/wp-json\/wp\/v2\/pages\/2234"}],"collection":[{"href":"https:\/\/blogsaverroes.juntadeandalucia.es\/ceipblasinfanteguadaira\/wp-json\/wp\/v2\/pages"}],"about":[{"href":"https:\/\/blogsaverroes.juntadeandalucia.es\/ceipblasinfanteguadaira\/wp-json\/wp\/v2\/types\/page"}],"author":[{"embeddable":true,"href":"https:\/\/blogsaverroes.juntadeandalucia.es\/ceipblasinfanteguadaira\/wp-json\/wp\/v2\/users\/5792"}],"replies":[{"embeddable":true,"href":"https:\/\/blogsaverroes.juntadeandalucia.es\/ceipblasinfanteguadaira\/wp-json\/wp\/v2\/comments?post=2234"}],"version-history":[{"count":3,"href":"https:\/\/blogsaverroes.juntadeandalucia.es\/ceipblasinfanteguadaira\/wp-json\/wp\/v2\/pages\/2234\/revisions"}],"predecessor-version":[{"id":2249,"href":"https:\/\/blogsaverroes.juntadeandalucia.es\/ceipblasinfanteguadaira\/wp-json\/wp\/v2\/pages\/2234\/revisions\/2249"}],"wp:attachment":[{"href":"https:\/\/blogsaverroes.juntadeandalucia.es\/ceipblasinfanteguadaira\/wp-json\/wp\/v2\/media?parent=2234"}],"curies":[{"name":"wp","href":"https:\/\/api.w.org\/{rel}","templated":true}]}}