{"id":2251,"date":"2016-11-03T10:21:37","date_gmt":"2016-11-03T10:21:37","guid":{"rendered":"http:\/\/blogsaverroes.juntadeandalucia.es\/ceipblasinfanteps\/?page_id=2251"},"modified":"2025-12-01T16:21:56","modified_gmt":"2025-12-01T16:21:56","slug":"t-i-c","status":"publish","type":"page","link":"https:\/\/blogsaverroes.juntadeandalucia.es\/ceipblasinfanteps\/t-i-c\/","title":{"rendered":"TDE"},"content":{"rendered":"<h1 style=\"text-align: center\"><span style=\"text-decoration: underline\"><span style=\"color: #ff0000;text-decoration: underline\">CURSO 2025-26<\/span><\/span><\/h1>\n<p style=\"text-align: center\"><a href=\"https:\/\/blogsaverroes.juntadeandalucia.es\/ceipblasinfanteps\/files\/2020\/11\/descarga.png\"><img fetchpriority=\"high\" decoding=\"async\" class=\"alignnone size-full wp-image-3180\" src=\"https:\/\/blogsaverroes.juntadeandalucia.es\/ceipblasinfanteps\/files\/2020\/11\/descarga.png\" alt=\"\" width=\"223\" height=\"226\" srcset=\"https:\/\/blogsaverroes.juntadeandalucia.es\/ceipblasinfanteps\/files\/2020\/11\/descarga.png 223w, https:\/\/blogsaverroes.juntadeandalucia.es\/ceipblasinfanteps\/files\/2020\/11\/descarga-100x100.png 100w, https:\/\/blogsaverroes.juntadeandalucia.es\/ceipblasinfanteps\/files\/2020\/11\/descarga-24x24.png 24w, https:\/\/blogsaverroes.juntadeandalucia.es\/ceipblasinfanteps\/files\/2020\/11\/descarga-36x36.png 36w, https:\/\/blogsaverroes.juntadeandalucia.es\/ceipblasinfanteps\/files\/2020\/11\/descarga-48x48.png 48w\" sizes=\"(max-width: 223px) 100vw, 223px\" \/><\/a><\/p>\n<p>&nbsp;<\/p>\n<p>La <span style=\"color: #339966\">Transformaci\u00f3n Digital Educativa<\/span> lleva unos cursos en marcha y tiene por objeto la incorporaci\u00f3n y el uso de las tecnolog\u00edas en los centros educativos, abarcando tres \u00e1mbitos:<\/p>\n<ol>\n<li>Organizaci\u00f3n y gesti\u00f3n del centro.<\/li>\n<li>Procesos de ense\u00f1anza-aprendizaje.&nbsp;&nbsp;<\/li>\n<li>Informaci\u00f3n y comunicaci\u00f3n.<\/li>\n<\/ol>\n<p>Cada centro debe concretar en su <strong><em><span style=\"color: #0000ff\">Plan de Actuaci\u00f3n Digital (PAD)<\/span><\/em><\/strong> unas l\u00edneas de actuaci\u00f3n para cada uno de los tres \u00e1mbitos. Para ello, se ha realizado una detecci\u00f3n inicial de la competencia digital a nivel de centro, a trav\u00e9s de un cuestionario realizado por la totalidad de los miembros del claustro y de la cumplimentaci\u00f3n de una r\u00fabrica. Con los resultados hemos confeccionado nuestro PAD para el presente curso.<\/p>\n<figure id=\"attachment_3417\" aria-describedby=\"caption-attachment-3417\" style=\"width: 128px\" class=\"wp-caption aligncenter\"><a href=\"https:\/\/drive.google.com\/file\/d\/1yaw96Ndi604Fr7GvYBONNEgfqZi6-86s\/view?usp=sharing\"><img decoding=\"async\" class=\"wp-image-3417\" src=\"https:\/\/blogsaverroes.juntadeandalucia.es\/ceipblasinfanteps\/files\/2021\/02\/icons-842871_1920.png\" alt=\"\" width=\"128\" height=\"128\" srcset=\"https:\/\/blogsaverroes.juntadeandalucia.es\/ceipblasinfanteps\/files\/2021\/02\/icons-842871_1920.png 1600w, https:\/\/blogsaverroes.juntadeandalucia.es\/ceipblasinfanteps\/files\/2021\/02\/icons-842871_1920-300x300.png 300w, https:\/\/blogsaverroes.juntadeandalucia.es\/ceipblasinfanteps\/files\/2021\/02\/icons-842871_1920-1024x1024.png 1024w, https:\/\/blogsaverroes.juntadeandalucia.es\/ceipblasinfanteps\/files\/2021\/02\/icons-842871_1920-150x150.png 150w, https:\/\/blogsaverroes.juntadeandalucia.es\/ceipblasinfanteps\/files\/2021\/02\/icons-842871_1920-768x768.png 768w, https:\/\/blogsaverroes.juntadeandalucia.es\/ceipblasinfanteps\/files\/2021\/02\/icons-842871_1920-1536x1536.png 1536w\" sizes=\"(max-width: 128px) 100vw, 128px\" \/><\/a><figcaption id=\"caption-attachment-3417\" class=\"wp-caption-text\">Ver P. A. D.<\/figcaption><\/figure>\n<p><u>Participantes:<\/u><\/p>\n<p>Todo el Centro<\/p>\n<p>En los siguientes enlaces podemos encontrar m\u00e1s informaci\u00f3n:<\/p>\n<p><span style=\"color: #ff0000\">Profesorado<\/span> &#8212; https:\/\/www.juntadeandalucia.es\/educacion\/portals\/web\/habitos-vida-saludable\/uso-positivo-tic-ae<\/p>\n<p><span style=\"color: #ff0000\">Alumnado<\/span> &#8212; https:\/\/www.tudecideseninternet.es\/aepd\/<\/p>\n<p><span style=\"color: #ff0000\">Familias<\/span> &#8212; https:\/\/www.juntadeandalucia.es\/educacion\/portals\/web\/escuela-familias\/internet-rrss&nbsp;<\/p>\n<p>&nbsp;<\/p>\n<p style=\"text-align: right\"><em>Coordinador TDE<\/em><\/p>\n","protected":false},"excerpt":{"rendered":"<p>CURSO 2025-26 &nbsp; La Transformaci\u00f3n Digital Educativa lleva unos cursos en marcha y tiene por objeto la incorporaci\u00f3n y el uso de las tecnolog\u00edas en los centros educativos, abarcando tres \u00e1mbitos: Organizaci\u00f3n y gesti\u00f3n del centro. Procesos de ense\u00f1anza-aprendizaje.&nbsp;&nbsp; Informaci\u00f3n y comunicaci\u00f3n. Cada centro debe concretar en su Plan de Actuaci\u00f3n Digital (PAD) unas l\u00edneas [&hellip;]<\/p>\n","protected":false},"author":4075,"featured_media":0,"parent":0,"menu_order":0,"comment_status":"open","ping_status":"open","template":"elementor_header_footer","meta":{"ngg_post_thumbnail":0,"footnotes":"","_mc_calendar":[]},"aioseo_notices":[],"post_mailing_queue_ids":[],"_links":{"self":[{"href":"https:\/\/blogsaverroes.juntadeandalucia.es\/ceipblasinfanteps\/wp-json\/wp\/v2\/pages\/2251"}],"collection":[{"href":"https:\/\/blogsaverroes.juntadeandalucia.es\/ceipblasinfanteps\/wp-json\/wp\/v2\/pages"}],"about":[{"href":"https:\/\/blogsaverroes.juntadeandalucia.es\/ceipblasinfanteps\/wp-json\/wp\/v2\/types\/page"}],"author":[{"embeddable":true,"href":"https:\/\/blogsaverroes.juntadeandalucia.es\/ceipblasinfanteps\/wp-json\/wp\/v2\/users\/4075"}],"replies":[{"embeddable":true,"href":"https:\/\/blogsaverroes.juntadeandalucia.es\/ceipblasinfanteps\/wp-json\/wp\/v2\/comments?post=2251"}],"version-history":[{"count":41,"href":"https:\/\/blogsaverroes.juntadeandalucia.es\/ceipblasinfanteps\/wp-json\/wp\/v2\/pages\/2251\/revisions"}],"predecessor-version":[{"id":5173,"href":"https:\/\/blogsaverroes.juntadeandalucia.es\/ceipblasinfanteps\/wp-json\/wp\/v2\/pages\/2251\/revisions\/5173"}],"wp:attachment":[{"href":"https:\/\/blogsaverroes.juntadeandalucia.es\/ceipblasinfanteps\/wp-json\/wp\/v2\/media?parent=2251"}],"curies":[{"name":"wp","href":"https:\/\/api.w.org\/{rel}","templated":true}]}}