{"id":2263,"date":"2016-11-04T19:08:11","date_gmt":"2016-11-04T19:08:11","guid":{"rendered":"http:\/\/blogsaverroes.juntadeandalucia.es\/ceipblasinfanteps\/?page_id=2263"},"modified":"2017-12-14T09:08:14","modified_gmt":"2017-12-14T09:08:14","slug":"noticias-ampa","status":"publish","type":"page","link":"https:\/\/blogsaverroes.juntadeandalucia.es\/ceipblasinfanteps\/noticias-ampa\/","title":{"rendered":"Noticias AMPA"},"content":{"rendered":"<p>El pr\u00f3ximo lunes 18, de 16:00 en adelante y coincidiendo con la entrega de notas, el AMPA  montar\u00e1 un mercadillo con diversidad de productos hechos artesanalmente.<\/p>\n<p>Tambi\u00e9n se podr\u00e1n degustar un delicioso chocolate con pastelitos.<\/p>\n","protected":false},"excerpt":{"rendered":"<p>El pr\u00f3ximo lunes 18, de 16:00 en adelante y coincidiendo con la entrega de notas, el AMPA montar\u00e1 un mercadillo con diversidad de productos hechos artesanalmente. Tambi\u00e9n se podr\u00e1n degustar un delicioso chocolate con pastelitos.<\/p>\n","protected":false},"author":4075,"featured_media":0,"parent":0,"menu_order":0,"comment_status":"open","ping_status":"open","template":"","meta":{"ngg_post_thumbnail":0,"footnotes":"","_mc_calendar":[]},"aioseo_notices":[],"post_mailing_queue_ids":[],"_links":{"self":[{"href":"https:\/\/blogsaverroes.juntadeandalucia.es\/ceipblasinfanteps\/wp-json\/wp\/v2\/pages\/2263"}],"collection":[{"href":"https:\/\/blogsaverroes.juntadeandalucia.es\/ceipblasinfanteps\/wp-json\/wp\/v2\/pages"}],"about":[{"href":"https:\/\/blogsaverroes.juntadeandalucia.es\/ceipblasinfanteps\/wp-json\/wp\/v2\/types\/page"}],"author":[{"embeddable":true,"href":"https:\/\/blogsaverroes.juntadeandalucia.es\/ceipblasinfanteps\/wp-json\/wp\/v2\/users\/4075"}],"replies":[{"embeddable":true,"href":"https:\/\/blogsaverroes.juntadeandalucia.es\/ceipblasinfanteps\/wp-json\/wp\/v2\/comments?post=2263"}],"version-history":[{"count":2,"href":"https:\/\/blogsaverroes.juntadeandalucia.es\/ceipblasinfanteps\/wp-json\/wp\/v2\/pages\/2263\/revisions"}],"predecessor-version":[{"id":2550,"href":"https:\/\/blogsaverroes.juntadeandalucia.es\/ceipblasinfanteps\/wp-json\/wp\/v2\/pages\/2263\/revisions\/2550"}],"wp:attachment":[{"href":"https:\/\/blogsaverroes.juntadeandalucia.es\/ceipblasinfanteps\/wp-json\/wp\/v2\/media?parent=2263"}],"curies":[{"name":"wp","href":"https:\/\/api.w.org\/{rel}","templated":true}]}}