{"id":80,"date":"2015-03-16T06:57:36","date_gmt":"2015-03-16T06:57:36","guid":{"rendered":"http:\/\/blogsaverroes.juntadeandalucia.es\/pre\/ceip\/?page_id=80"},"modified":"2025-12-04T19:16:58","modified_gmt":"2025-12-04T19:16:58","slug":"curso-escolar","status":"publish","type":"page","link":"https:\/\/blogsaverroes.juntadeandalucia.es\/ceipblasinfanteps\/curso-escolar\/","title":{"rendered":"CURSO ESCOLAR 2025-26"},"content":{"rendered":"<p>El presente curso escolar 2024-25 ha comenzado con normalidad. El primer d\u00eda de clases fue el martes 10 de septiembre. Contamos con tres unidades de Educaci\u00f3n Infantil, 9 de Educaci\u00f3n Primaria y una de Apoyo a la Integraci\u00f3n.<\/p>\n<p>El Claustro est\u00e1 formado por 19 maestras\/os. Adem\u00e1s contamos con un monitor escolar, un conserje y una PTIS.<\/p>\n<p>Comparte centro la maestra de Audici\u00f3n y Lenguaje, con tres d\u00edas de permanencia completa y la Orientadora del EOE, que est\u00e1 todos los mi\u00e9rcoles.<\/p>\n<p>&nbsp;<\/p>\n","protected":false},"excerpt":{"rendered":"<p>El presente curso escolar 2024-25 ha comenzado con normalidad. El primer d\u00eda de clases fue el martes 10 de septiembre. Contamos con tres unidades de Educaci\u00f3n Infantil, 9 de Educaci\u00f3n Primaria y una de Apoyo a la Integraci\u00f3n. El Claustro est\u00e1 formado por 19 maestras\/os. Adem\u00e1s contamos con un monitor escolar, un conserje y una [&hellip;]<\/p>\n","protected":false},"author":1,"featured_media":0,"parent":0,"menu_order":0,"comment_status":"closed","ping_status":"open","template":"","meta":{"ngg_post_thumbnail":0,"footnotes":"","_mc_calendar":[]},"aioseo_notices":[],"post_mailing_queue_ids":[],"_links":{"self":[{"href":"https:\/\/blogsaverroes.juntadeandalucia.es\/ceipblasinfanteps\/wp-json\/wp\/v2\/pages\/80"}],"collection":[{"href":"https:\/\/blogsaverroes.juntadeandalucia.es\/ceipblasinfanteps\/wp-json\/wp\/v2\/pages"}],"about":[{"href":"https:\/\/blogsaverroes.juntadeandalucia.es\/ceipblasinfanteps\/wp-json\/wp\/v2\/types\/page"}],"author":[{"embeddable":true,"href":"https:\/\/blogsaverroes.juntadeandalucia.es\/ceipblasinfanteps\/wp-json\/wp\/v2\/users\/1"}],"replies":[{"embeddable":true,"href":"https:\/\/blogsaverroes.juntadeandalucia.es\/ceipblasinfanteps\/wp-json\/wp\/v2\/comments?post=80"}],"version-history":[{"count":16,"href":"https:\/\/blogsaverroes.juntadeandalucia.es\/ceipblasinfanteps\/wp-json\/wp\/v2\/pages\/80\/revisions"}],"predecessor-version":[{"id":5216,"href":"https:\/\/blogsaverroes.juntadeandalucia.es\/ceipblasinfanteps\/wp-json\/wp\/v2\/pages\/80\/revisions\/5216"}],"wp:attachment":[{"href":"https:\/\/blogsaverroes.juntadeandalucia.es\/ceipblasinfanteps\/wp-json\/wp\/v2\/media?parent=80"}],"curies":[{"name":"wp","href":"https:\/\/api.w.org\/{rel}","templated":true}]}}

<p>El presente curso escolar 2024-25 ha comenzado con normalidad. El primer día de clases fue el martes 10 de septiembre. Contamos con tres unidades de Educación Infantil, 9 de Educación Primaria y una de Apoyo a la Integración.</p>
<p>El Claustro está formado por 19 maestras/os. Además contamos con un monitor escolar, un conserje y una PTIS.</p>
<p>Comparte centro la maestra de Audición y Lenguaje, con tres días de permanencia completa y la Orientadora del EOE, que está todos los miércoles.</p>
<p>&nbsp;</p>

<p>El presente curso escolar 2024-25 ha comenzado con normalidad. El primer día de clases fue el martes 10 de septiembre. Contamos con tres unidades de Educación Infantil, 9 de Educación Primaria y una de Apoyo a la Integración. El Claustro está formado por 19 maestras/os. Además contamos con un monitor escolar, un conserje y una [&hellip;]</p>
