{"id":4412,"date":"2018-09-27T08:07:38","date_gmt":"2018-09-27T07:07:38","guid":{"rendered":"https:\/\/blogsaverroes.juntadeandalucia.es\/ceipborbolla\/?page_id=4412"},"modified":"2023-09-04T10:41:08","modified_gmt":"2023-09-04T09:41:08","slug":"bonificacion-de-servicios-complementarios","status":"publish","type":"page","link":"https:\/\/blogsaverroes.juntadeandalucia.es\/ceipborbolla\/bonificacion-de-servicios-complementarios\/","title":{"rendered":"Bonificaci\u00f3n de servicios complementarios 23-24"},"content":{"rendered":"<p>&nbsp;<\/p>\n<p style=\"text-align: justify\">1) La solicitud de bonificaciones\/gratuidad deber\u00e1 realizarse del <span style=\"color: #0000ff\"><strong>1 al 7 de septiembre.<\/strong> <\/span><\/p>\n<p>&nbsp;<\/p>\n<p style=\"text-align: justify\">2) Las solicitudes de bonificaci\u00f3n podr\u00e1n realizarse <span style=\"color: #0000ff\"><strong>telem\u00e1ticamente a trav\u00e9s de la Secretar\u00eda Virtual.<\/strong><\/span><\/p>\n<p>Las personas solicitantes dispondr\u00e1n de una consulta teletramitada personalizada<\/p>\n<p style=\"text-align: center\"><a href=\"https:\/\/www.juntadeandalucia.es\/educacion\/secretariavirtual\/accesoTramite\/462\/\" target=\"_blank\" rel=\"noopener noreferrer\">ACCESO<\/a><\/p>\n<p>Dicha bonificaci\u00f3n se realizar\u00e1 por todas las familias de los alumnos\/as que hayan sido admitidos en alguno de los servicios complementarios solicitados.<\/p>\n<p>&nbsp;<\/p>\n<p>3) La direcci\u00f3n del centro deber\u00e1 grabar en la pantalla Detalle de la solicitud los datos de <strong>todos los miembros de la unidad familiar, incluido el\/la menor solicitante<\/strong>, considerada \u00e9sta conforme a lo que establece el art\u00edculo 24 de la Orden de 17 de abril de 2017 (ver aclaraciones y acreditaciones en el ANEXO I). Comprobar\u00e1, por tanto, que en la solicitud de bonificaci\u00f3n\/gratuidad todos los miembros de la unidad familiar mayores de 16 a\u00f1os a fecha de 31 de diciembre de 2022, identificados por su NIF o NIE, han autorizado a la Consejer\u00eda competente en materia deeducaci\u00f3n para obtener de la AEAT la informaci\u00f3n de car\u00e1cter tributario necesaria. No ser\u00e1 posible la grabaci\u00f3n de la solicitud si en la misma no figuran los datos completos de, al menos, un representante legal de la persona solicitante.<\/p>\n<p>En ausencia de alguna de las autorizaciones o NIF\/NIE de los mayores de 16 a\u00f1os, el sistema marcar\u00e1 el check Alg\u00fan miembro de la unidad familiar mayor de 16 a\u00f1os no ha firmado su autorizaci\u00f3n para obtener de la AEAT la informaci\u00f3n de car\u00e1cter tributario o falta grabar DNI\/NIE. En este caso el sistema de informaci\u00f3n S\u00e9neca le asignar\u00e1 bonificaci\u00f3n 0. La forma de proceder por parte del centro en este caso se describe en las incidencias 8 y 9 del ANEXO II.<\/p>\n<p>4) Todos los datos, tanto de ingresos como de situaciones familiares o miembros de la unidad familiar, estar\u00e1n referidos a 31 de diciembre de 2022. De esta forma, el sistema no permitir\u00e1 la grabaci\u00f3n de nacidos con posterioridad al d\u00eda indicado.<\/p>\n<p>NOTA: Las personas no obligadas a la presentaci\u00f3n de este impuesto pueden beneficiarse de determinadas deducciones auton\u00f3micas o estatales que disminuyen los ingresos a computar por el hecho de presentar la declaraci\u00f3n de IRPF de forma voluntaria, no aplic\u00e1ndose estas deducciones en el caso de aportar un certificado de imputaciones, es decir, en el caso de no presentar de forma voluntaria la renta.<\/p>\n<p>5) Todas las circunstancias que figuran en el apartado Solicitud de Bonificaci\u00f3n deber\u00e1n estar documentadas para su posterior comprobaci\u00f3n si llegara el caso. La documentaci\u00f3n acreditativa correspondiente a cada circunstancia puede consultarse en el ANEXO I<\/p>\n<p>Excepcionalmente, con respecto a la consulta de documentaci\u00f3n no aportada que ya se encuentre en poder de la Administraci\u00f3n, si las Administraciones P\u00fablicas no pudieran recabar los citados documentos, podr\u00e1n solicitar nuevamente al interesado su aportaci\u00f3n.<\/p>\n<p>Los datos referidos a tutela de la Administraci\u00f3n, violencia de g\u00e9nero, v\u00edctimas del terrorismo y transporte se actualizar\u00e1n desde la pantalla de admisi\u00f3n. La informaci\u00f3n correspondiente a dificultad social extrema o SYGA se actualizar\u00e1 cuando el alumnado sea grabado como tal a partir de las certificaciones aportadas por los Servicios Sociales Comunitarios para el curso 23\/24. En este caso, si esta informaci\u00f3n se registra a lo largo del curso, la Delegaci\u00f3n Territorial correspondiente emitir\u00e1 una modificaci\u00f3n a la resoluci\u00f3n definitiva firmada por la persona titular de dicha Delegaci\u00f3n donde se refleje el c\u00e1lculo actualizado de las bonificaciones, que ser\u00e1n tambi\u00e9n comunicadas por el centro a las familias mediante notificaci\u00f3n individual.<\/p>\n<p>6) En el momento en el que los usuarios sean declarados como SYGAs en S\u00e9neca por parte de los centros se les asignar\u00e1 autom\u00e1ticamente 100% de bonificaci\u00f3n en el servicio de comedor escolar. Para el resto de servicios se asignar\u00e1 la bonificaci\u00f3n que corresponda.<\/p>\n<p>De acuerdo con lo establecido en el art\u00edculo 25.3 de la Orden de 17 de abril de 2017, no se tendr\u00e1 derecho a bonificaci\u00f3n cuando se constate que alguno de los datos aportados sea falso.<\/p>\n<p>7) Solo podr\u00e1 grabarse una solicitud de bonificaci\u00f3n\/gratuidad para cada alumno\/a.<\/p>\n<p>&nbsp;<\/p>\n<p>&nbsp;<\/p>\n<table width=\"572\">\n<tbody>\n<tr>\n<td colspan=\"2\" width=\"572\"><strong>Fechas previstas<\/strong><\/td>\n<\/tr>\n<tr>\n<td width=\"106\">A partir del 2 de&nbsp; Octubre<\/td>\n<td width=\"466\"><strong>Listado de bonificaciones provisionales: a partir del 2 de octubre.<\/strong><\/p>\n<p>Comunicaci\u00f3n de la direcci\u00f3n del centro a los solicitantes, de las bonificaciones e incidencias de las solicitudes, con indicaci\u00f3n del plazo de alegaciones mediante la publicaci\u00f3n en el tabl\u00f3n de anuncios del centro \u201cLISTADO DE BONIFICACIONES PROVISIONALES\u201d (sin incidencias).<\/p>\n<p>En este listado se asignar\u00e1 bonificaci\u00f3n 0 a todas las solicitudes que presenten incidencias en el \u201cLISTADO DE PERSONAS SOLICITANTES CON ALGUNA INCIDENCIA\u201d, que no es publicable.<\/p>\n<p>El plazo de&nbsp;<u>alegaciones<\/u>&nbsp;ser\u00e1 de&nbsp;<u>diez d\u00edas h\u00e1biles,<\/u>&nbsp;ante la direcci\u00f3n del centro. Las direcciones de los centros desestimar\u00e1n todas las alegaciones que se realicen fuera de los plazos establecidos. Fuera del plazo de alegaciones, las recibidas ser\u00e1n denegadas por fuera de plazo.<\/p>\n<p>La notificaci\u00f3n a las familia ser\u00e1 individual,&nbsp;<strong>con acuse de recibo, obligatorio para que la notificaci\u00f3n tenga validez jur\u00eddica en caso de presentar recurso.<\/strong><\/td>\n<\/tr>\n<tr>\n<td width=\"106\">A partir del 20 de&nbsp; Octubre<\/td>\n<td width=\"466\"><strong>Comunicaci\u00f3n de bonificaciones definitivas: a partir del 20 de octubre (siempre con posterioridad a la firma de la correspondiente resoluci\u00f3n por las personas titulares de la Delegaciones Territoriales.<\/strong><\/p>\n<p>&nbsp;<\/p>\n<p>Comunicaci\u00f3n individualizada de las bonificaciones definitivas&nbsp;otorgadas por resoluci\u00f3n de la persona titular de la Delegaci\u00f3n Territorial.<\/p>\n<p>El plazo del&nbsp;<u>recurso de reposici\u00f3n ser\u00e1 de un mes<\/u>, a partir de la fecha de notificaci\u00f3n, ante la persona titular de la Delegaci\u00f3n Territorial.<\/p>\n<p>Deber\u00e1 presentarse preferentemente en el centro: modelo proporcionado por el centro, copia de la solicitud y recib\u00ed de la comunicaci\u00f3n, firmada.<\/td>\n<\/tr>\n<\/tbody>\n<\/table>\n<p>&nbsp;<\/p>\n<table width=\"548\">\n<tbody>\n<tr>\n<td width=\"548\"><strong>Informaci\u00f3n&nbsp;<\/strong><\/td>\n<\/tr>\n<tr>\n<td width=\"548\"><u><a href=\"https:\/\/blogsaverroes.juntadeandalucia.es\/ceipborbolla\/files\/2023\/09\/Acreditaci\u00f3n-de-bonificaciones-23-24.pdf\">Acreditaci\u00f3n de bonificaciones 23-24<\/a><\/u><\/td>\n<\/tr>\n<tr>\n<td width=\"548\"><a href=\"https:\/\/blogsaverroes.juntadeandalucia.es\/ceipborbolla\/files\/2023\/09\/Precios-servicios-complementarios-2023.pdf\">Precios servicios complementarios 2023<\/a><\/td>\n<\/tr>\n<tr>\n<td width=\"548\"><a href=\"https:\/\/blogsaverroes.juntadeandalucia.es\/ceipborbolla\/files\/2023\/09\/Tabla-bonificaciones-23-24.pdf\">Tabla bonificaciones 23-24<\/a><\/td>\n<\/tr>\n<\/tbody>\n<\/table>\n<p>&nbsp;<\/p>\n<table>\n<tbody>\n<tr>\n<td style=\"text-align: center\"><span style=\"color: #0000ff\"><strong>Impresos&nbsp;<\/strong><\/span><\/td>\n<\/tr>\n<tr>\n<td style=\"text-align: center\"><a href=\"https:\/\/blogsaverroes.juntadeandalucia.es\/ceipborbolla\/files\/2023\/09\/Anexo-V-Bonificaci\u00f3n-servicios-complementarios.pdf\">Anexo V &#8211; Bonificaci\u00f3n servicios complementarios<\/a><\/td>\n<\/tr>\n<\/tbody>\n<\/table>\n","protected":false},"excerpt":{"rendered":"<p>&nbsp; 1) La solicitud de bonificaciones\/gratuidad deber\u00e1 realizarse del 1 al 7 de septiembre. &nbsp; 2) Las solicitudes de bonificaci\u00f3n podr\u00e1n realizarse telem\u00e1ticamente a trav\u00e9s de la Secretar\u00eda Virtual. Las personas solicitantes dispondr\u00e1n de&#46;&#46;&#46;<\/p>\n","protected":false},"author":2371,"featured_media":0,"parent":0,"menu_order":0,"comment_status":"closed","ping_status":"closed","template":"","meta":{"ngg_post_thumbnail":0,"footnotes":"","_mc_calendar":[]},"aioseo_notices":[],"_links":{"self":[{"href":"https:\/\/blogsaverroes.juntadeandalucia.es\/ceipborbolla\/wp-json\/wp\/v2\/pages\/4412"}],"collection":[{"href":"https:\/\/blogsaverroes.juntadeandalucia.es\/ceipborbolla\/wp-json\/wp\/v2\/pages"}],"about":[{"href":"https:\/\/blogsaverroes.juntadeandalucia.es\/ceipborbolla\/wp-json\/wp\/v2\/types\/page"}],"author":[{"embeddable":true,"href":"https:\/\/blogsaverroes.juntadeandalucia.es\/ceipborbolla\/wp-json\/wp\/v2\/users\/2371"}],"replies":[{"embeddable":true,"href":"https:\/\/blogsaverroes.juntadeandalucia.es\/ceipborbolla\/wp-json\/wp\/v2\/comments?post=4412"}],"version-history":[{"count":30,"href":"https:\/\/blogsaverroes.juntadeandalucia.es\/ceipborbolla\/wp-json\/wp\/v2\/pages\/4412\/revisions"}],"predecessor-version":[{"id":9098,"href":"https:\/\/blogsaverroes.juntadeandalucia.es\/ceipborbolla\/wp-json\/wp\/v2\/pages\/4412\/revisions\/9098"}],"wp:attachment":[{"href":"https:\/\/blogsaverroes.juntadeandalucia.es\/ceipborbolla\/wp-json\/wp\/v2\/media?parent=4412"}],"curies":[{"name":"wp","href":"https:\/\/api.w.org\/{rel}","templated":true}]}}

Bonificación de servicios complementarios 23-24

<p>&nbsp;</p>
<p style="text-align: justify">1) La solicitud de bonificaciones/gratuidad deberá realizarse del <span style="color: #0000ff"><strong>1 al 7 de septiembre.</strong> </span></p>
<p>&nbsp;</p>
<p style="text-align: justify">2) Las solicitudes de bonificación podrán realizarse <span style="color: #0000ff"><strong>telemáticamente a través de la Secretaría Virtual.</strong></span></p>
<p>Las personas solicitantes dispondrán de una consulta teletramitada personalizada</p>
<p style="text-align: center"><a href="https://www.juntadeandalucia.es/educacion/secretariavirtual/accesoTramite/462/" target="_blank" rel="noopener noreferrer">ACCESO</a></p>
<p>Dicha bonificación se realizará por todas las familias de los alumnos/as que hayan sido admitidos en alguno de los servicios complementarios solicitados.</p>
<p>&nbsp;</p>
<p>3) La dirección del centro deberá grabar en la pantalla Detalle de la solicitud los datos de <strong>todos los miembros de la unidad familiar, incluido el/la menor solicitante</strong>, considerada ésta conforme a lo que establece el artículo 24 de la Orden de 17 de abril de 2017 (ver aclaraciones y acreditaciones en el ANEXO I). Comprobará, por tanto, que en la solicitud de bonificación/gratuidad todos los miembros de la unidad familiar mayores de 16 años a fecha de 31 de diciembre de 2022, identificados por su NIF o NIE, han autorizado a la Consejería competente en materia deeducación para obtener de la AEAT la información de carácter tributario necesaria. No será posible la grabación de la solicitud si en la misma no figuran los datos completos de, al menos, un representante legal de la persona solicitante.</p>
<p>En ausencia de alguna de las autorizaciones o NIF/NIE de los mayores de 16 años, el sistema marcará el check Algún miembro de la unidad familiar mayor de 16 años no ha firmado su autorización para obtener de la AEAT la información de carácter tributario o falta grabar DNI/NIE. En este caso el sistema de información Séneca le asignará bonificación 0. La forma de proceder por parte del centro en este caso se describe en las incidencias 8 y 9 del ANEXO II.</p>
<p>4) Todos los datos, tanto de ingresos como de situaciones familiares o miembros de la unidad familiar, estarán referidos a 31 de diciembre de 2022. De esta forma, el sistema no permitirá la grabación de nacidos con posterioridad al día indicado.</p>
<p>NOTA: Las personas no obligadas a la presentación de este impuesto pueden beneficiarse de determinadas deducciones autonómicas o estatales que disminuyen los ingresos a computar por el hecho de presentar la declaración de IRPF de forma voluntaria, no aplicándose estas deducciones en el caso de aportar un certificado de imputaciones, es decir, en el caso de no presentar de forma voluntaria la renta.</p>
<p>5) Todas las circunstancias que figuran en el apartado Solicitud de Bonificación deberán estar documentadas para su posterior comprobación si llegara el caso. La documentación acreditativa correspondiente a cada circunstancia puede consultarse en el ANEXO I</p>
<p>Excepcionalmente, con respecto a la consulta de documentación no aportada que ya se encuentre en poder de la Administración, si las Administraciones Públicas no pudieran recabar los citados documentos, podrán solicitar nuevamente al interesado su aportación.</p>
<p>Los datos referidos a tutela de la Administración, violencia de género, víctimas del terrorismo y transporte se actualizarán desde la pantalla de admisión. La información correspondiente a dificultad social extrema o SYGA se actualizará cuando el alumnado sea grabado como tal a partir de las certificaciones aportadas por los Servicios Sociales Comunitarios para el curso 23/24. En este caso, si esta información se registra a lo largo del curso, la Delegación Territorial correspondiente emitirá una modificación a la resolución definitiva firmada por la persona titular de dicha Delegación donde se refleje el cálculo actualizado de las bonificaciones, que serán también comunicadas por el centro a las familias mediante notificación individual.</p>
<p>6) En el momento en el que los usuarios sean declarados como SYGAs en Séneca por parte de los centros se les asignará automáticamente 100% de bonificación en el servicio de comedor escolar. Para el resto de servicios se asignará la bonificación que corresponda.</p>
<p>De acuerdo con lo establecido en el artículo 25.3 de la Orden de 17 de abril de 2017, no se tendrá derecho a bonificación cuando se constate que alguno de los datos aportados sea falso.</p>
<p>7) Solo podrá grabarse una solicitud de bonificación/gratuidad para cada alumno/a.</p>
<p>&nbsp;</p>
<p>&nbsp;</p>
<table width="572">
<tbody>
<tr>
<td colspan="2" width="572"><strong>Fechas previstas</strong></td>
</tr>
<tr>
<td width="106">A partir del 2 de&nbsp; Octubre</td>
<td width="466"><strong>Listado de bonificaciones provisionales: a partir del 2 de octubre.</strong></p>
<p>Comunicación de la dirección del centro a los solicitantes, de las bonificaciones e incidencias de las solicitudes, con indicación del plazo de alegaciones mediante la publicación en el tablón de anuncios del centro “LISTADO DE BONIFICACIONES PROVISIONALES” (sin incidencias).</p>
<p>En este listado se asignará bonificación 0 a todas las solicitudes que presenten incidencias en el “LISTADO DE PERSONAS SOLICITANTES CON ALGUNA INCIDENCIA”, que no es publicable.</p>
<p>El plazo de&nbsp;<u>alegaciones</u>&nbsp;será de&nbsp;<u>diez días hábiles,</u>&nbsp;ante la dirección del centro. Las direcciones de los centros desestimarán todas las alegaciones que se realicen fuera de los plazos establecidos. Fuera del plazo de alegaciones, las recibidas serán denegadas por fuera de plazo.</p>
<p>La notificación a las familia será individual,&nbsp;<strong>con acuse de recibo, obligatorio para que la notificación tenga validez jurídica en caso de presentar recurso.</strong></td>
</tr>
<tr>
<td width="106">A partir del 20 de&nbsp; Octubre</td>
<td width="466"><strong>Comunicación de bonificaciones definitivas: a partir del 20 de octubre (siempre con posterioridad a la firma de la correspondiente resolución por las personas titulares de la Delegaciones Territoriales.</strong></p>
<p>&nbsp;</p>
<p>Comunicación individualizada de las bonificaciones definitivas&nbsp;otorgadas por resolución de la persona titular de la Delegación Territorial.</p>
<p>El plazo del&nbsp;<u>recurso de reposición será de un mes</u>, a partir de la fecha de notificación, ante la persona titular de la Delegación Territorial.</p>
<p>Deberá presentarse preferentemente en el centro: modelo proporcionado por el centro, copia de la solicitud y recibí de la comunicación, firmada.</td>
</tr>
</tbody>
</table>
<p>&nbsp;</p>
<table width="548">
<tbody>
<tr>
<td width="548"><strong>Información&nbsp;</strong></td>
</tr>
<tr>
<td width="548"><u><a href="https://blogsaverroes.juntadeandalucia.es/ceipborbolla/files/2023/09/Acreditación-de-bonificaciones-23-24.pdf">Acreditación de bonificaciones 23-24</a></u></td>
</tr>
<tr>
<td width="548"><a href="https://blogsaverroes.juntadeandalucia.es/ceipborbolla/files/2023/09/Precios-servicios-complementarios-2023.pdf">Precios servicios complementarios 2023</a></td>
</tr>
<tr>
<td width="548"><a href="https://blogsaverroes.juntadeandalucia.es/ceipborbolla/files/2023/09/Tabla-bonificaciones-23-24.pdf">Tabla bonificaciones 23-24</a></td>
</tr>
</tbody>
</table>
<p>&nbsp;</p>
<table>
<tbody>
<tr>
<td style="text-align: center"><span style="color: #0000ff"><strong>Impresos&nbsp;</strong></span></td>
</tr>
<tr>
<td style="text-align: center"><a href="https://blogsaverroes.juntadeandalucia.es/ceipborbolla/files/2023/09/Anexo-V-Bonificación-servicios-complementarios.pdf">Anexo V &#8211; Bonificación servicios complementarios</a></td>
</tr>
</tbody>
</table>

<p>&nbsp; 1) La solicitud de bonificaciones/gratuidad deberá realizarse del 1 al 7 de septiembre. &nbsp; 2) Las solicitudes de bonificación podrán realizarse telemáticamente a través de la Secretaría Virtual. Las personas solicitantes dispondrán de&#46;&#46;&#46;</p>
