{"id":4634,"date":"2018-10-30T21:56:53","date_gmt":"2018-10-30T20:56:53","guid":{"rendered":"https:\/\/blogsaverroes.juntadeandalucia.es\/ceipborbolla\/?page_id=4634"},"modified":"2018-10-31T20:36:29","modified_gmt":"2018-10-31T19:36:29","slug":"actividades-del-centro","status":"publish","type":"page","link":"https:\/\/blogsaverroes.juntadeandalucia.es\/ceipborbolla\/actividades-del-centro\/","title":{"rendered":"Actividades del centro"},"content":{"rendered":"<p class=\"box_abstract\" style=\"text-align: justify\">Todas las actividades educativas que se llevan a cabo en el colegio tienen como objetivo el&nbsp;<strong>desarrollo y el crecimiento de la persona<\/strong>&nbsp;en todas sus facetas. &nbsp;<\/p>\n<p class=\"box_abstract\" style=\"text-align: justify\">Son&nbsp;<strong>actividades educativas propias<\/strong>&nbsp;<strong>del centro<\/strong>, que forman parte de nuestra jornada escolar y las desarrollamos a nivel de colegio, de etapa o de clase, en funci\u00f3n de cada una.<\/p>\n<p style=\"text-align: justify\">Permiten una mayor participaci\u00f3n de la comunidad educativa en la gesti\u00f3n, organizaci\u00f3n y realizaci\u00f3n de las actividades, desarrollando valores relacionados con la socializaci\u00f3n, la participaci\u00f3n y la cooperaci\u00f3n.<\/p>\n<p style=\"text-align: justify\">Promueven en el alumno un sentimiento de pertenencia al centro y al grupo, ayudan a conseguir que adquieran una mayor autonom\u00eda y responsabilidad en la organizaci\u00f3n de su tiempo libre, favoreciendo la autoestima en nuestros alumno\/as.<\/p>\n<p style=\"text-align: justify\">Por todo ello, estas actividades deben tener su lugar dentro de la vida de nuestro Centro educativo, integr\u00e1ndose adecuadamente en el conjunto de las actividades educativas y facilitando la participaci\u00f3n de los distintos sectores de la comunidad educativa en su elecci\u00f3n, organizaci\u00f3n, desarrollo y evaluaci\u00f3n.<\/p>\n","protected":false},"excerpt":{"rendered":"<p>Todas las actividades educativas que se llevan a cabo en el colegio tienen como objetivo el&nbsp;desarrollo y el crecimiento de la persona&nbsp;en todas sus facetas. &nbsp; Son&nbsp;actividades educativas propias&nbsp;del centro, que forman parte de&#46;&#46;&#46;<\/p>\n","protected":false},"author":2371,"featured_media":0,"parent":0,"menu_order":0,"comment_status":"closed","ping_status":"closed","template":"","meta":{"ngg_post_thumbnail":0,"footnotes":"","_mc_calendar":[]},"aioseo_notices":[],"_links":{"self":[{"href":"https:\/\/blogsaverroes.juntadeandalucia.es\/ceipborbolla\/wp-json\/wp\/v2\/pages\/4634"}],"collection":[{"href":"https:\/\/blogsaverroes.juntadeandalucia.es\/ceipborbolla\/wp-json\/wp\/v2\/pages"}],"about":[{"href":"https:\/\/blogsaverroes.juntadeandalucia.es\/ceipborbolla\/wp-json\/wp\/v2\/types\/page"}],"author":[{"embeddable":true,"href":"https:\/\/blogsaverroes.juntadeandalucia.es\/ceipborbolla\/wp-json\/wp\/v2\/users\/2371"}],"replies":[{"embeddable":true,"href":"https:\/\/blogsaverroes.juntadeandalucia.es\/ceipborbolla\/wp-json\/wp\/v2\/comments?post=4634"}],"version-history":[{"count":7,"href":"https:\/\/blogsaverroes.juntadeandalucia.es\/ceipborbolla\/wp-json\/wp\/v2\/pages\/4634\/revisions"}],"predecessor-version":[{"id":4658,"href":"https:\/\/blogsaverroes.juntadeandalucia.es\/ceipborbolla\/wp-json\/wp\/v2\/pages\/4634\/revisions\/4658"}],"wp:attachment":[{"href":"https:\/\/blogsaverroes.juntadeandalucia.es\/ceipborbolla\/wp-json\/wp\/v2\/media?parent=4634"}],"curies":[{"name":"wp","href":"https:\/\/api.w.org\/{rel}","templated":true}]}}