{"id":4682,"date":"2018-10-31T21:59:05","date_gmt":"2018-10-31T20:59:05","guid":{"rendered":"https:\/\/blogsaverroes.juntadeandalucia.es\/ceipborbolla\/?page_id=4682"},"modified":"2022-05-02T09:19:04","modified_gmt":"2022-05-02T08:19:04","slug":"dia-de-la-paz","status":"publish","type":"page","link":"https:\/\/blogsaverroes.juntadeandalucia.es\/ceipborbolla\/dia-de-la-paz\/","title":{"rendered":"D\u00eda de la Paz"},"content":{"rendered":"<div style=\"text-align: justify\">La celebraci\u00f3n del <strong><span style=\"color: #008000\">D\u00eda Escolar de la No-violencia y la Paz<\/span><\/strong> se inici\u00f3 en 1964 como una iniciativa no gubernamental e independiente del profesor espa\u00f1ol Lloren\u00e7 Vidal. Su objetivo era la educaci\u00f3n en y para la tolerancia, la solidaridad, la concordia, el respeto a los derechos humanos, la no-violencia y la paz.<\/div>\n<div>&nbsp;<\/div>\n<div style=\"text-align: justify\">El d\u00eda elegido fue el 30 de enero, fecha que coincide con el aniversario de la muerte del Mahatma Gandhi, reconocido por la UNESCO en 1993.<\/div>\n<div style=\"text-align: justify\">&nbsp;<\/div>\n<div style=\"text-align: justify\">En este d\u00eda, los colegios nos convertimos en instrumentos de paz y entendimiento entre las personas de distinta formaci\u00f3n, raza, cultura y religi\u00f3n. Nuestros alumnos&nbsp;y alumnas&nbsp;de Infantil y Primaria disfrutan de esta celebraci\u00f3n la ma\u00f1ana del 30&nbsp;de enero con diferentes actividades en el aula y en el patio ( intercambio de abrazos y mensajes de paz, canciones, mensajes&#8230;.)<\/div>\n<div style=\"text-align: center\">&nbsp;<\/div>\n<div style=\"text-align: center\">\n<table style=\"height: 502px\" width=\"731\">\n<tbody>\n<tr>\n<td style=\"width: 419px\"><iframe loading=\"lazy\" src=\"https:\/\/blogsaverroes.juntadeandalucia.es\/ceipborbolla\/files\/2019\/02\/Poes\u00eda-paz-1.pdf\" width=\"300\" height=\"410\"><\/iframe><\/td>\n<td style=\"width: 419px\"><iframe loading=\"lazy\" src=\"https:\/\/blogsaverroes.juntadeandalucia.es\/ceipborbolla\/files\/2019\/02\/Poes\u00eda-paz-2.pdf\" width=\"300\" height=\"410\"><\/iframe><\/td>\n<\/tr>\n<\/tbody>\n<\/table>\n<\/div>\n<p style=\"text-align: center\">&nbsp;<\/p>\n<table>\n<tbody>\n<tr>\n<td style=\"text-align: center\"><a href=\"https:\/\/blogsaverroes.juntadeandalucia.es\/ceipborbolla\/galeria-2018-19\/\" target=\"_blank\" rel=\"noopener noreferrer\">curso 18-19<\/a><\/p>\n<p><a href=\"https:\/\/photos.app.goo.gl\/RAKgfRGMMU3L9xQL8\" target=\"_blank\" rel=\"noopener noreferrer\">curso 18-19<\/a><\/td>\n<td style=\"text-align: center\"><a href=\"https:\/\/photos.app.goo.gl\/doHh2eTbdFKyQ6Qu7\" target=\"_blank\" rel=\"noopener noreferrer\">curso 19-20<\/a><\/td>\n<\/tr>\n<tr>\n<td style=\"text-align: center\"><a href=\"https:\/\/photos.app.goo.gl\/rgUveeiTSnCvxJox6\" target=\"_blank\" rel=\"noopener noreferrer\">curso 20-21<\/a><\/td>\n<td style=\"text-align: center\"><a href=\"https:\/\/blogsaverroes.juntadeandalucia.es\/ceipborbolla\/curso-2021-2022\/\" target=\"_blank\" rel=\"noopener noreferrer\">Curso 21-22<\/a><\/td>\n<\/tr>\n<\/tbody>\n<\/table>\n<p style=\"text-align: center\">&nbsp;<\/p>\n<div style=\"text-align: justify\">&nbsp;<\/div>\n","protected":false},"excerpt":{"rendered":"<p>La celebraci\u00f3n del D\u00eda Escolar de la No-violencia y la Paz se inici\u00f3 en 1964 como una iniciativa no gubernamental e independiente del profesor espa\u00f1ol Lloren\u00e7 Vidal. Su objetivo era la educaci\u00f3n en y&#46;&#46;&#46;<\/p>\n","protected":false},"author":2371,"featured_media":0,"parent":0,"menu_order":0,"comment_status":"closed","ping_status":"closed","template":"","meta":{"ngg_post_thumbnail":0,"footnotes":"","_mc_calendar":[]},"aioseo_notices":[],"_links":{"self":[{"href":"https:\/\/blogsaverroes.juntadeandalucia.es\/ceipborbolla\/wp-json\/wp\/v2\/pages\/4682"}],"collection":[{"href":"https:\/\/blogsaverroes.juntadeandalucia.es\/ceipborbolla\/wp-json\/wp\/v2\/pages"}],"about":[{"href":"https:\/\/blogsaverroes.juntadeandalucia.es\/ceipborbolla\/wp-json\/wp\/v2\/types\/page"}],"author":[{"embeddable":true,"href":"https:\/\/blogsaverroes.juntadeandalucia.es\/ceipborbolla\/wp-json\/wp\/v2\/users\/2371"}],"replies":[{"embeddable":true,"href":"https:\/\/blogsaverroes.juntadeandalucia.es\/ceipborbolla\/wp-json\/wp\/v2\/comments?post=4682"}],"version-history":[{"count":14,"href":"https:\/\/blogsaverroes.juntadeandalucia.es\/ceipborbolla\/wp-json\/wp\/v2\/pages\/4682\/revisions"}],"predecessor-version":[{"id":8357,"href":"https:\/\/blogsaverroes.juntadeandalucia.es\/ceipborbolla\/wp-json\/wp\/v2\/pages\/4682\/revisions\/8357"}],"wp:attachment":[{"href":"https:\/\/blogsaverroes.juntadeandalucia.es\/ceipborbolla\/wp-json\/wp\/v2\/media?parent=4682"}],"curies":[{"name":"wp","href":"https:\/\/api.w.org\/{rel}","templated":true}]}}

Día de la Paz

<div style="text-align: justify">La celebración del <strong><span style="color: #008000">Día Escolar de la No-violencia y la Paz</span></strong> se inició en 1964 como una iniciativa no gubernamental e independiente del profesor español Llorenç Vidal. Su objetivo era la educación en y para la tolerancia, la solidaridad, la concordia, el respeto a los derechos humanos, la no-violencia y la paz.</div>
<div>&nbsp;</div>
<div style="text-align: justify">El día elegido fue el 30 de enero, fecha que coincide con el aniversario de la muerte del Mahatma Gandhi, reconocido por la UNESCO en 1993.</div>
<div style="text-align: justify">&nbsp;</div>
<div style="text-align: justify">En este día, los colegios nos convertimos en instrumentos de paz y entendimiento entre las personas de distinta formación, raza, cultura y religión. Nuestros alumnos&nbsp;y alumnas&nbsp;de Infantil y Primaria disfrutan de esta celebración la mañana del 30&nbsp;de enero con diferentes actividades en el aula y en el patio ( intercambio de abrazos y mensajes de paz, canciones, mensajes&#8230;.)</div>
<div style="text-align: center">&nbsp;</div>
<div style="text-align: center">
<table style="height: 502px" width="731">
<tbody>
<tr>
<td style="width: 419px"><iframe loading="lazy" src="https://blogsaverroes.juntadeandalucia.es/ceipborbolla/files/2019/02/Poesía-paz-1.pdf" width="300" height="410"></iframe></td>
<td style="width: 419px"><iframe loading="lazy" src="https://blogsaverroes.juntadeandalucia.es/ceipborbolla/files/2019/02/Poesía-paz-2.pdf" width="300" height="410"></iframe></td>
</tr>
</tbody>
</table>
</div>
<p style="text-align: center">&nbsp;</p>
<table>
<tbody>
<tr>
<td style="text-align: center"><a href="https://blogsaverroes.juntadeandalucia.es/ceipborbolla/galeria-2018-19/" target="_blank" rel="noopener noreferrer">curso 18-19</a></p>
<p><a href="https://photos.app.goo.gl/RAKgfRGMMU3L9xQL8" target="_blank" rel="noopener noreferrer">curso 18-19</a></td>
<td style="text-align: center"><a href="https://photos.app.goo.gl/doHh2eTbdFKyQ6Qu7" target="_blank" rel="noopener noreferrer">curso 19-20</a></td>
</tr>
<tr>
<td style="text-align: center"><a href="https://photos.app.goo.gl/rgUveeiTSnCvxJox6" target="_blank" rel="noopener noreferrer">curso 20-21</a></td>
<td style="text-align: center"><a href="https://blogsaverroes.juntadeandalucia.es/ceipborbolla/curso-2021-2022/" target="_blank" rel="noopener noreferrer">Curso 21-22</a></td>
</tr>
</tbody>
</table>
<p style="text-align: center">&nbsp;</p>
<div style="text-align: justify">&nbsp;</div>

<p>La celebración del Día Escolar de la No-violencia y la Paz se inició en 1964 como una iniciativa no gubernamental e independiente del profesor español Llorenç Vidal. Su objetivo era la educación en y&#46;&#46;&#46;</p>
