{"id":4684,"date":"2018-10-31T21:59:05","date_gmt":"2018-10-31T20:59:05","guid":{"rendered":"https:\/\/blogsaverroes.juntadeandalucia.es\/ceipborbolla\/?page_id=4684"},"modified":"2022-05-02T09:20:15","modified_gmt":"2022-05-02T08:20:15","slug":"dia-de-andalucia","status":"publish","type":"page","link":"https:\/\/blogsaverroes.juntadeandalucia.es\/ceipborbolla\/dia-de-andalucia\/","title":{"rendered":"D\u00eda de Andaluc\u00eda"},"content":{"rendered":"<div>&nbsp;<\/div>\n<div id=\"goog-ws-editor-toolbar-container\" style=\"text-align: justify\"><span style=\"color: #339966\"><b>El 28 de Febrero celebramos el&nbsp;D\u00eda de Andaluc\u00eda<\/b>,<\/span>&nbsp;fecha en la que&nbsp;se recuerda la aprobaci\u00f3n, por parte del pueblo andaluz, del refer\u00e9ndum de autonom\u00eda de la Comunidad Aut\u00f3noma,&nbsp;en el a\u00f1o 1.980.<br \/>\nPosteriormente, el Parlamento andaluz aprob\u00f3&nbsp;en 1983, de&nbsp;forma un\u00e1nime, que se reconociera a&nbsp;<i>Blas Infante,&nbsp;<\/i>quien compuso la letra del himno de Andaluc\u00eda,&nbsp;como \u00abPadre de la Patria Andaluza\u00bb.&nbsp;<\/div>\n<div>&nbsp;<\/div>\n<div style=\"text-align: justify\">\n<p>Durante esa semana se realizan en el cole distintas actividades para celebrar este D\u00eda de nuestra Comunidad, mediante:<\/p>\n<ul>\n<li>Actividades en las que el alumnado descubre la riqueza cultural, econ\u00f3mica, territorial e hist\u00f3rica de Andaluc\u00eda.<\/li>\n<li>Trabajo en clase de aspectos relacionados con la Cultura Andaluza y con personajes importantes de la historia de Andaluc\u00eda.<\/li>\n<\/ul>\n<\/div>\n<div style=\"text-align: justify\">\n<p>Para festejar este d\u00eda se preparan una serie de actos conjuntos en el colegio:&nbsp;<\/p>\n<ul>\n<li>Recitado de poes\u00edas<\/li>\n<li>Himno de Andaluc\u00eda. Los alumnos de sexto interpretan el himno con la flauta, entonada por el alumnado del centro.<\/li>\n<li>Baile por sevillanas<\/li>\n<li>Juegos colectivos cooperativos en el patio<br \/>\n<h3>&nbsp;<\/h3>\n<p>Como siempre, nuestra <strong><span style=\"color: #339966\">AMPA<\/span> <\/strong>prepara un delicioso desayuno andaluz. Gracias a la excelente labor que realizan junto con el resto de padres y madres colaboradores, ense\u00f1an a los ni\u00f1os y ni\u00f1as del colegio la<b style=\"text-align: start\">&nbsp;riqueza gastron\u00f3mica<\/b><span style=\"text-align: start\">&nbsp;de nuestra tierra, as\u00ed como la importancia de alimentarse de manera&nbsp;<\/span><b style=\"text-align: start\">saludable<\/b><span style=\"text-align: start\">.<\/span><\/p>\n<p>&nbsp;<\/p>\n<p>&nbsp;<\/p>\n<table style=\"width: 73.8577%;height: 155px\">\n<tbody>\n<tr style=\"height: 94px\">\n<td style=\"width: 207px;height: 94px\">\n<div style=\"text-align: center\">&nbsp;<a href=\"https:\/\/blogsaverroes.juntadeandalucia.es\/ceipborbolla\/galeria-2018-19\/\" target=\"_blank\" rel=\"noopener noreferrer\">Visita nuestra galer\u00eda fotogr\u00e1fica 18-19<\/a><\/div>\n<div style=\"font-size: 15px;text-align: start\">&nbsp;<\/div>\n<div style=\"text-align: center\"><a href=\"https:\/\/photos.app.goo.gl\/GXEUgixmEtUCMb3B6\" target=\"_blank\" rel=\"noopener noreferrer\">Visita nuestro \u00e1lbum 18-19<\/a><\/div>\n<\/td>\n<td style=\"width: 179.26px;text-align: center;height: 94px\"><a href=\"https:\/\/photos.app.goo.gl\/kz1FS2AwEkx6cG1PA\" target=\"_blank\" rel=\"noopener noreferrer\">curso 19-20<\/a><\/td>\n<\/tr>\n<tr style=\"height: 61px\">\n<td style=\"width: 207px;height: 61px\">\n<div style=\"text-align: center\"><a href=\"https:\/\/photos.app.goo.gl\/rKLqbM4irU5WnC8k7\" target=\"_blank\" rel=\"noopener noreferrer\">curso 20-21<\/a><\/div>\n<\/td>\n<td style=\"width: 179.26px;text-align: center;height: 61px\"><a href=\"https:\/\/blogsaverroes.juntadeandalucia.es\/ceipborbolla\/curso-2021-2022\/\" target=\"_blank\" rel=\"noopener noreferrer\">Curso 21-22<\/a><\/td>\n<\/tr>\n<\/tbody>\n<\/table>\n<\/li>\n<\/ul>\n<\/div>\n<div>&nbsp;<\/div>\n","protected":false},"excerpt":{"rendered":"<p>&nbsp; El 28 de Febrero celebramos el&nbsp;D\u00eda de Andaluc\u00eda,&nbsp;fecha en la que&nbsp;se recuerda la aprobaci\u00f3n, por parte del pueblo andaluz, del refer\u00e9ndum de autonom\u00eda de la Comunidad Aut\u00f3noma,&nbsp;en el a\u00f1o 1.980. Posteriormente, el Parlamento&#46;&#46;&#46;<\/p>\n","protected":false},"author":2371,"featured_media":0,"parent":0,"menu_order":0,"comment_status":"closed","ping_status":"closed","template":"","meta":{"ngg_post_thumbnail":0,"footnotes":"","_mc_calendar":[]},"aioseo_notices":[],"_links":{"self":[{"href":"https:\/\/blogsaverroes.juntadeandalucia.es\/ceipborbolla\/wp-json\/wp\/v2\/pages\/4684"}],"collection":[{"href":"https:\/\/blogsaverroes.juntadeandalucia.es\/ceipborbolla\/wp-json\/wp\/v2\/pages"}],"about":[{"href":"https:\/\/blogsaverroes.juntadeandalucia.es\/ceipborbolla\/wp-json\/wp\/v2\/types\/page"}],"author":[{"embeddable":true,"href":"https:\/\/blogsaverroes.juntadeandalucia.es\/ceipborbolla\/wp-json\/wp\/v2\/users\/2371"}],"replies":[{"embeddable":true,"href":"https:\/\/blogsaverroes.juntadeandalucia.es\/ceipborbolla\/wp-json\/wp\/v2\/comments?post=4684"}],"version-history":[{"count":15,"href":"https:\/\/blogsaverroes.juntadeandalucia.es\/ceipborbolla\/wp-json\/wp\/v2\/pages\/4684\/revisions"}],"predecessor-version":[{"id":8359,"href":"https:\/\/blogsaverroes.juntadeandalucia.es\/ceipborbolla\/wp-json\/wp\/v2\/pages\/4684\/revisions\/8359"}],"wp:attachment":[{"href":"https:\/\/blogsaverroes.juntadeandalucia.es\/ceipborbolla\/wp-json\/wp\/v2\/media?parent=4684"}],"curies":[{"name":"wp","href":"https:\/\/api.w.org\/{rel}","templated":true}]}}