{"id":5181,"date":"2018-11-29T11:44:58","date_gmt":"2018-11-29T10:44:58","guid":{"rendered":"https:\/\/blogsaverroes.juntadeandalucia.es\/ceipborbolla\/?page_id=5181"},"modified":"2022-05-02T09:16:19","modified_gmt":"2022-05-02T08:16:19","slug":"proyecto-aldea-huerto-escolar","status":"publish","type":"page","link":"https:\/\/blogsaverroes.juntadeandalucia.es\/ceipborbolla\/proyecto-aldea-huerto-escolar\/","title":{"rendered":"Proyecto Aldea: ecohuerto-recapacicla"},"content":{"rendered":"<p><a href=\"https:\/\/blogsaverroes.juntadeandalucia.es\/ceipborbolla\/files\/2018\/11\/Aldea.jpg\"><img loading=\"lazy\" decoding=\"async\" class=\"aligncenter wp-image-5180\" src=\"https:\/\/blogsaverroes.juntadeandalucia.es\/ceipborbolla\/files\/2018\/11\/Aldea.jpg\" alt=\"\" width=\"341\" height=\"351\" srcset=\"https:\/\/blogsaverroes.juntadeandalucia.es\/ceipborbolla\/files\/2018\/11\/Aldea.jpg 683w, https:\/\/blogsaverroes.juntadeandalucia.es\/ceipborbolla\/files\/2018\/11\/Aldea-291x300.jpg 291w, https:\/\/blogsaverroes.juntadeandalucia.es\/ceipborbolla\/files\/2018\/11\/Aldea-24x24.jpg 24w, https:\/\/blogsaverroes.juntadeandalucia.es\/ceipborbolla\/files\/2018\/11\/Aldea-36x36.jpg 36w, https:\/\/blogsaverroes.juntadeandalucia.es\/ceipborbolla\/files\/2018\/11\/Aldea-48x48.jpg 48w\" sizes=\"(max-width: 341px) 100vw, 341px\" \/><\/a><\/p>\n<h1 style=\"text-align: center\"><a href=\"https:\/\/blogsaverroes.juntadeandalucia.es\/ceipborbolla\/files\/2018\/11\/Proyecto-y-Plan-actuaci\u00f3n-Aldea-2018-2019.pdf\" target=\"_blank\" rel=\"noopener noreferrer\"><span style=\"color: #0000ff\">Proyecto Aldea: huerto escolar&nbsp; 2018-2019<\/span><\/a><\/h1>\n<p>&nbsp;<\/p>\n<h1 style=\"text-align: center\"><a href=\"https:\/\/blogsaverroes.juntadeandalucia.es\/ceipborbolla\/files\/2019\/12\/19-20-ceip-borbolla-PLAN-DE-ACTUACI\u00d3N-ECOHUERTO-Y-RECAPACICLA.pdf\" target=\"_blank\" rel=\"noopener noreferrer\">Proyecto Aldea: ecohuerto-recapacicla 2019-2020<\/a><\/h1>\n<p><a href=\"https:\/\/photos.google.com\/share\/AF1QipMHLv6ZYCtlaFREbTjsLqiErEgYt5XnPaK-iVZUg0DW0CUFyAX6-8_pXTLFbEk6EQ\/photo\/AF1QipMJxDTZuS6IYC75dkG3tJtCJH2FCLr6NrMFM-vp?key=a3hiRGF3YTQ2NEU2MVk5N1VTMVFFdllUeWdYd0RB\" target=\"_blank\" rel=\"noopener noreferrer\"><img loading=\"lazy\" decoding=\"async\" class=\"aligncenter wp-image-5415\" src=\"https:\/\/blogsaverroes.juntadeandalucia.es\/ceipborbolla\/files\/2019\/01\/Nuevo-Presentaci\u00f3n-de-Microsoft-Office-PowerPoint.jpg\" alt=\"\" width=\"421\" height=\"241\" srcset=\"https:\/\/blogsaverroes.juntadeandalucia.es\/ceipborbolla\/files\/2019\/01\/Nuevo-Presentaci\u00f3n-de-Microsoft-Office-PowerPoint.jpg 960w, https:\/\/blogsaverroes.juntadeandalucia.es\/ceipborbolla\/files\/2019\/01\/Nuevo-Presentaci\u00f3n-de-Microsoft-Office-PowerPoint-300x172.jpg 300w, https:\/\/blogsaverroes.juntadeandalucia.es\/ceipborbolla\/files\/2019\/01\/Nuevo-Presentaci\u00f3n-de-Microsoft-Office-PowerPoint-24x14.jpg 24w, https:\/\/blogsaverroes.juntadeandalucia.es\/ceipborbolla\/files\/2019\/01\/Nuevo-Presentaci\u00f3n-de-Microsoft-Office-PowerPoint-36x21.jpg 36w, https:\/\/blogsaverroes.juntadeandalucia.es\/ceipborbolla\/files\/2019\/01\/Nuevo-Presentaci\u00f3n-de-Microsoft-Office-PowerPoint-48x27.jpg 48w\" sizes=\"(max-width: 421px) 100vw, 421px\" \/><\/a><\/p>\n<p><a href=\"https:\/\/blogsaverroes.juntadeandalucia.es\/ceipborbolla\/files\/2019\/01\/Nacimiento-1.pdf\" target=\"_blank\" rel=\"noopener noreferrer\"><img loading=\"lazy\" decoding=\"async\" class=\"aligncenter wp-image-5466\" src=\"https:\/\/blogsaverroes.juntadeandalucia.es\/ceipborbolla\/files\/2019\/01\/Nacimiento-en-el-Ceip-Borbolla.jpg\" alt=\"\" width=\"419\" height=\"314\" srcset=\"https:\/\/blogsaverroes.juntadeandalucia.es\/ceipborbolla\/files\/2019\/01\/Nacimiento-en-el-Ceip-Borbolla.jpg 960w, https:\/\/blogsaverroes.juntadeandalucia.es\/ceipborbolla\/files\/2019\/01\/Nacimiento-en-el-Ceip-Borbolla-300x225.jpg 300w, https:\/\/blogsaverroes.juntadeandalucia.es\/ceipborbolla\/files\/2019\/01\/Nacimiento-en-el-Ceip-Borbolla-24x18.jpg 24w, https:\/\/blogsaverroes.juntadeandalucia.es\/ceipborbolla\/files\/2019\/01\/Nacimiento-en-el-Ceip-Borbolla-36x27.jpg 36w, https:\/\/blogsaverroes.juntadeandalucia.es\/ceipborbolla\/files\/2019\/01\/Nacimiento-en-el-Ceip-Borbolla-48x36.jpg 48w\" sizes=\"(max-width: 419px) 100vw, 419px\" \/><\/a><\/p>\n<p><a href=\"https:\/\/photos.google.com\/u\/2\/share\/AF1QipMHLv6ZYCtlaFREbTjsLqiErEgYt5XnPaK-iVZUg0DW0CUFyAX6-8_pXTLFbEk6EQ\/photo\/AF1QipNsP9iGJDW0oTrvqbFTKIrJRfnGYnsqlDk5BTMc?key=a3hiRGF3YTQ2NEU2MVk5N1VTMVFFdllUeWdYd0RB\" target=\"_blank\" rel=\"noopener noreferrer\"><img loading=\"lazy\" decoding=\"async\" class=\"aligncenter wp-image-5588\" src=\"https:\/\/blogsaverroes.juntadeandalucia.es\/ceipborbolla\/files\/2019\/02\/bancales.jpg\" alt=\"\" width=\"419\" height=\"314\"><\/a><\/p>\n<p style=\"text-align: center\"><a href=\"https:\/\/photos.google.com\/u\/2\/share\/AF1QipMHLv6ZYCtlaFREbTjsLqiErEgYt5XnPaK-iVZUg0DW0CUFyAX6-8_pXTLFbEk6EQ\/photo\/AF1QipMk6ZqHOHsiv4ZXTTtE0PpC2W-4KxgLsSvt2u2K?key=a3hiRGF3YTQ2NEU2MVk5N1VTMVFFdllUeWdYd0RB\" target=\"_blank\" rel=\"noopener noreferrer\"><img loading=\"lazy\" decoding=\"async\" class=\"aligncenter wp-image-5601\" src=\"https:\/\/blogsaverroes.juntadeandalucia.es\/ceipborbolla\/files\/2019\/02\/Proceso.jpg\" alt=\"\" width=\"421\" height=\"237\"><\/a><a href=\"https:\/\/photos.google.com\/u\/2\/share\/AF1QipMHLv6ZYCtlaFREbTjsLqiErEgYt5XnPaK-iVZUg0DW0CUFyAX6-8_pXTLFbEk6EQ\/photo\/AF1QipOwth0MULn0OLgEImRPSyZ_qxAhKAAPW4OhngJi?key=a3hiRGF3YTQ2NEU2MVk5N1VTMVFFdllUeWdYd0RB\"><img loading=\"lazy\" decoding=\"async\" class=\"aligncenter wp-image-5603\" src=\"https:\/\/blogsaverroes.juntadeandalucia.es\/ceipborbolla\/files\/2019\/02\/Sembrando-en-el-huerto.jpg\" alt=\"\" width=\"421\" height=\"237\"><\/a><\/p>\n<p>&nbsp;<\/p>\n<h1 style=\"text-align: center\">&nbsp;<\/h1>\n<table style=\"width: 566.879px\">\n<tbody>\n<tr>\n<td style=\"width: 260px\">\n<h2 style=\"text-align: center\"><a href=\"https:\/\/photos.app.goo.gl\/6eGAQyGKjLsoeN576\" target=\"_blank\" rel=\"noopener noreferrer\">Visita nuestra galer\u00eda 18-19<\/a><\/h2>\n<\/td>\n<td style=\"width: 265.879px\">\n<h2 style=\"text-align: center\"><a href=\"https:\/\/photos.app.goo.gl\/69oFKybgL3miMGzdA\" target=\"_blank\" rel=\"noopener noreferrer\">Visita nuestra galer\u00eda 19-20<\/a><\/h2>\n<\/td>\n<\/tr>\n<tr>\n<td style=\"width: 260px\">\n<h2 style=\"text-align: center\"><a href=\"https:\/\/blogsaverroes.juntadeandalucia.es\/ceipborbolla\/curso-2021-2022\/\" target=\"_blank\" rel=\"noopener noreferrer\">Visita nuestra galer\u00eda 21-22<\/a><\/h2>\n<\/td>\n<td style=\"width: 265.879px\">\n<h2 style=\"text-align: center\">&nbsp;<\/h2>\n<\/td>\n<\/tr>\n<\/tbody>\n<\/table>\n<p>&nbsp;<\/p>\n","protected":false},"excerpt":{"rendered":"<p>Proyecto Aldea: huerto escolar&nbsp; 2018-2019 &nbsp; Proyecto Aldea: ecohuerto-recapacicla 2019-2020 &nbsp; &nbsp; Visita nuestra galer\u00eda 18-19 Visita nuestra galer\u00eda 19-20 Visita nuestra galer\u00eda 21-22 &nbsp; &nbsp;<\/p>\n","protected":false},"author":2371,"featured_media":0,"parent":0,"menu_order":0,"comment_status":"closed","ping_status":"closed","template":"","meta":{"ngg_post_thumbnail":0,"footnotes":"","_mc_calendar":[]},"aioseo_notices":[],"_links":{"self":[{"href":"https:\/\/blogsaverroes.juntadeandalucia.es\/ceipborbolla\/wp-json\/wp\/v2\/pages\/5181"}],"collection":[{"href":"https:\/\/blogsaverroes.juntadeandalucia.es\/ceipborbolla\/wp-json\/wp\/v2\/pages"}],"about":[{"href":"https:\/\/blogsaverroes.juntadeandalucia.es\/ceipborbolla\/wp-json\/wp\/v2\/types\/page"}],"author":[{"embeddable":true,"href":"https:\/\/blogsaverroes.juntadeandalucia.es\/ceipborbolla\/wp-json\/wp\/v2\/users\/2371"}],"replies":[{"embeddable":true,"href":"https:\/\/blogsaverroes.juntadeandalucia.es\/ceipborbolla\/wp-json\/wp\/v2\/comments?post=5181"}],"version-history":[{"count":21,"href":"https:\/\/blogsaverroes.juntadeandalucia.es\/ceipborbolla\/wp-json\/wp\/v2\/pages\/5181\/revisions"}],"predecessor-version":[{"id":8354,"href":"https:\/\/blogsaverroes.juntadeandalucia.es\/ceipborbolla\/wp-json\/wp\/v2\/pages\/5181\/revisions\/8354"}],"wp:attachment":[{"href":"https:\/\/blogsaverroes.juntadeandalucia.es\/ceipborbolla\/wp-json\/wp\/v2\/media?parent=5181"}],"curies":[{"name":"wp","href":"https:\/\/api.w.org\/{rel}","templated":true}]}}

<p><a href="https://blogsaverroes.juntadeandalucia.es/ceipborbolla/files/2018/11/Aldea.jpg"><img loading="lazy" decoding="async" class="aligncenter wp-image-5180" src="https://blogsaverroes.juntadeandalucia.es/ceipborbolla/files/2018/11/Aldea.jpg" alt="" width="341" height="351" srcset="https://blogsaverroes.juntadeandalucia.es/ceipborbolla/files/2018/11/Aldea.jpg 683w, https://blogsaverroes.juntadeandalucia.es/ceipborbolla/files/2018/11/Aldea-291x300.jpg 291w, https://blogsaverroes.juntadeandalucia.es/ceipborbolla/files/2018/11/Aldea-24x24.jpg 24w, https://blogsaverroes.juntadeandalucia.es/ceipborbolla/files/2018/11/Aldea-36x36.jpg 36w, https://blogsaverroes.juntadeandalucia.es/ceipborbolla/files/2018/11/Aldea-48x48.jpg 48w" sizes="(max-width: 341px) 100vw, 341px" /></a></p>
<h1 style="text-align: center"><a href="https://blogsaverroes.juntadeandalucia.es/ceipborbolla/files/2018/11/Proyecto-y-Plan-actuación-Aldea-2018-2019.pdf" target="_blank" rel="noopener noreferrer"><span style="color: #0000ff">Proyecto Aldea: huerto escolar&nbsp; 2018-2019</span></a></h1>
<p>&nbsp;</p>
<h1 style="text-align: center"><a href="https://blogsaverroes.juntadeandalucia.es/ceipborbolla/files/2019/12/19-20-ceip-borbolla-PLAN-DE-ACTUACIÓN-ECOHUERTO-Y-RECAPACICLA.pdf" target="_blank" rel="noopener noreferrer">Proyecto Aldea: ecohuerto-recapacicla 2019-2020</a></h1>
<p><a href="https://photos.google.com/share/AF1QipMHLv6ZYCtlaFREbTjsLqiErEgYt5XnPaK-iVZUg0DW0CUFyAX6-8_pXTLFbEk6EQ/photo/AF1QipMJxDTZuS6IYC75dkG3tJtCJH2FCLr6NrMFM-vp?key=a3hiRGF3YTQ2NEU2MVk5N1VTMVFFdllUeWdYd0RB" target="_blank" rel="noopener noreferrer"><img loading="lazy" decoding="async" class="aligncenter wp-image-5415" src="https://blogsaverroes.juntadeandalucia.es/ceipborbolla/files/2019/01/Nuevo-Presentación-de-Microsoft-Office-PowerPoint.jpg" alt="" width="421" height="241" srcset="https://blogsaverroes.juntadeandalucia.es/ceipborbolla/files/2019/01/Nuevo-Presentación-de-Microsoft-Office-PowerPoint.jpg 960w, https://blogsaverroes.juntadeandalucia.es/ceipborbolla/files/2019/01/Nuevo-Presentación-de-Microsoft-Office-PowerPoint-300x172.jpg 300w, https://blogsaverroes.juntadeandalucia.es/ceipborbolla/files/2019/01/Nuevo-Presentación-de-Microsoft-Office-PowerPoint-24x14.jpg 24w, https://blogsaverroes.juntadeandalucia.es/ceipborbolla/files/2019/01/Nuevo-Presentación-de-Microsoft-Office-PowerPoint-36x21.jpg 36w, https://blogsaverroes.juntadeandalucia.es/ceipborbolla/files/2019/01/Nuevo-Presentación-de-Microsoft-Office-PowerPoint-48x27.jpg 48w" sizes="(max-width: 421px) 100vw, 421px" /></a></p>
<p><a href="https://blogsaverroes.juntadeandalucia.es/ceipborbolla/files/2019/01/Nacimiento-1.pdf" target="_blank" rel="noopener noreferrer"><img loading="lazy" decoding="async" class="aligncenter wp-image-5466" src="https://blogsaverroes.juntadeandalucia.es/ceipborbolla/files/2019/01/Nacimiento-en-el-Ceip-Borbolla.jpg" alt="" width="419" height="314" srcset="https://blogsaverroes.juntadeandalucia.es/ceipborbolla/files/2019/01/Nacimiento-en-el-Ceip-Borbolla.jpg 960w, https://blogsaverroes.juntadeandalucia.es/ceipborbolla/files/2019/01/Nacimiento-en-el-Ceip-Borbolla-300x225.jpg 300w, https://blogsaverroes.juntadeandalucia.es/ceipborbolla/files/2019/01/Nacimiento-en-el-Ceip-Borbolla-24x18.jpg 24w, https://blogsaverroes.juntadeandalucia.es/ceipborbolla/files/2019/01/Nacimiento-en-el-Ceip-Borbolla-36x27.jpg 36w, https://blogsaverroes.juntadeandalucia.es/ceipborbolla/files/2019/01/Nacimiento-en-el-Ceip-Borbolla-48x36.jpg 48w" sizes="(max-width: 419px) 100vw, 419px" /></a></p>
<p><a href="https://photos.google.com/u/2/share/AF1QipMHLv6ZYCtlaFREbTjsLqiErEgYt5XnPaK-iVZUg0DW0CUFyAX6-8_pXTLFbEk6EQ/photo/AF1QipNsP9iGJDW0oTrvqbFTKIrJRfnGYnsqlDk5BTMc?key=a3hiRGF3YTQ2NEU2MVk5N1VTMVFFdllUeWdYd0RB" target="_blank" rel="noopener noreferrer"><img loading="lazy" decoding="async" class="aligncenter wp-image-5588" src="https://blogsaverroes.juntadeandalucia.es/ceipborbolla/files/2019/02/bancales.jpg" alt="" width="419" height="314"></a></p>
<p style="text-align: center"><a href="https://photos.google.com/u/2/share/AF1QipMHLv6ZYCtlaFREbTjsLqiErEgYt5XnPaK-iVZUg0DW0CUFyAX6-8_pXTLFbEk6EQ/photo/AF1QipMk6ZqHOHsiv4ZXTTtE0PpC2W-4KxgLsSvt2u2K?key=a3hiRGF3YTQ2NEU2MVk5N1VTMVFFdllUeWdYd0RB" target="_blank" rel="noopener noreferrer"><img loading="lazy" decoding="async" class="aligncenter wp-image-5601" src="https://blogsaverroes.juntadeandalucia.es/ceipborbolla/files/2019/02/Proceso.jpg" alt="" width="421" height="237"></a><a href="https://photos.google.com/u/2/share/AF1QipMHLv6ZYCtlaFREbTjsLqiErEgYt5XnPaK-iVZUg0DW0CUFyAX6-8_pXTLFbEk6EQ/photo/AF1QipOwth0MULn0OLgEImRPSyZ_qxAhKAAPW4OhngJi?key=a3hiRGF3YTQ2NEU2MVk5N1VTMVFFdllUeWdYd0RB"><img loading="lazy" decoding="async" class="aligncenter wp-image-5603" src="https://blogsaverroes.juntadeandalucia.es/ceipborbolla/files/2019/02/Sembrando-en-el-huerto.jpg" alt="" width="421" height="237"></a></p>
<p>&nbsp;</p>
<h1 style="text-align: center">&nbsp;</h1>
<table style="width: 566.879px">
<tbody>
<tr>
<td style="width: 260px">
<h2 style="text-align: center"><a href="https://photos.app.goo.gl/6eGAQyGKjLsoeN576" target="_blank" rel="noopener noreferrer">Visita nuestra galería 18-19</a></h2>
</td>
<td style="width: 265.879px">
<h2 style="text-align: center"><a href="https://photos.app.goo.gl/69oFKybgL3miMGzdA" target="_blank" rel="noopener noreferrer">Visita nuestra galería 19-20</a></h2>
</td>
</tr>
<tr>
<td style="width: 260px">
<h2 style="text-align: center"><a href="https://blogsaverroes.juntadeandalucia.es/ceipborbolla/curso-2021-2022/" target="_blank" rel="noopener noreferrer">Visita nuestra galería 21-22</a></h2>
</td>
<td style="width: 265.879px">
<h2 style="text-align: center">&nbsp;</h2>
</td>
</tr>
</tbody>
</table>
<p>&nbsp;</p>

<p>Proyecto Aldea: huerto escolar&nbsp; 2018-2019 &nbsp; Proyecto Aldea: ecohuerto-recapacicla 2019-2020 &nbsp; &nbsp; Visita nuestra galería 18-19 Visita nuestra galería 19-20 Visita nuestra galería 21-22 &nbsp; &nbsp;</p>
