{"id":5884,"date":"2019-04-27T17:44:11","date_gmt":"2019-04-27T16:44:11","guid":{"rendered":"https:\/\/blogsaverroes.juntadeandalucia.es\/ceipborbolla\/?page_id=5884"},"modified":"2019-04-27T17:53:43","modified_gmt":"2019-04-27T16:53:43","slug":"5884-2","status":"publish","type":"page","link":"https:\/\/blogsaverroes.juntadeandalucia.es\/ceipborbolla\/5884-2\/","title":{"rendered":"Documentos y Publicaciones"},"content":{"rendered":"<p>&nbsp;<\/p>\n<table style=\"width: 588px\">\n<tbody>\n<tr style=\"height: 31px\">\n<td style=\"height: 31px;width: 158px\"><a href=\"http:\/\/www.juntadeandalucia.es\/educacion\/webportal\/web\/portal-de-plurilinguismo\" target=\"_blank\" rel=\"noopener\"><img loading=\"lazy\" decoding=\"async\" class=\"aligncenter wp-image-5783 size-full\" src=\"https:\/\/blogsaverroes.juntadeandalucia.es\/ceipborbolla\/files\/2019\/04\/Nombre.jpg\" alt=\"\" width=\"144\" height=\"101\" srcset=\"https:\/\/blogsaverroes.juntadeandalucia.es\/ceipborbolla\/files\/2019\/04\/Nombre.jpg 144w, https:\/\/blogsaverroes.juntadeandalucia.es\/ceipborbolla\/files\/2019\/04\/Nombre-24x17.jpg 24w, https:\/\/blogsaverroes.juntadeandalucia.es\/ceipborbolla\/files\/2019\/04\/Nombre-36x25.jpg 36w, https:\/\/blogsaverroes.juntadeandalucia.es\/ceipborbolla\/files\/2019\/04\/Nombre-48x34.jpg 48w\" sizes=\"(max-width: 144px) 100vw, 144px\" \/><\/a><\/td>\n<td style=\"height: 31px;width: 177px;text-align: center\"><a href=\"https:\/\/www.juntadeandalucia.es\/export\/drupaljda\/Guia_informativa_centros_ense%C3%B1anza_bilingue_.pdf\" target=\"_blank\" rel=\"noopener\"><img loading=\"lazy\" decoding=\"async\" class=\"aligncenter wp-image-5875\" src=\"https:\/\/blogsaverroes.juntadeandalucia.es\/ceipborbolla\/files\/2019\/04\/14007.jpg\" alt=\"\" width=\"188\" height=\"82\" srcset=\"https:\/\/blogsaverroes.juntadeandalucia.es\/ceipborbolla\/files\/2019\/04\/14007.jpg 239w, https:\/\/blogsaverroes.juntadeandalucia.es\/ceipborbolla\/files\/2019\/04\/14007-24x10.jpg 24w, https:\/\/blogsaverroes.juntadeandalucia.es\/ceipborbolla\/files\/2019\/04\/14007-36x16.jpg 36w, https:\/\/blogsaverroes.juntadeandalucia.es\/ceipborbolla\/files\/2019\/04\/14007-48x21.jpg 48w\" sizes=\"(max-width: 188px) 100vw, 188px\" \/><\/a><\/td>\n<td style=\"height: 31px;width: 190px;text-align: center\"><a href=\"http:\/\/www.juntadeandalucia.es\/educacion\/webportal\/web\/aicle\/secuencias-aicle\" target=\"_blank\" rel=\"noopener\"><img loading=\"lazy\" decoding=\"async\" class=\"aligncenter wp-image-5871\" src=\"https:\/\/blogsaverroes.juntadeandalucia.es\/ceipborbolla\/files\/2019\/04\/13995.png\" alt=\"\" width=\"155\" height=\"92\" srcset=\"https:\/\/blogsaverroes.juntadeandalucia.es\/ceipborbolla\/files\/2019\/04\/13995.png 222w, https:\/\/blogsaverroes.juntadeandalucia.es\/ceipborbolla\/files\/2019\/04\/13995-24x14.png 24w, https:\/\/blogsaverroes.juntadeandalucia.es\/ceipborbolla\/files\/2019\/04\/13995-36x21.png 36w, https:\/\/blogsaverroes.juntadeandalucia.es\/ceipborbolla\/files\/2019\/04\/13995-48x29.png 48w\" sizes=\"(max-width: 155px) 100vw, 155px\" \/><\/a><\/td>\n<\/tr>\n<tr style=\"height: 12px\">\n<td style=\"height: 12px;width: 158px\">\n<h4 style=\"text-align: center\">Portal Pluriling\u00fc\u00edsmo<\/h4>\n<\/td>\n<td style=\"height: 12px;width: 177px;text-align: center\">\n<h4>Gu\u00eda informativa<\/h4>\n<\/td>\n<td style=\"height: 12px;width: 190px;text-align: center\">\n<h4>Secuencias did\u00e1cticas<\/h4>\n<\/td>\n<\/tr>\n<tr style=\"height: 35px\">\n<td style=\"height: 35px;width: 158px;text-align: center\"><a href=\"http:\/\/www.juntadeandalucia.es\/educacion\/webportal\/descargas\/pluriling%C3%BCismo\/Flash\/PEL\/html\/index1024.html\" target=\"_blank\" rel=\"noopener\"><img loading=\"lazy\" decoding=\"async\" class=\"aligncenter wp-image-5873 \" src=\"https:\/\/blogsaverroes.juntadeandalucia.es\/ceipborbolla\/files\/2019\/04\/14001.jpg\" alt=\"\" width=\"107\" height=\"100\" srcset=\"https:\/\/blogsaverroes.juntadeandalucia.es\/ceipborbolla\/files\/2019\/04\/14001.jpg 107w, https:\/\/blogsaverroes.juntadeandalucia.es\/ceipborbolla\/files\/2019\/04\/14001-24x22.jpg 24w, https:\/\/blogsaverroes.juntadeandalucia.es\/ceipborbolla\/files\/2019\/04\/14001-36x34.jpg 36w, https:\/\/blogsaverroes.juntadeandalucia.es\/ceipborbolla\/files\/2019\/04\/14001-48x45.jpg 48w\" sizes=\"(max-width: 107px) 100vw, 107px\" \/><\/a><\/td>\n<td style=\"height: 35px;width: 177px\"><a href=\"http:\/\/www.juntadeandalucia.es\/educacion\/webportal\/web\/proyecto-linguistico-centro\/cil\" target=\"_blank\" rel=\"noopener\"><img loading=\"lazy\" decoding=\"async\" class=\"wp-image-5874 aligncenter\" src=\"https:\/\/blogsaverroes.juntadeandalucia.es\/ceipborbolla\/files\/2019\/04\/14004.jpg\" alt=\"\" width=\"202\" height=\"83\" srcset=\"https:\/\/blogsaverroes.juntadeandalucia.es\/ceipborbolla\/files\/2019\/04\/14004.jpg 255w, https:\/\/blogsaverroes.juntadeandalucia.es\/ceipborbolla\/files\/2019\/04\/14004-24x10.jpg 24w, https:\/\/blogsaverroes.juntadeandalucia.es\/ceipborbolla\/files\/2019\/04\/14004-36x15.jpg 36w, https:\/\/blogsaverroes.juntadeandalucia.es\/ceipborbolla\/files\/2019\/04\/14004-48x20.jpg 48w\" sizes=\"(max-width: 202px) 100vw, 202px\" \/><\/a><\/td>\n<td style=\"height: 35px;width: 190px\">&nbsp;<a href=\"https:\/\/blogsaverroes.juntadeandalucia.es\/auxiliaresconversacionsevilla\/\" target=\"_blank\" rel=\"noopener\"><img loading=\"lazy\" decoding=\"async\" class=\"aligncenter wp-image-5897 size-full\" src=\"https:\/\/blogsaverroes.juntadeandalucia.es\/ceipborbolla\/files\/2019\/04\/14009-1.png\" alt=\"\" width=\"190\" height=\"109\" srcset=\"https:\/\/blogsaverroes.juntadeandalucia.es\/ceipborbolla\/files\/2019\/04\/14009-1.png 190w, https:\/\/blogsaverroes.juntadeandalucia.es\/ceipborbolla\/files\/2019\/04\/14009-1-24x14.png 24w, https:\/\/blogsaverroes.juntadeandalucia.es\/ceipborbolla\/files\/2019\/04\/14009-1-36x21.png 36w, https:\/\/blogsaverroes.juntadeandalucia.es\/ceipborbolla\/files\/2019\/04\/14009-1-48x28.png 48w\" sizes=\"(max-width: 190px) 100vw, 190px\" \/><\/a><\/td>\n<\/tr>\n<tr style=\"height: 54px\">\n<td style=\"height: 54px;width: 158px;text-align: center\">\n<h4>Portfolio europeo de las lenguas<\/h4>\n<\/td>\n<td style=\"height: 54px;width: 177px\">\n<h4 style=\"text-align: center\">Proyecto ling\u00fcistico de centro<\/h4>\n<\/td>\n<td style=\"height: 54px;width: 190px;text-align: center\">\n<h4>&nbsp;Auxiliares de conversaci\u00f3n<\/h4>\n<\/td>\n<\/tr>\n<\/tbody>\n<\/table>\n<p>&nbsp;<\/p>\n<p>&nbsp;<\/p>\n<p>&nbsp;<\/p>\n<p>&nbsp;<\/p>\n<p>&nbsp;<\/p>\n<p>&nbsp;<\/p>\n","protected":false},"excerpt":{"rendered":"<p>&nbsp; Portal Pluriling\u00fc\u00edsmo Gu\u00eda informativa Secuencias did\u00e1cticas &nbsp; Portfolio europeo de las lenguas Proyecto ling\u00fcistico de centro &nbsp;Auxiliares de conversaci\u00f3n &nbsp; &nbsp; &nbsp; &nbsp; &nbsp; &nbsp;<\/p>\n","protected":false},"author":2371,"featured_media":0,"parent":0,"menu_order":0,"comment_status":"closed","ping_status":"closed","template":"","meta":{"ngg_post_thumbnail":0,"footnotes":"","_mc_calendar":[]},"aioseo_notices":[],"_links":{"self":[{"href":"https:\/\/blogsaverroes.juntadeandalucia.es\/ceipborbolla\/wp-json\/wp\/v2\/pages\/5884"}],"collection":[{"href":"https:\/\/blogsaverroes.juntadeandalucia.es\/ceipborbolla\/wp-json\/wp\/v2\/pages"}],"about":[{"href":"https:\/\/blogsaverroes.juntadeandalucia.es\/ceipborbolla\/wp-json\/wp\/v2\/types\/page"}],"author":[{"embeddable":true,"href":"https:\/\/blogsaverroes.juntadeandalucia.es\/ceipborbolla\/wp-json\/wp\/v2\/users\/2371"}],"replies":[{"embeddable":true,"href":"https:\/\/blogsaverroes.juntadeandalucia.es\/ceipborbolla\/wp-json\/wp\/v2\/comments?post=5884"}],"version-history":[{"count":13,"href":"https:\/\/blogsaverroes.juntadeandalucia.es\/ceipborbolla\/wp-json\/wp\/v2\/pages\/5884\/revisions"}],"predecessor-version":[{"id":5896,"href":"https:\/\/blogsaverroes.juntadeandalucia.es\/ceipborbolla\/wp-json\/wp\/v2\/pages\/5884\/revisions\/5896"}],"wp:attachment":[{"href":"https:\/\/blogsaverroes.juntadeandalucia.es\/ceipborbolla\/wp-json\/wp\/v2\/media?parent=5884"}],"curies":[{"name":"wp","href":"https:\/\/api.w.org\/{rel}","templated":true}]}}