{"id":6746,"date":"2020-02-15T10:20:29","date_gmt":"2020-02-15T09:20:29","guid":{"rendered":"https:\/\/blogsaverroes.juntadeandalucia.es\/ceipborbolla\/?page_id=6746"},"modified":"2022-05-02T09:19:43","modified_gmt":"2022-05-02T08:19:43","slug":"carnaval-en-infantil","status":"publish","type":"page","link":"https:\/\/blogsaverroes.juntadeandalucia.es\/ceipborbolla\/carnaval-en-infantil\/","title":{"rendered":"Carnaval en Infantil"},"content":{"rendered":"<p>&nbsp;<\/p>\n<p style=\"text-align: justify\">Algunos historiadores sit\u00faan el origen del <span style=\"color: #008000\"><strong>Carnaval<\/strong><\/span> en<strong>&nbsp;la antigua Sumeria y el antiguo Egipto<\/strong>, hace, nada m\u00e1s y nada menos, que unos cinco mil a\u00f1os. La tradici\u00f3n ha llegado hasta nuestros d\u00edas en forma de celebraci\u00f3n y disfraces.<\/p>\n<p style=\"text-align: justify\"><strong>Disfrazarse es un juego<\/strong> que&nbsp; permite a nuestros alumnos\/as experimentar, desinhibirse y formar parte de una fiesta que se celebra en comunidad, dar rienda suelta a la imaginaci\u00f3n y ponerse en la piel de otra persona o personaje.<\/p>\n<p style=\"text-align: justify\">Celebrar esta fiesta nos brinda la oportunidad de hacerlos part\u00edcipes de nuestras costumbres, algo que har\u00e1 que desarrollen un sentimiento de pertenencia y arraigo. Ellos estar\u00e1n encantados de ser parte de esta celebraci\u00f3n tan divertida.<\/p>\n<p style=\"text-align: justify\">Adem\u00e1s, descubren &nbsp;nuevas formas de expresi\u00f3n verbal, como las canciones humor\u00edsticas tan t\u00edpicas de estas fechas: las chirigotas. Estas actividades, a trav\u00e9s del juego y el humor, potencian la espontaneidad y la desinhibici\u00f3n, dos aspectos fundamentales en su crecimiento y formaci\u00f3n.<\/p>\n<p>&nbsp;<\/p>\n<table style=\"width: 280.865px\">\n<tbody>\n<tr>\n<td style=\"width: 122px;text-align: center\"><a href=\"https:\/\/photos.app.goo.gl\/uzCEHdodB9RwQRLY6\" target=\"_blank\" rel=\"noopener noreferrer\">curso 19-20<\/a><\/td>\n<td style=\"width: 118.865px;text-align: center\"><a href=\"https:\/\/blogsaverroes.juntadeandalucia.es\/ceipborbolla\/curso-2021-2022\/\" target=\"_blank\" rel=\"noopener noreferrer\">Curso 21-22<\/a><\/td>\n<\/tr>\n<\/tbody>\n<\/table>\n","protected":false},"excerpt":{"rendered":"<p>&nbsp; Algunos historiadores sit\u00faan el origen del Carnaval en&nbsp;la antigua Sumeria y el antiguo Egipto, hace, nada m\u00e1s y nada menos, que unos cinco mil a\u00f1os. La tradici\u00f3n ha llegado hasta nuestros d\u00edas en&#46;&#46;&#46;<\/p>\n","protected":false},"author":2371,"featured_media":0,"parent":0,"menu_order":0,"comment_status":"closed","ping_status":"closed","template":"","meta":{"ngg_post_thumbnail":0,"footnotes":"","_mc_calendar":[]},"aioseo_notices":[],"_links":{"self":[{"href":"https:\/\/blogsaverroes.juntadeandalucia.es\/ceipborbolla\/wp-json\/wp\/v2\/pages\/6746"}],"collection":[{"href":"https:\/\/blogsaverroes.juntadeandalucia.es\/ceipborbolla\/wp-json\/wp\/v2\/pages"}],"about":[{"href":"https:\/\/blogsaverroes.juntadeandalucia.es\/ceipborbolla\/wp-json\/wp\/v2\/types\/page"}],"author":[{"embeddable":true,"href":"https:\/\/blogsaverroes.juntadeandalucia.es\/ceipborbolla\/wp-json\/wp\/v2\/users\/2371"}],"replies":[{"embeddable":true,"href":"https:\/\/blogsaverroes.juntadeandalucia.es\/ceipborbolla\/wp-json\/wp\/v2\/comments?post=6746"}],"version-history":[{"count":4,"href":"https:\/\/blogsaverroes.juntadeandalucia.es\/ceipborbolla\/wp-json\/wp\/v2\/pages\/6746\/revisions"}],"predecessor-version":[{"id":8358,"href":"https:\/\/blogsaverroes.juntadeandalucia.es\/ceipborbolla\/wp-json\/wp\/v2\/pages\/6746\/revisions\/8358"}],"wp:attachment":[{"href":"https:\/\/blogsaverroes.juntadeandalucia.es\/ceipborbolla\/wp-json\/wp\/v2\/media?parent=6746"}],"curies":[{"name":"wp","href":"https:\/\/api.w.org\/{rel}","templated":true}]}}