{"id":6798,"date":"2020-03-04T21:43:05","date_gmt":"2020-03-04T20:43:05","guid":{"rendered":"https:\/\/blogsaverroes.juntadeandalucia.es\/ceipborbolla\/?page_id=6798"},"modified":"2020-03-04T21:57:27","modified_gmt":"2020-03-04T20:57:27","slug":"proyecto-recreos-inclusivos","status":"publish","type":"page","link":"https:\/\/blogsaverroes.juntadeandalucia.es\/ceipborbolla\/proyecto-recreos-inclusivos\/","title":{"rendered":"Proyecto Recreos Inclusivos"},"content":{"rendered":"<p>&nbsp;<\/p>\n<p><a href=\"https:\/\/photos.app.goo.gl\/Bk8hGXqf9t3HcT4R7\" target=\"_blank\" rel=\"noopener noreferrer\"><img loading=\"lazy\" decoding=\"async\" class=\" wp-image-6803 aligncenter\" src=\"https:\/\/blogsaverroes.juntadeandalucia.es\/ceipborbolla\/files\/2020\/03\/09-Agosto-dia-de-la-Educcion-Especial.jpg\" alt=\"\" width=\"446\" height=\"248\" srcset=\"https:\/\/blogsaverroes.juntadeandalucia.es\/ceipborbolla\/files\/2020\/03\/09-Agosto-dia-de-la-Educcion-Especial.jpg 561w, https:\/\/blogsaverroes.juntadeandalucia.es\/ceipborbolla\/files\/2020\/03\/09-Agosto-dia-de-la-Educcion-Especial-300x167.jpg 300w, https:\/\/blogsaverroes.juntadeandalucia.es\/ceipborbolla\/files\/2020\/03\/09-Agosto-dia-de-la-Educcion-Especial-24x13.jpg 24w, https:\/\/blogsaverroes.juntadeandalucia.es\/ceipborbolla\/files\/2020\/03\/09-Agosto-dia-de-la-Educcion-Especial-36x20.jpg 36w, https:\/\/blogsaverroes.juntadeandalucia.es\/ceipborbolla\/files\/2020\/03\/09-Agosto-dia-de-la-Educcion-Especial-48x27.jpg 48w\" sizes=\"(max-width: 446px) 100vw, 446px\" \/><\/a><\/p>\n<h6 style=\"text-align: center\">(haz clic)<\/h6>\n<p>&nbsp;<\/p>\n<p style=\"text-align: justify\">El t\u00e9rmino de <span style=\"color: #ff00ff\"><strong>recreo inclusivo<\/strong><\/span> hace referencia a aquellos patios que se llenan de actividades y posibilidades para todos los alumnos por igual: la inclusi\u00f3n no debe limitarse a las horas de clase.&nbsp;<\/p>\n<p style=\"text-align: justify\">Desde la perspectiva coeducativa , la coordinadora del Plan de Igualdad junto con las maestras especialistas de Educaci\u00f3n F\u00edsica&nbsp; y la tutora del aula espec\u00edfica llevan a cabo un proyecto de\u201d Recreos Inclusivos\u201d.<\/p>\n<p style=\"text-align: justify\">El objetivo principal es la inclusi\u00f3n de todo el alumnado del centro y la pr\u00e1ctica de actividad f\u00edsica en los recreos, buscando la motivaci\u00f3n de los mismos, dando&nbsp; a conocer diferentes juegos que puedan llevar a cabo en su tiempo libre y de ocio.<\/p>\n","protected":false},"excerpt":{"rendered":"<p>&nbsp; (haz clic) &nbsp; El t\u00e9rmino de recreo inclusivo hace referencia a aquellos patios que se llenan de actividades y posibilidades para todos los alumnos por igual: la inclusi\u00f3n no debe limitarse a las&#46;&#46;&#46;<\/p>\n","protected":false},"author":2371,"featured_media":0,"parent":0,"menu_order":0,"comment_status":"closed","ping_status":"closed","template":"","meta":{"ngg_post_thumbnail":0,"footnotes":"","_mc_calendar":[]},"aioseo_notices":[],"_links":{"self":[{"href":"https:\/\/blogsaverroes.juntadeandalucia.es\/ceipborbolla\/wp-json\/wp\/v2\/pages\/6798"}],"collection":[{"href":"https:\/\/blogsaverroes.juntadeandalucia.es\/ceipborbolla\/wp-json\/wp\/v2\/pages"}],"about":[{"href":"https:\/\/blogsaverroes.juntadeandalucia.es\/ceipborbolla\/wp-json\/wp\/v2\/types\/page"}],"author":[{"embeddable":true,"href":"https:\/\/blogsaverroes.juntadeandalucia.es\/ceipborbolla\/wp-json\/wp\/v2\/users\/2371"}],"replies":[{"embeddable":true,"href":"https:\/\/blogsaverroes.juntadeandalucia.es\/ceipborbolla\/wp-json\/wp\/v2\/comments?post=6798"}],"version-history":[{"count":4,"href":"https:\/\/blogsaverroes.juntadeandalucia.es\/ceipborbolla\/wp-json\/wp\/v2\/pages\/6798\/revisions"}],"predecessor-version":[{"id":6805,"href":"https:\/\/blogsaverroes.juntadeandalucia.es\/ceipborbolla\/wp-json\/wp\/v2\/pages\/6798\/revisions\/6805"}],"wp:attachment":[{"href":"https:\/\/blogsaverroes.juntadeandalucia.es\/ceipborbolla\/wp-json\/wp\/v2\/media?parent=6798"}],"curies":[{"name":"wp","href":"https:\/\/api.w.org\/{rel}","templated":true}]}}