{"id":7371,"date":"2020-12-09T19:59:51","date_gmt":"2020-12-09T18:59:51","guid":{"rendered":"https:\/\/blogsaverroes.juntadeandalucia.es\/ceipborbolla\/?page_id=7371"},"modified":"2021-06-27T09:28:10","modified_gmt":"2021-06-27T08:28:10","slug":"curso-2020-2021","status":"publish","type":"page","link":"https:\/\/blogsaverroes.juntadeandalucia.es\/ceipborbolla\/curso-2020-2021\/","title":{"rendered":"Curso 2020-2021"},"content":{"rendered":"<p>&nbsp;<\/p>\n<table style=\"border-collapse: collapse;width: 78.5714%;height: 165px\">\n<tbody>\n<tr>\n<td style=\"width: 50%;text-align: center\"><a href=\"https:\/\/blogsaverroes.juntadeandalucia.es\/ceipborbolla\/files\/2020\/12\/IMG20201203085507-scaled.jpg\"><img loading=\"lazy\" decoding=\"async\" class=\"aligncenter wp-image-7375\" src=\"https:\/\/blogsaverroes.juntadeandalucia.es\/ceipborbolla\/files\/2020\/12\/IMG20201203085507-scaled.jpg\" alt=\"\" width=\"143\" height=\"191\" srcset=\"https:\/\/blogsaverroes.juntadeandalucia.es\/ceipborbolla\/files\/2020\/12\/IMG20201203085507-scaled.jpg 1200w, https:\/\/blogsaverroes.juntadeandalucia.es\/ceipborbolla\/files\/2020\/12\/IMG20201203085507-225x300.jpg 225w, https:\/\/blogsaverroes.juntadeandalucia.es\/ceipborbolla\/files\/2020\/12\/IMG20201203085507-768x1024.jpg 768w, https:\/\/blogsaverroes.juntadeandalucia.es\/ceipborbolla\/files\/2020\/12\/IMG20201203085507-1152x1536.jpg 1152w, https:\/\/blogsaverroes.juntadeandalucia.es\/ceipborbolla\/files\/2020\/12\/IMG20201203085507-1536x2048.jpg 1536w, https:\/\/blogsaverroes.juntadeandalucia.es\/ceipborbolla\/files\/2020\/12\/IMG20201203085507-18x24.jpg 18w, https:\/\/blogsaverroes.juntadeandalucia.es\/ceipborbolla\/files\/2020\/12\/IMG20201203085507-27x36.jpg 27w, https:\/\/blogsaverroes.juntadeandalucia.es\/ceipborbolla\/files\/2020\/12\/IMG20201203085507-36x48.jpg 36w\" sizes=\"(max-width: 143px) 100vw, 143px\" \/><\/a><a href=\"https:\/\/photos.app.goo.gl\/y6jmiD22HEk4pP9Y8\" target=\"_blank\" rel=\"noopener noreferrer\">NUESTRO HUERTO<\/a><\/td>\n<td style=\"width: 50%\"><a href=\"https:\/\/blogsaverroes.juntadeandalucia.es\/ceipborbolla\/files\/2020\/12\/IMG20201209094701-scaled.jpg\"><img loading=\"lazy\" decoding=\"async\" class=\"aligncenter size-full wp-image-7397\" src=\"https:\/\/blogsaverroes.juntadeandalucia.es\/ceipborbolla\/files\/2020\/12\/IMG20201209094701-scaled.jpg\" alt=\"\" width=\"1600\" height=\"1200\" srcset=\"https:\/\/blogsaverroes.juntadeandalucia.es\/ceipborbolla\/files\/2020\/12\/IMG20201209094701-scaled.jpg 1600w, https:\/\/blogsaverroes.juntadeandalucia.es\/ceipborbolla\/files\/2020\/12\/IMG20201209094701-300x225.jpg 300w, https:\/\/blogsaverroes.juntadeandalucia.es\/ceipborbolla\/files\/2020\/12\/IMG20201209094701-1024x768.jpg 1024w, https:\/\/blogsaverroes.juntadeandalucia.es\/ceipborbolla\/files\/2020\/12\/IMG20201209094701-768x576.jpg 768w, https:\/\/blogsaverroes.juntadeandalucia.es\/ceipborbolla\/files\/2020\/12\/IMG20201209094701-1536x1152.jpg 1536w, https:\/\/blogsaverroes.juntadeandalucia.es\/ceipborbolla\/files\/2020\/12\/IMG20201209094701-2048x1536.jpg 2048w, https:\/\/blogsaverroes.juntadeandalucia.es\/ceipborbolla\/files\/2020\/12\/IMG20201209094701-24x18.jpg 24w, https:\/\/blogsaverroes.juntadeandalucia.es\/ceipborbolla\/files\/2020\/12\/IMG20201209094701-36x27.jpg 36w, https:\/\/blogsaverroes.juntadeandalucia.es\/ceipborbolla\/files\/2020\/12\/IMG20201209094701-48x36.jpg 48w\" sizes=\"(max-width: 1600px) 100vw, 1600px\" \/><\/a><\/p>\n<p style=\"text-align: center\">SIMULACRO<\/p>\n<\/td>\n<\/tr>\n<tr>\n<td style=\"width: 50%;text-align: center\"><a href=\"https:\/\/blogsaverroes.juntadeandalucia.es\/ceipborbolla\/files\/2021\/02\/descarga.png\"><img loading=\"lazy\" decoding=\"async\" class=\"aligncenter wp-image-7456\" src=\"https:\/\/blogsaverroes.juntadeandalucia.es\/ceipborbolla\/files\/2021\/02\/descarga.png\" alt=\"\" width=\"147\" height=\"105\" srcset=\"https:\/\/blogsaverroes.juntadeandalucia.es\/ceipborbolla\/files\/2021\/02\/descarga.png 266w, https:\/\/blogsaverroes.juntadeandalucia.es\/ceipborbolla\/files\/2021\/02\/descarga-24x17.png 24w, https:\/\/blogsaverroes.juntadeandalucia.es\/ceipborbolla\/files\/2021\/02\/descarga-36x26.png 36w, https:\/\/blogsaverroes.juntadeandalucia.es\/ceipborbolla\/files\/2021\/02\/descarga-48x34.png 48w\" sizes=\"(max-width: 147px) 100vw, 147px\" \/><\/a><\/p>\n<p><a href=\"https:\/\/photos.app.goo.gl\/W9YLVjd1HLNib34d9\" target=\"_blank\" rel=\"noopener noreferrer\">HALLOWEEN<\/a><\/td>\n<td style=\"width: 50%\"><img loading=\"lazy\" decoding=\"async\" class=\"aligncenter wp-image-7443\" src=\"https:\/\/blogsaverroes.juntadeandalucia.es\/ceipborbolla\/files\/2021\/01\/IMG20201211082700-scaled.jpg\" alt=\"\" width=\"131\" height=\"175\" srcset=\"https:\/\/blogsaverroes.juntadeandalucia.es\/ceipborbolla\/files\/2021\/01\/IMG20201211082700-scaled.jpg 1200w, https:\/\/blogsaverroes.juntadeandalucia.es\/ceipborbolla\/files\/2021\/01\/IMG20201211082700-225x300.jpg 225w, https:\/\/blogsaverroes.juntadeandalucia.es\/ceipborbolla\/files\/2021\/01\/IMG20201211082700-768x1024.jpg 768w, https:\/\/blogsaverroes.juntadeandalucia.es\/ceipborbolla\/files\/2021\/01\/IMG20201211082700-1152x1536.jpg 1152w, https:\/\/blogsaverroes.juntadeandalucia.es\/ceipborbolla\/files\/2021\/01\/IMG20201211082700-1536x2048.jpg 1536w, https:\/\/blogsaverroes.juntadeandalucia.es\/ceipborbolla\/files\/2021\/01\/IMG20201211082700-18x24.jpg 18w, https:\/\/blogsaverroes.juntadeandalucia.es\/ceipborbolla\/files\/2021\/01\/IMG20201211082700-27x36.jpg 27w, https:\/\/blogsaverroes.juntadeandalucia.es\/ceipborbolla\/files\/2021\/01\/IMG20201211082700-36x48.jpg 36w\" sizes=\"(max-width: 131px) 100vw, 131px\" \/><\/p>\n<p style=\"text-align: center\"><a style=\"text-align: center\" href=\"https:\/\/photos.app.goo.gl\/n7GC2sEY3v586WhR7\" target=\"_blank\" rel=\"noopener noreferrer\">NAVIDAD<\/a><\/p>\n<\/td>\n<\/tr>\n<tr>\n<td style=\"width: 50%;text-align: center\"><img loading=\"lazy\" decoding=\"async\" class=\"aligncenter wp-image-7444\" src=\"https:\/\/blogsaverroes.juntadeandalucia.es\/ceipborbolla\/files\/2021\/01\/WhatsApp-Image-2021-01-29-at-13.19.37.jpeg\" alt=\"\" width=\"214\" height=\"161\" srcset=\"https:\/\/blogsaverroes.juntadeandalucia.es\/ceipborbolla\/files\/2021\/01\/WhatsApp-Image-2021-01-29-at-13.19.37.jpeg 1600w, https:\/\/blogsaverroes.juntadeandalucia.es\/ceipborbolla\/files\/2021\/01\/WhatsApp-Image-2021-01-29-at-13.19.37-300x225.jpeg 300w, https:\/\/blogsaverroes.juntadeandalucia.es\/ceipborbolla\/files\/2021\/01\/WhatsApp-Image-2021-01-29-at-13.19.37-1024x768.jpeg 1024w, https:\/\/blogsaverroes.juntadeandalucia.es\/ceipborbolla\/files\/2021\/01\/WhatsApp-Image-2021-01-29-at-13.19.37-768x576.jpeg 768w, https:\/\/blogsaverroes.juntadeandalucia.es\/ceipborbolla\/files\/2021\/01\/WhatsApp-Image-2021-01-29-at-13.19.37-1536x1152.jpeg 1536w, https:\/\/blogsaverroes.juntadeandalucia.es\/ceipborbolla\/files\/2021\/01\/WhatsApp-Image-2021-01-29-at-13.19.37-24x18.jpeg 24w, https:\/\/blogsaverroes.juntadeandalucia.es\/ceipborbolla\/files\/2021\/01\/WhatsApp-Image-2021-01-29-at-13.19.37-36x27.jpeg 36w, https:\/\/blogsaverroes.juntadeandalucia.es\/ceipborbolla\/files\/2021\/01\/WhatsApp-Image-2021-01-29-at-13.19.37-48x36.jpeg 48w\" sizes=\"(max-width: 214px) 100vw, 214px\" \/><\/p>\n<p><a href=\"https:\/\/photos.app.goo.gl\/rgUveeiTSnCvxJox6\" target=\"_blank\" rel=\"noopener noreferrer\">D\u00cdA DE LA PAZ<\/a><\/td>\n<td style=\"width: 50%\"><a href=\"https:\/\/photos.app.goo.gl\/rKLqbM4irU5WnC8k7\" target=\"_blank\" rel=\"noopener noreferrer\"><img loading=\"lazy\" decoding=\"async\" class=\"aligncenter wp-image-7533\" src=\"https:\/\/blogsaverroes.juntadeandalucia.es\/ceipborbolla\/files\/2021\/02\/dia-de-andalucia.jpg\" alt=\"\" width=\"212\" height=\"139\" srcset=\"https:\/\/blogsaverroes.juntadeandalucia.es\/ceipborbolla\/files\/2021\/02\/dia-de-andalucia.jpg 640w, https:\/\/blogsaverroes.juntadeandalucia.es\/ceipborbolla\/files\/2021\/02\/dia-de-andalucia-300x197.jpg 300w\" sizes=\"(max-width: 212px) 100vw, 212px\" \/><\/a><\/p>\n<p style=\"text-align: center\"><a href=\"https:\/\/photos.app.goo.gl\/rKLqbM4irU5WnC8k7\" target=\"_blank\" rel=\"noopener noreferrer\">D\u00cdA DE ANDALUC\u00cdA<\/a><\/p>\n<\/td>\n<\/tr>\n<tr>\n<td style=\"width: 50%;text-align: center\"><a href=\"https:\/\/blogsaverroes.juntadeandalucia.es\/ceipborbolla\/files\/2021\/04\/IMG20210407081919-scaled.jpg\"><img loading=\"lazy\" decoding=\"async\" class=\"aligncenter wp-image-7551\" src=\"https:\/\/blogsaverroes.juntadeandalucia.es\/ceipborbolla\/files\/2021\/04\/IMG20210407081919-scaled.jpg\" alt=\"\" width=\"87\" height=\"128\" srcset=\"https:\/\/blogsaverroes.juntadeandalucia.es\/ceipborbolla\/files\/2021\/04\/IMG20210407081919-scaled.jpg 1089w, https:\/\/blogsaverroes.juntadeandalucia.es\/ceipborbolla\/files\/2021\/04\/IMG20210407081919-204x300.jpg 204w, https:\/\/blogsaverroes.juntadeandalucia.es\/ceipborbolla\/files\/2021\/04\/IMG20210407081919-697x1024.jpg 697w, https:\/\/blogsaverroes.juntadeandalucia.es\/ceipborbolla\/files\/2021\/04\/IMG20210407081919-768x1128.jpg 768w, https:\/\/blogsaverroes.juntadeandalucia.es\/ceipborbolla\/files\/2021\/04\/IMG20210407081919-1046x1536.jpg 1046w, https:\/\/blogsaverroes.juntadeandalucia.es\/ceipborbolla\/files\/2021\/04\/IMG20210407081919-1394x2048.jpg 1394w\" sizes=\"(max-width: 87px) 100vw, 87px\" \/><\/a><\/p>\n<p><a href=\"https:\/\/photos.app.goo.gl\/ueDKygshFJS8BEzUA\" target=\"_blank\" rel=\"noopener noreferrer\">D\u00cdA DEL AUTISMO<\/a><\/td>\n<td style=\"width: 50%\">\n<p style=\"text-align: center\"><a href=\"https:\/\/blogsaverroes.juntadeandalucia.es\/ceipborbolla\/files\/2021\/04\/2-DE-ABRIL-D\u00cdA-INTERNACIONAL-DEL-AUTISMO.pdf\" target=\"_blank\" rel=\"noopener noreferrer\">2 DE ABRIL D\u00cdA INTERNACIONAL DEL AUTISMO<\/a><\/p>\n<\/td>\n<\/tr>\n<tr>\n<td style=\"width: 50%;text-align: center\"><a href=\"https:\/\/blogsaverroes.juntadeandalucia.es\/ceipborbolla\/files\/2021\/04\/IMG-20210423-WA0002.jpg\"><img loading=\"lazy\" decoding=\"async\" class=\"aligncenter wp-image-7573\" src=\"https:\/\/blogsaverroes.juntadeandalucia.es\/ceipborbolla\/files\/2021\/04\/IMG-20210423-WA0002.jpg\" alt=\"\" width=\"129\" height=\"172\" srcset=\"https:\/\/blogsaverroes.juntadeandalucia.es\/ceipborbolla\/files\/2021\/04\/IMG-20210423-WA0002.jpg 1200w, https:\/\/blogsaverroes.juntadeandalucia.es\/ceipborbolla\/files\/2021\/04\/IMG-20210423-WA0002-225x300.jpg 225w, https:\/\/blogsaverroes.juntadeandalucia.es\/ceipborbolla\/files\/2021\/04\/IMG-20210423-WA0002-768x1024.jpg 768w, https:\/\/blogsaverroes.juntadeandalucia.es\/ceipborbolla\/files\/2021\/04\/IMG-20210423-WA0002-1152x1536.jpg 1152w\" sizes=\"(max-width: 129px) 100vw, 129px\" \/><\/a><\/p>\n<p><a href=\"https:\/\/photos.app.goo.gl\/BVfWk65KiPSJ8JPVA\" target=\"_blank\" rel=\"noopener noreferrer\">SEMANA CULTURAL<\/a><\/td>\n<td style=\"width: 50%\">\n<p style=\"text-align: center\"><a href=\"https:\/\/blogsaverroes.juntadeandalucia.es\/ceipborbolla\/files\/2021\/04\/IMG20210422124153-scaled.jpg\"><img loading=\"lazy\" decoding=\"async\" class=\"aligncenter wp-image-7574\" src=\"https:\/\/blogsaverroes.juntadeandalucia.es\/ceipborbolla\/files\/2021\/04\/IMG20210422124153-scaled.jpg\" alt=\"\" width=\"232\" height=\"174\" srcset=\"https:\/\/blogsaverroes.juntadeandalucia.es\/ceipborbolla\/files\/2021\/04\/IMG20210422124153-scaled.jpg 1600w, https:\/\/blogsaverroes.juntadeandalucia.es\/ceipborbolla\/files\/2021\/04\/IMG20210422124153-300x225.jpg 300w, https:\/\/blogsaverroes.juntadeandalucia.es\/ceipborbolla\/files\/2021\/04\/IMG20210422124153-1024x768.jpg 1024w, https:\/\/blogsaverroes.juntadeandalucia.es\/ceipborbolla\/files\/2021\/04\/IMG20210422124153-768x576.jpg 768w, https:\/\/blogsaverroes.juntadeandalucia.es\/ceipborbolla\/files\/2021\/04\/IMG20210422124153-1536x1152.jpg 1536w, https:\/\/blogsaverroes.juntadeandalucia.es\/ceipborbolla\/files\/2021\/04\/IMG20210422124153-2048x1536.jpg 2048w\" sizes=\"(max-width: 232px) 100vw, 232px\" \/><\/a><\/p>\n<p style=\"text-align: center\"><a href=\"https:\/\/photos.app.goo.gl\/B7UYSjoNofM2DNbN6\" target=\"_blank\" rel=\"noopener noreferrer\">PROYECTO LEONARDO<\/a><\/p>\n<\/td>\n<\/tr>\n<tr>\n<td style=\"width: 50%;text-align: center\"><a href=\"https:\/\/blogsaverroes.juntadeandalucia.es\/ceipborbolla\/files\/2021\/05\/Imagen-Di\u0301a-Internacional-del-Flamenco-256x256-1.jpg\"><img loading=\"lazy\" decoding=\"async\" class=\"aligncenter wp-image-7587\" src=\"https:\/\/blogsaverroes.juntadeandalucia.es\/ceipborbolla\/files\/2021\/05\/Imagen-Di\u0301a-Internacional-del-Flamenco-256x256-1.jpg\" alt=\"\" width=\"129\" height=\"129\" srcset=\"https:\/\/blogsaverroes.juntadeandalucia.es\/ceipborbolla\/files\/2021\/05\/Imagen-Di\u0301a-Internacional-del-Flamenco-256x256-1.jpg 256w, https:\/\/blogsaverroes.juntadeandalucia.es\/ceipborbolla\/files\/2021\/05\/Imagen-Di\u0301a-Internacional-del-Flamenco-256x256-1-150x150.jpg 150w\" sizes=\"(max-width: 129px) 100vw, 129px\" \/><\/a><\/p>\n<p><a href=\"https:\/\/photos.app.goo.gl\/djPQAaY7oUb6to3s9\" target=\"_blank\" rel=\"noopener noreferrer\">TALLER DE FLAMENCO<\/a><\/td>\n<td style=\"width: 50%\">\n<p style=\"text-align: center\"><a href=\"https:\/\/blogsaverroes.juntadeandalucia.es\/ceipborbolla\/files\/2021\/04\/Nuevo-Presentaci\u00f3n-de-Microsoft-PowerPoint-e1618774764964.jpg\"><img loading=\"lazy\" decoding=\"async\" class=\"aligncenter wp-image-7568\" src=\"https:\/\/blogsaverroes.juntadeandalucia.es\/ceipborbolla\/files\/2021\/04\/Nuevo-Presentaci\u00f3n-de-Microsoft-PowerPoint-e1618774764964.jpg\" alt=\"\" width=\"227\" height=\"67\"><\/a><\/p>\n<p style=\"text-align: center\">PERI\u00d3DICO ESCOLAR&nbsp;<\/p>\n<p style=\"text-align: center\"><a href=\"https:\/\/blogsaverroes.juntadeandalucia.es\/ceipborbolla\/files\/2021\/04\/PERI\u00d3DICO-ESCOLAR-BORBOLLA.pdf\" target=\"_blank\" rel=\"noopener noreferrer\">PERI\u00d3DICO ESCOLAR 5\u00baB<\/a><\/p>\n<\/td>\n<\/tr>\n<tr>\n<td style=\"width: 100%;text-align: center\" colspan=\"2\"><a href=\"https:\/\/photos.app.goo.gl\/g9WaUiuxdd9Gf96HA\" target=\"_blank\" rel=\"noopener noreferrer\">TRABAJAMOS LOS VALORES<\/a><\/td>\n<\/tr>\n<\/tbody>\n<\/table>\n<p>&nbsp;<\/p>\n<p>&nbsp;<\/p>\n<p>&nbsp;<\/p>\n","protected":false},"excerpt":{"rendered":"<p>&nbsp; NUESTRO HUERTO SIMULACRO HALLOWEEN NAVIDAD D\u00cdA DE LA PAZ D\u00cdA DE ANDALUC\u00cdA D\u00cdA DEL AUTISMO 2 DE ABRIL D\u00cdA INTERNACIONAL DEL AUTISMO SEMANA CULTURAL PROYECTO LEONARDO TALLER DE FLAMENCO PERI\u00d3DICO ESCOLAR&nbsp; PERI\u00d3DICO ESCOLAR&#46;&#46;&#46;<\/p>\n","protected":false},"author":2371,"featured_media":0,"parent":0,"menu_order":0,"comment_status":"closed","ping_status":"closed","template":"","meta":{"ngg_post_thumbnail":0,"footnotes":"","_mc_calendar":[]},"aioseo_notices":[],"_links":{"self":[{"href":"https:\/\/blogsaverroes.juntadeandalucia.es\/ceipborbolla\/wp-json\/wp\/v2\/pages\/7371"}],"collection":[{"href":"https:\/\/blogsaverroes.juntadeandalucia.es\/ceipborbolla\/wp-json\/wp\/v2\/pages"}],"about":[{"href":"https:\/\/blogsaverroes.juntadeandalucia.es\/ceipborbolla\/wp-json\/wp\/v2\/types\/page"}],"author":[{"embeddable":true,"href":"https:\/\/blogsaverroes.juntadeandalucia.es\/ceipborbolla\/wp-json\/wp\/v2\/users\/2371"}],"replies":[{"embeddable":true,"href":"https:\/\/blogsaverroes.juntadeandalucia.es\/ceipborbolla\/wp-json\/wp\/v2\/comments?post=7371"}],"version-history":[{"count":16,"href":"https:\/\/blogsaverroes.juntadeandalucia.es\/ceipborbolla\/wp-json\/wp\/v2\/pages\/7371\/revisions"}],"predecessor-version":[{"id":7848,"href":"https:\/\/blogsaverroes.juntadeandalucia.es\/ceipborbolla\/wp-json\/wp\/v2\/pages\/7371\/revisions\/7848"}],"wp:attachment":[{"href":"https:\/\/blogsaverroes.juntadeandalucia.es\/ceipborbolla\/wp-json\/wp\/v2\/media?parent=7371"}],"curies":[{"name":"wp","href":"https:\/\/api.w.org\/{rel}","templated":true}]}}