{"id":8212,"date":"2022-02-20T08:56:41","date_gmt":"2022-02-20T07:56:41","guid":{"rendered":"https:\/\/blogsaverroes.juntadeandalucia.es\/ceipborbolla\/?page_id=8212"},"modified":"2022-02-20T08:56:41","modified_gmt":"2022-02-20T07:56:41","slug":"programa-impulsa","status":"publish","type":"page","link":"https:\/\/blogsaverroes.juntadeandalucia.es\/ceipborbolla\/programa-impulsa\/","title":{"rendered":"Programa Impulsa"},"content":{"rendered":"<p>&nbsp;<\/p>\n<table style=\"border-collapse: collapse;width: 100%;height: 260px\">\n<tbody>\n<tr style=\"height: 260px\">\n<td style=\"width: 37.0432%;text-align: justify;height: 260px;border-style: none\"><span style=\"text-align: justify\"><a style=\"text-align: justify\" href=\"https:\/\/blogsaverroes.juntadeandalucia.es\/ceipborbolla\/files\/2022\/02\/Captura-de-pantalla-2020-11-17-110224.jpg\"><img loading=\"lazy\" decoding=\"async\" class=\"aligncenter wp-image-8220\" src=\"https:\/\/blogsaverroes.juntadeandalucia.es\/ceipborbolla\/files\/2022\/02\/Captura-de-pantalla-2020-11-17-110224.jpg\" alt=\"\" width=\"168\" height=\"233\"><\/a><br \/>\n<\/span><\/td>\n<td style=\"width: 62.9568%;text-align: justify;height: 260px;border-style: none\"><span style=\"text-align: justify\">La Consejer\u00eda de Educac<\/span><span style=\"text-align: justify\">i\u00f3n y Deporte pone en marcha el&nbsp;<\/span><span style=\"color: #0000ff\"><strong>Programa Impulsa<\/strong><\/span><span style=\"text-align: justify\">, con objeto de garantizar la igualdad de oportunidades, incrementar el \u00e9xito escolar del alumnado y prevenir el absentismo y el abandono escolar temprano, promoviendo el desarrollo de diferentes actuaciones que ponen el foco en la adecuaci\u00f3n de la respuesta educativa mediante el apoyo a centros docentes p\u00fablicos de entornos socio-econ\u00f3micos vulnerables.<\/span><\/td>\n<\/tr>\n<\/tbody>\n<\/table>\n<p style=\"text-align: justify\"><span style=\"text-align: justify\">El Programa Impulsa se concibe como un conjunto de actuaciones dirigidas a potenciar la <\/span><span style=\"color: #0000ff\">cultura inclusiva<\/span><span style=\"text-align: justify\"> de los centros docentes y a mejorar el grado de adquisici\u00f3n de competencias a trav\u00e9s de la mejora de los recursos en el aula y\/o de la realizaci\u00f3n de experiencias innovadoras, activas y experimentales que promuevan el saber hacer del alumnado, partiendo de sus conocimientos y fomentando actitudes como la autonom\u00eda, la responsabilidad, el respeto y el trabajo en equipo, bajo los principios de la atenci\u00f3n a la diversidad y la igualdad de g\u00e9nero.<\/span><\/p>\n<p style=\"text-align: justify\">El Programa Impulsa se desarrolla a trav\u00e9s de Proyectos para la Innovaci\u00f3n Educativa, en dos l\u00edneas de actuaci\u00f3n:<\/p>\n<p style=\"text-align: justify\">a) IMPULSA INNOVACI\u00d3N con medidas innovadoras espec\u00edficas que contribuyan al \u00e9xito educativo y a la prevenci\u00f3n del absentismo y del abandono escolar.<\/p>\n<p style=\"text-align: justify\">b) IMPULSA INCLUSI\u00d3N con medidas innovadoras espec\u00edficas que contribuyan a la accesibilidad universal y al desarrollo de las competencias del alumnado escolarizado en unidades espec\u00edficas de Educaci\u00f3n Especial ubicadas en centros ordinarios.<\/p>\n<p style=\"text-align: justify\">&nbsp;<\/p>\n<p style=\"text-align: justify\"><strong>Nombre de nuestro proyecto<\/strong>:&nbsp; \u201c <strong><span style=\"color: #0000ff\"><u>Inclusi\u00f3n ecol\u00f3gica<\/u><\/span><\/strong>\u201d<\/p>\n<p style=\"text-align: justify\">Este proyecto va dirigido a lograr la inclusi\u00f3n de nuestro alumnado en las din\u00e1micas y actividades del centro, tal como expone la ley org\u00e1nica 2\/2006, de 3 de mayo, de educaci\u00f3n, en su T\u00edtulo Preliminar y Cap\u00edtulo I:<\/p>\n<p style=\"text-align: justify\">\u201cLa equidad, que garantice la igualdad de oportunidades para el pleno desarrollo de la personalidad a trav\u00e9s de la educaci\u00f3n, la inclusi\u00f3n educativa, la igualdad de derechos y oportunidades, tambi\u00e9n entre mujeres y hombres, que ayuden a superar cualquier&nbsp; discriminaci\u00f3n y la accesibilidad universal a la educaci\u00f3n, y que act\u00fae como elemento&nbsp; compensador de las desigualdades personales, culturales, econ\u00f3micas y sociales, con especial atenci\u00f3n a las que se deriven de cualquier tipo de discapacidad, de acuerdo con lo establecido en la Convenci\u00f3n sobre los Derechos de las Personas con Discapacidad, ratificada en 2008, por Espa\u00f1a\u201d.<\/p>\n<p style=\"text-align: justify\">Nuestro proyecto denominado \u201cInclusi\u00f3n ecol\u00f3gica\u201d, pretende alcanzar dicho fin, es decir, garantizar que el alumnado de nuestra aula espec\u00edfica, forme parte de manera inclusiva y en igualdad de oportunidades de los proyectos educativos desarrollados en el centro.<\/p>\n<p style=\"text-align: justify\"><strong>&nbsp;<\/strong><\/p>\n<p style=\"text-align: justify\"><strong>Objetivos del proyecto:<\/strong><\/p>\n<p style=\"text-align: justify\">-Promover estrategias y medidas que contribuyan al desarrollo integral del alumnado y a la permanencia del alumnado en el Sistema Educativo.<\/p>\n<p style=\"text-align: justify\">-Propiciar la inclusi\u00f3n educativa y social del alumnado mejorando la motivaci\u00f3n y el clima de convivencia del centro docente.<\/p>\n<p style=\"text-align: justify\">-Potenciar el desarrollo integral del alumnado en aspectos tales como el respeto, la igualdad, la estimulaci\u00f3n cognitiva, la concienciaci\u00f3n ambiental, la comunicaci\u00f3n, las habilidades personales y sociales, la interdependencia y la innovaci\u00f3n.<\/p>\n<p>&nbsp;<\/p>\n<p style=\"text-align: justify\">El proyecto est\u00e1 enfocado para que el alumnado escolarizado en modalidad C, se beneficie de servicios educativos innovadores dentro el entorno escolar, proponiendo talleres de educaci\u00f3n ambiental cuyas sesiones sean de car\u00e1cter inclusivo y participativo. Fomentando de este modo la colaboraci\u00f3n del alumnado escolarizado en modalidad C, en la realizaci\u00f3n de cambios en el entorno inmediato del propio centro escolar.<\/p>\n<p style=\"text-align: justify\">Tendr\u00e1 car\u00e1cter inclusivo, pretendiendo proporcionar las adaptaciones y medidas que se consideren necesarias para dicha atenci\u00f3n.<\/p>\n<p>&nbsp;<\/p>\n<p style=\"text-align: center\"><a href=\"https:\/\/photos.app.goo.gl\/ivdUBj88ZEHynUE8A\" target=\"_blank\" rel=\"noopener noreferrer\">NUESTRO HUERTO INCLUSIVO<\/a><\/p>\n","protected":false},"excerpt":{"rendered":"<p>&nbsp; La Consejer\u00eda de Educaci\u00f3n y Deporte pone en marcha el&nbsp;Programa Impulsa, con objeto de garantizar la igualdad de oportunidades, incrementar el \u00e9xito escolar del alumnado y prevenir el absentismo y el abandono escolar&#46;&#46;&#46;<\/p>\n","protected":false},"author":2371,"featured_media":0,"parent":0,"menu_order":0,"comment_status":"closed","ping_status":"closed","template":"","meta":{"ngg_post_thumbnail":0,"footnotes":"","_mc_calendar":[]},"aioseo_notices":[],"_links":{"self":[{"href":"https:\/\/blogsaverroes.juntadeandalucia.es\/ceipborbolla\/wp-json\/wp\/v2\/pages\/8212"}],"collection":[{"href":"https:\/\/blogsaverroes.juntadeandalucia.es\/ceipborbolla\/wp-json\/wp\/v2\/pages"}],"about":[{"href":"https:\/\/blogsaverroes.juntadeandalucia.es\/ceipborbolla\/wp-json\/wp\/v2\/types\/page"}],"author":[{"embeddable":true,"href":"https:\/\/blogsaverroes.juntadeandalucia.es\/ceipborbolla\/wp-json\/wp\/v2\/users\/2371"}],"replies":[{"embeddable":true,"href":"https:\/\/blogsaverroes.juntadeandalucia.es\/ceipborbolla\/wp-json\/wp\/v2\/comments?post=8212"}],"version-history":[{"count":9,"href":"https:\/\/blogsaverroes.juntadeandalucia.es\/ceipborbolla\/wp-json\/wp\/v2\/pages\/8212\/revisions"}],"predecessor-version":[{"id":8226,"href":"https:\/\/blogsaverroes.juntadeandalucia.es\/ceipborbolla\/wp-json\/wp\/v2\/pages\/8212\/revisions\/8226"}],"wp:attachment":[{"href":"https:\/\/blogsaverroes.juntadeandalucia.es\/ceipborbolla\/wp-json\/wp\/v2\/media?parent=8212"}],"curies":[{"name":"wp","href":"https:\/\/api.w.org\/{rel}","templated":true}]}}

<p>&nbsp;</p>
<table style="border-collapse: collapse;width: 100%;height: 260px">
<tbody>
<tr style="height: 260px">
<td style="width: 37.0432%;text-align: justify;height: 260px;border-style: none"><span style="text-align: justify"><a style="text-align: justify" href="https://blogsaverroes.juntadeandalucia.es/ceipborbolla/files/2022/02/Captura-de-pantalla-2020-11-17-110224.jpg"><img loading="lazy" decoding="async" class="aligncenter wp-image-8220" src="https://blogsaverroes.juntadeandalucia.es/ceipborbolla/files/2022/02/Captura-de-pantalla-2020-11-17-110224.jpg" alt="" width="168" height="233"></a><br />
</span></td>
<td style="width: 62.9568%;text-align: justify;height: 260px;border-style: none"><span style="text-align: justify">La Consejería de Educac</span><span style="text-align: justify">ión y Deporte pone en marcha el&nbsp;</span><span style="color: #0000ff"><strong>Programa Impulsa</strong></span><span style="text-align: justify">, con objeto de garantizar la igualdad de oportunidades, incrementar el éxito escolar del alumnado y prevenir el absentismo y el abandono escolar temprano, promoviendo el desarrollo de diferentes actuaciones que ponen el foco en la adecuación de la respuesta educativa mediante el apoyo a centros docentes públicos de entornos socio-económicos vulnerables.</span></td>
</tr>
</tbody>
</table>
<p style="text-align: justify"><span style="text-align: justify">El Programa Impulsa se concibe como un conjunto de actuaciones dirigidas a potenciar la </span><span style="color: #0000ff">cultura inclusiva</span><span style="text-align: justify"> de los centros docentes y a mejorar el grado de adquisición de competencias a través de la mejora de los recursos en el aula y/o de la realización de experiencias innovadoras, activas y experimentales que promuevan el saber hacer del alumnado, partiendo de sus conocimientos y fomentando actitudes como la autonomía, la responsabilidad, el respeto y el trabajo en equipo, bajo los principios de la atención a la diversidad y la igualdad de género.</span></p>
<p style="text-align: justify">El Programa Impulsa se desarrolla a través de Proyectos para la Innovación Educativa, en dos líneas de actuación:</p>
<p style="text-align: justify">a) IMPULSA INNOVACIÓN con medidas innovadoras específicas que contribuyan al éxito educativo y a la prevención del absentismo y del abandono escolar.</p>
<p style="text-align: justify">b) IMPULSA INCLUSIÓN con medidas innovadoras específicas que contribuyan a la accesibilidad universal y al desarrollo de las competencias del alumnado escolarizado en unidades específicas de Educación Especial ubicadas en centros ordinarios.</p>
<p style="text-align: justify">&nbsp;</p>
<p style="text-align: justify"><strong>Nombre de nuestro proyecto</strong>:&nbsp; “ <strong><span style="color: #0000ff"><u>Inclusión ecológica</u></span></strong>”</p>
<p style="text-align: justify">Este proyecto va dirigido a lograr la inclusión de nuestro alumnado en las dinámicas y actividades del centro, tal como expone la ley orgánica 2/2006, de 3 de mayo, de educación, en su Título Preliminar y Capítulo I:</p>
<p style="text-align: justify">“La equidad, que garantice la igualdad de oportunidades para el pleno desarrollo de la personalidad a través de la educación, la inclusión educativa, la igualdad de derechos y oportunidades, también entre mujeres y hombres, que ayuden a superar cualquier&nbsp; discriminación y la accesibilidad universal a la educación, y que actúe como elemento&nbsp; compensador de las desigualdades personales, culturales, económicas y sociales, con especial atención a las que se deriven de cualquier tipo de discapacidad, de acuerdo con lo establecido en la Convención sobre los Derechos de las Personas con Discapacidad, ratificada en 2008, por España”.</p>
<p style="text-align: justify">Nuestro proyecto denominado “Inclusión ecológica”, pretende alcanzar dicho fin, es decir, garantizar que el alumnado de nuestra aula específica, forme parte de manera inclusiva y en igualdad de oportunidades de los proyectos educativos desarrollados en el centro.</p>
<p style="text-align: justify"><strong>&nbsp;</strong></p>
<p style="text-align: justify"><strong>Objetivos del proyecto:</strong></p>
<p style="text-align: justify">-Promover estrategias y medidas que contribuyan al desarrollo integral del alumnado y a la permanencia del alumnado en el Sistema Educativo.</p>
<p style="text-align: justify">-Propiciar la inclusión educativa y social del alumnado mejorando la motivación y el clima de convivencia del centro docente.</p>
<p style="text-align: justify">-Potenciar el desarrollo integral del alumnado en aspectos tales como el respeto, la igualdad, la estimulación cognitiva, la concienciación ambiental, la comunicación, las habilidades personales y sociales, la interdependencia y la innovación.</p>
<p>&nbsp;</p>
<p style="text-align: justify">El proyecto está enfocado para que el alumnado escolarizado en modalidad C, se beneficie de servicios educativos innovadores dentro el entorno escolar, proponiendo talleres de educación ambiental cuyas sesiones sean de carácter inclusivo y participativo. Fomentando de este modo la colaboración del alumnado escolarizado en modalidad C, en la realización de cambios en el entorno inmediato del propio centro escolar.</p>
<p style="text-align: justify">Tendrá carácter inclusivo, pretendiendo proporcionar las adaptaciones y medidas que se consideren necesarias para dicha atención.</p>
<p>&nbsp;</p>
<p style="text-align: center"><a href="https://photos.app.goo.gl/ivdUBj88ZEHynUE8A" target="_blank" rel="noopener noreferrer">NUESTRO HUERTO INCLUSIVO</a></p>

<p>&nbsp; La Consejería de Educación y Deporte pone en marcha el&nbsp;Programa Impulsa, con objeto de garantizar la igualdad de oportunidades, incrementar el éxito escolar del alumnado y prevenir el absentismo y el abandono escolar&#46;&#46;&#46;</p>
