{"id":870,"date":"2015-03-16T07:24:27","date_gmt":"2015-03-16T07:24:27","guid":{"rendered":"http:\/\/blogsaverroes.juntadeandalucia.es\/pre\/ceip\/?page_id=103"},"modified":"2024-10-07T10:05:34","modified_gmt":"2024-10-07T09:05:34","slug":"aula-matinal","status":"publish","type":"page","link":"https:\/\/blogsaverroes.juntadeandalucia.es\/ceipborbolla\/aula-matinal\/","title":{"rendered":"Aula Matinal"},"content":{"rendered":"<p style=\"text-align: justify\">El aula matinal es un servicio que ofrece el centro a aquellas familias que tienen imposibilidad de traer a sus hijos\/as al colegio por la ma\u00f1ana, por lo que este servicio funciona de 7,30 a 9 h.<\/p>\n<p style=\"text-align: justify\">La empresa que gestiona este servicio es Aires Creativos, con monitores especialistas.<\/p>\n<p style=\"text-align: center\"><a href=\"http:\/\/www.airescreativos.com\/es\/index.html\" target=\"_blank\" rel=\"noopener noreferrer\">Web de Aires Creativos<\/a><\/p>\n<p>&nbsp;<\/p>\n<p style=\"text-align: justify\">La entrada al aula se realiza por la calle Mu\u00f1oz Seca, y all\u00ed son atendidos los ni\u00f1os cada ma\u00f1ana.&nbsp;<\/p>\n<p style=\"text-align: justify\">A las 9 h, cada alumno se dirige a su fila correspondiente, siendo acompa\u00f1ados, los m\u00e1s peque\u00f1os, por sus monitores hasta sus filas correspondientes.<\/p>\n<p style=\"text-align: justify\">&nbsp;<\/p>\n<p>&nbsp;<\/p>\n<ul>\n<li><a href=\"http:\/\/blogsaverroes.juntadeandalucia.es\/ceipborbolla\/files\/2015\/12\/pdf-icono.gif\"><img loading=\"lazy\" decoding=\"async\" class=\" size-full wp-image-2203 alignleft\" src=\"http:\/\/blogsaverroes.juntadeandalucia.es\/ceipborbolla\/files\/2015\/12\/pdf-icono.gif\" alt=\"pdf-icono\" width=\"18\" height=\"18\" srcset=\"https:\/\/blogsaverroes.juntadeandalucia.es\/ceipborbolla\/files\/2015\/12\/pdf-icono.gif 18w, https:\/\/blogsaverroes.juntadeandalucia.es\/ceipborbolla\/files\/2015\/12\/pdf-icono-100x100.gif 100w, https:\/\/blogsaverroes.juntadeandalucia.es\/ceipborbolla\/files\/2015\/12\/pdf-icono-480x480.gif 480w\" sizes=\"(max-width: 18px) 100vw, 18px\" \/><\/a><a href=\"https:\/\/www.juntadeandalucia.es\/educacion\/portals\/delegate\/content\/6c4342f7-1581-4c26-bc7e-2e49b4b64cee\/Anexo%20II.-%20Servicio%20de%20Aula%20Matinal,%20Comedor%20Escolar%20y%20actividades%20Extraescolares\" target=\"_blank\" rel=\"noopener noreferrer\">Anexo II.- Servicio de Aula Matinal, Comedor Escolar y actividades Extraescolares<\/a><\/li>\n<li><a href=\"http:\/\/blogsaverroes.juntadeandalucia.es\/ceipborbolla\/files\/2015\/12\/pdf-icono.gif\"><img loading=\"lazy\" decoding=\"async\" class=\" size-full wp-image-2203 alignleft\" src=\"http:\/\/blogsaverroes.juntadeandalucia.es\/ceipborbolla\/files\/2015\/12\/pdf-icono.gif\" alt=\"pdf-icono\" width=\"18\" height=\"18\" srcset=\"https:\/\/blogsaverroes.juntadeandalucia.es\/ceipborbolla\/files\/2015\/12\/pdf-icono.gif 18w, https:\/\/blogsaverroes.juntadeandalucia.es\/ceipborbolla\/files\/2015\/12\/pdf-icono-100x100.gif 100w, https:\/\/blogsaverroes.juntadeandalucia.es\/ceipborbolla\/files\/2015\/12\/pdf-icono-480x480.gif 480w\" sizes=\"(max-width: 18px) 100vw, 18px\" \/><\/a><del>Precio servicios complementarios 19-7-2022<\/del><\/li>\n<li><a href=\"http:\/\/blogsaverroes.juntadeandalucia.es\/ceipborbolla\/files\/2015\/12\/pdf-icono.gif\"><img loading=\"lazy\" decoding=\"async\" class=\" size-full wp-image-2203 alignleft\" src=\"http:\/\/blogsaverroes.juntadeandalucia.es\/ceipborbolla\/files\/2015\/12\/pdf-icono.gif\" alt=\"pdf-icono\" width=\"18\" height=\"18\" srcset=\"https:\/\/blogsaverroes.juntadeandalucia.es\/ceipborbolla\/files\/2015\/12\/pdf-icono.gif 18w, https:\/\/blogsaverroes.juntadeandalucia.es\/ceipborbolla\/files\/2015\/12\/pdf-icono-100x100.gif 100w, https:\/\/blogsaverroes.juntadeandalucia.es\/ceipborbolla\/files\/2015\/12\/pdf-icono-480x480.gif 480w\" sizes=\"(max-width: 18px) 100vw, 18px\" \/><\/a><a href=\"https:\/\/blogsaverroes.juntadeandalucia.es\/ceipborbolla\/files\/2020\/01\/Solicitud-Baja-PAF.pdf\" target=\"_blank\" rel=\"noopener noreferrer\">Solicitud de baja servicios complementarios<\/a><\/li>\n<li><a href=\"http:\/\/blogsaverroes.juntadeandalucia.es\/ceipborbolla\/files\/2015\/12\/pdf-icono.gif\"><img loading=\"lazy\" decoding=\"async\" class=\" size-full wp-image-2203 alignleft\" src=\"http:\/\/blogsaverroes.juntadeandalucia.es\/ceipborbolla\/files\/2015\/12\/pdf-icono.gif\" alt=\"pdf-icono\" width=\"18\" height=\"18\" srcset=\"https:\/\/blogsaverroes.juntadeandalucia.es\/ceipborbolla\/files\/2015\/12\/pdf-icono.gif 18w, https:\/\/blogsaverroes.juntadeandalucia.es\/ceipborbolla\/files\/2015\/12\/pdf-icono-100x100.gif 100w, https:\/\/blogsaverroes.juntadeandalucia.es\/ceipborbolla\/files\/2015\/12\/pdf-icono-480x480.gif 480w\" sizes=\"(max-width: 18px) 100vw, 18px\" \/><\/a><a href=\"http:\/\/www.juntadeandalucia.es\/educacion\/portals\/web\/ced\/aula-matinal\" target=\"_blank\" rel=\"noopener noreferrer\">Normativa Web Consejer\u00eda Educaci\u00f3n<\/a><\/li>\n<\/ul>\n","protected":false},"excerpt":{"rendered":"<p>El aula matinal es un servicio que ofrece el centro a aquellas familias que tienen imposibilidad de traer a sus hijos\/as al colegio por la ma\u00f1ana, por lo que este servicio funciona de 7,30&#46;&#46;&#46;<\/p>\n","protected":false},"author":1,"featured_media":0,"parent":0,"menu_order":0,"comment_status":"closed","ping_status":"open","template":"page-cs.php","meta":{"ngg_post_thumbnail":0,"footnotes":"","_mc_calendar":[]},"aioseo_notices":[],"_links":{"self":[{"href":"https:\/\/blogsaverroes.juntadeandalucia.es\/ceipborbolla\/wp-json\/wp\/v2\/pages\/870"}],"collection":[{"href":"https:\/\/blogsaverroes.juntadeandalucia.es\/ceipborbolla\/wp-json\/wp\/v2\/pages"}],"about":[{"href":"https:\/\/blogsaverroes.juntadeandalucia.es\/ceipborbolla\/wp-json\/wp\/v2\/types\/page"}],"author":[{"embeddable":true,"href":"https:\/\/blogsaverroes.juntadeandalucia.es\/ceipborbolla\/wp-json\/wp\/v2\/users\/1"}],"replies":[{"embeddable":true,"href":"https:\/\/blogsaverroes.juntadeandalucia.es\/ceipborbolla\/wp-json\/wp\/v2\/comments?post=870"}],"version-history":[{"count":34,"href":"https:\/\/blogsaverroes.juntadeandalucia.es\/ceipborbolla\/wp-json\/wp\/v2\/pages\/870\/revisions"}],"predecessor-version":[{"id":9413,"href":"https:\/\/blogsaverroes.juntadeandalucia.es\/ceipborbolla\/wp-json\/wp\/v2\/pages\/870\/revisions\/9413"}],"wp:attachment":[{"href":"https:\/\/blogsaverroes.juntadeandalucia.es\/ceipborbolla\/wp-json\/wp\/v2\/media?parent=870"}],"curies":[{"name":"wp","href":"https:\/\/api.w.org\/{rel}","templated":true}]}}

<p style="text-align: justify">El aula matinal es un servicio que ofrece el centro a aquellas familias que tienen imposibilidad de traer a sus hijos/as al colegio por la mañana, por lo que este servicio funciona de 7,30 a 9 h.</p>
<p style="text-align: justify">La empresa que gestiona este servicio es Aires Creativos, con monitores especialistas.</p>
<p style="text-align: center"><a href="http://www.airescreativos.com/es/index.html" target="_blank" rel="noopener noreferrer">Web de Aires Creativos</a></p>
<p>&nbsp;</p>
<p style="text-align: justify">La entrada al aula se realiza por la calle Muñoz Seca, y allí son atendidos los niños cada mañana.&nbsp;</p>
<p style="text-align: justify">A las 9 h, cada alumno se dirige a su fila correspondiente, siendo acompañados, los más pequeños, por sus monitores hasta sus filas correspondientes.</p>
<p style="text-align: justify">&nbsp;</p>
<p>&nbsp;</p>
<ul>
<li><a href="http://blogsaverroes.juntadeandalucia.es/ceipborbolla/files/2015/12/pdf-icono.gif"><img loading="lazy" decoding="async" class=" size-full wp-image-2203 alignleft" src="http://blogsaverroes.juntadeandalucia.es/ceipborbolla/files/2015/12/pdf-icono.gif" alt="pdf-icono" width="18" height="18" srcset="https://blogsaverroes.juntadeandalucia.es/ceipborbolla/files/2015/12/pdf-icono.gif 18w, https://blogsaverroes.juntadeandalucia.es/ceipborbolla/files/2015/12/pdf-icono-100x100.gif 100w, https://blogsaverroes.juntadeandalucia.es/ceipborbolla/files/2015/12/pdf-icono-480x480.gif 480w" sizes="(max-width: 18px) 100vw, 18px" /></a><a href="https://www.juntadeandalucia.es/educacion/portals/delegate/content/6c4342f7-1581-4c26-bc7e-2e49b4b64cee/Anexo%20II.-%20Servicio%20de%20Aula%20Matinal,%20Comedor%20Escolar%20y%20actividades%20Extraescolares" target="_blank" rel="noopener noreferrer">Anexo II.- Servicio de Aula Matinal, Comedor Escolar y actividades Extraescolares</a></li>
<li><a href="http://blogsaverroes.juntadeandalucia.es/ceipborbolla/files/2015/12/pdf-icono.gif"><img loading="lazy" decoding="async" class=" size-full wp-image-2203 alignleft" src="http://blogsaverroes.juntadeandalucia.es/ceipborbolla/files/2015/12/pdf-icono.gif" alt="pdf-icono" width="18" height="18" srcset="https://blogsaverroes.juntadeandalucia.es/ceipborbolla/files/2015/12/pdf-icono.gif 18w, https://blogsaverroes.juntadeandalucia.es/ceipborbolla/files/2015/12/pdf-icono-100x100.gif 100w, https://blogsaverroes.juntadeandalucia.es/ceipborbolla/files/2015/12/pdf-icono-480x480.gif 480w" sizes="(max-width: 18px) 100vw, 18px" /></a><del>Precio servicios complementarios 19-7-2022</del></li>
<li><a href="http://blogsaverroes.juntadeandalucia.es/ceipborbolla/files/2015/12/pdf-icono.gif"><img loading="lazy" decoding="async" class=" size-full wp-image-2203 alignleft" src="http://blogsaverroes.juntadeandalucia.es/ceipborbolla/files/2015/12/pdf-icono.gif" alt="pdf-icono" width="18" height="18" srcset="https://blogsaverroes.juntadeandalucia.es/ceipborbolla/files/2015/12/pdf-icono.gif 18w, https://blogsaverroes.juntadeandalucia.es/ceipborbolla/files/2015/12/pdf-icono-100x100.gif 100w, https://blogsaverroes.juntadeandalucia.es/ceipborbolla/files/2015/12/pdf-icono-480x480.gif 480w" sizes="(max-width: 18px) 100vw, 18px" /></a><a href="https://blogsaverroes.juntadeandalucia.es/ceipborbolla/files/2020/01/Solicitud-Baja-PAF.pdf" target="_blank" rel="noopener noreferrer">Solicitud de baja servicios complementarios</a></li>
<li><a href="http://blogsaverroes.juntadeandalucia.es/ceipborbolla/files/2015/12/pdf-icono.gif"><img loading="lazy" decoding="async" class=" size-full wp-image-2203 alignleft" src="http://blogsaverroes.juntadeandalucia.es/ceipborbolla/files/2015/12/pdf-icono.gif" alt="pdf-icono" width="18" height="18" srcset="https://blogsaverroes.juntadeandalucia.es/ceipborbolla/files/2015/12/pdf-icono.gif 18w, https://blogsaverroes.juntadeandalucia.es/ceipborbolla/files/2015/12/pdf-icono-100x100.gif 100w, https://blogsaverroes.juntadeandalucia.es/ceipborbolla/files/2015/12/pdf-icono-480x480.gif 480w" sizes="(max-width: 18px) 100vw, 18px" /></a><a href="http://www.juntadeandalucia.es/educacion/portals/web/ced/aula-matinal" target="_blank" rel="noopener noreferrer">Normativa Web Consejería Educación</a></li>
</ul>

<p>El aula matinal es un servicio que ofrece el centro a aquellas familias que tienen imposibilidad de traer a sus hijos/as al colegio por la mañana, por lo que este servicio funciona de 7,30&#46;&#46;&#46;</p>
