{"id":9635,"date":"2025-11-17T19:43:20","date_gmt":"2025-11-17T18:43:20","guid":{"rendered":"https:\/\/blogsaverroes.juntadeandalucia.es\/ceipborbolla\/?page_id=9635"},"modified":"2025-11-18T01:34:03","modified_gmt":"2025-11-18T00:34:03","slug":"organigrama","status":"publish","type":"page","link":"https:\/\/blogsaverroes.juntadeandalucia.es\/ceipborbolla\/organigrama\/","title":{"rendered":"Organigrama"},"content":{"rendered":"<table style=\"border-collapse: collapse;width: 100%;height: 104px\">\n<tbody>\n<tr style=\"height: 56px\">\n<td class=\"has-text-align-center\" style=\"width: 36.2171%;height: 56px\" data-align=\"center\">Directora<\/td>\n<td style=\"width: 63.698%;height: 56px\">Violeta Cordob\u00e9s Campillo<\/td>\n<\/tr>\n<tr style=\"height: 24px\">\n<td class=\"has-text-align-center\" style=\"width: 36.2171%;height: 24px\" data-align=\"center\">Jefa de Estudios<\/td>\n<td style=\"width: 63.698%;height: 24px\">Concepci\u00f3n Mar\u00eda Prieto<\/td>\n<\/tr>\n<tr style=\"height: 24px\">\n<td class=\"has-text-align-center\" style=\"width: 36.2171%;height: 24px\" data-align=\"center\">Secretaria<\/td>\n<td style=\"width: 63.698%;height: 24px\">M\u00aa Jos\u00e9 Luque Oliva<\/td>\n<\/tr>\n<\/tbody>\n<\/table>\n","protected":false},"excerpt":{"rendered":"<p>Directora Violeta Cordob\u00e9s Campillo Jefa de Estudios Concepci\u00f3n Mar\u00eda Prieto Secretaria M\u00aa Jos\u00e9 Luque Oliva<\/p>\n","protected":false},"author":2371,"featured_media":0,"parent":0,"menu_order":0,"comment_status":"closed","ping_status":"closed","template":"","meta":{"ngg_post_thumbnail":0,"footnotes":"","_mc_calendar":[]},"aioseo_notices":[],"_links":{"self":[{"href":"https:\/\/blogsaverroes.juntadeandalucia.es\/ceipborbolla\/wp-json\/wp\/v2\/pages\/9635"}],"collection":[{"href":"https:\/\/blogsaverroes.juntadeandalucia.es\/ceipborbolla\/wp-json\/wp\/v2\/pages"}],"about":[{"href":"https:\/\/blogsaverroes.juntadeandalucia.es\/ceipborbolla\/wp-json\/wp\/v2\/types\/page"}],"author":[{"embeddable":true,"href":"https:\/\/blogsaverroes.juntadeandalucia.es\/ceipborbolla\/wp-json\/wp\/v2\/users\/2371"}],"replies":[{"embeddable":true,"href":"https:\/\/blogsaverroes.juntadeandalucia.es\/ceipborbolla\/wp-json\/wp\/v2\/comments?post=9635"}],"version-history":[{"count":1,"href":"https:\/\/blogsaverroes.juntadeandalucia.es\/ceipborbolla\/wp-json\/wp\/v2\/pages\/9635\/revisions"}],"predecessor-version":[{"id":9636,"href":"https:\/\/blogsaverroes.juntadeandalucia.es\/ceipborbolla\/wp-json\/wp\/v2\/pages\/9635\/revisions\/9636"}],"wp:attachment":[{"href":"https:\/\/blogsaverroes.juntadeandalucia.es\/ceipborbolla\/wp-json\/wp\/v2\/media?parent=9635"}],"curies":[{"name":"wp","href":"https:\/\/api.w.org\/{rel}","templated":true}]}}