{"id":42,"date":"2015-03-13T08:40:47","date_gmt":"2015-03-13T08:40:47","guid":{"rendered":"http:\/\/blogsaverroes.juntadeandalucia.es\/pre\/ceip\/?page_id=42"},"modified":"2025-09-23T10:50:04","modified_gmt":"2025-09-23T08:50:04","slug":"equipo-directivo","status":"publish","type":"page","link":"https:\/\/blogsaverroes.juntadeandalucia.es\/ceipbuenosaires\/equipo-directivo\/","title":{"rendered":"Equipo directivo"},"content":{"rendered":"<p>&nbsp;<\/p>\n<p><strong>Direcci\u00f3n: D.\u00aa M\u00aa Concepci\u00f3n Gavil\u00e1n \u00c1lvarez<\/strong><\/p>\n<p style=\"padding-left: 40px\">Tel\u00e9fono: 650 478 356&nbsp;<strong><br \/>\n<\/strong><\/p>\n<p><strong>Jefatura de estudios: D.\u00aa Gema M\u00aa Anillo Jim\u00e9nez<\/strong><\/p>\n<p style=\"padding-left: 40px\">Tel\u00e9fono:&nbsp;671 566 645<\/p>\n<p><strong>Secretar\u00eda: D. Angel C. Espinosa Pacheco <\/strong><\/p>\n<p style=\"padding-left: 40px\">Tel\u00e9fono: 600 140 494<\/p>\n<p>El horario de la atenci\u00f3n a familias del Equipo Directivo para el curso 22\/25 es el siguiente:<\/p>\n<p><a href=\"https:\/\/blogsaverroes.juntadeandalucia.es\/ceipbuenosaires\/equipo-directivo\/captura-desde-2025-09-23-10-47-29\/\" rel=\"attachment wp-att-3339\"><img loading=\"lazy\" decoding=\"async\" class=\"alignnone size-full wp-image-3339\" src=\"https:\/\/blogsaverroes.juntadeandalucia.es\/ceipbuenosaires\/files\/2025\/09\/Captura-desde-2025-09-23-10-47-29.png\" alt=\"\" width=\"1272\" height=\"964\" srcset=\"https:\/\/blogsaverroes.juntadeandalucia.es\/ceipbuenosaires\/files\/2025\/09\/Captura-desde-2025-09-23-10-47-29.png 1272w, https:\/\/blogsaverroes.juntadeandalucia.es\/ceipbuenosaires\/files\/2025\/09\/Captura-desde-2025-09-23-10-47-29-300x227.png 300w, https:\/\/blogsaverroes.juntadeandalucia.es\/ceipbuenosaires\/files\/2025\/09\/Captura-desde-2025-09-23-10-47-29-1024x776.png 1024w, https:\/\/blogsaverroes.juntadeandalucia.es\/ceipbuenosaires\/files\/2025\/09\/Captura-desde-2025-09-23-10-47-29-768x582.png 768w, https:\/\/blogsaverroes.juntadeandalucia.es\/ceipbuenosaires\/files\/2025\/09\/Captura-desde-2025-09-23-10-47-29-750x568.png 750w\" sizes=\"(max-width: 1272px) 100vw, 1272px\" \/><\/a><\/p>\n","protected":false},"excerpt":{"rendered":"<p>&nbsp; Direcci\u00f3n: D.\u00aa M\u00aa Concepci\u00f3n Gavil\u00e1n \u00c1lvarez Tel\u00e9fono: 650 478 356&nbsp; Jefatura de estudios: D.\u00aa Gema M\u00aa Anillo Jim\u00e9nez Tel\u00e9fono:&nbsp;671 566 645 Secretar\u00eda: D. Angel C. Espinosa Pacheco Tel\u00e9fono: 600 140 494 El horario de la atenci\u00f3n a familias del Equipo Directivo para el curso 22\/25 es el siguiente:<\/p>\n","protected":false},"author":1,"featured_media":0,"parent":0,"menu_order":0,"comment_status":"closed","ping_status":"open","template":"","meta":{"ngg_post_thumbnail":0,"footnotes":"","_mc_calendar":[]},"aioseo_notices":[],"_links":{"self":[{"href":"https:\/\/blogsaverroes.juntadeandalucia.es\/ceipbuenosaires\/wp-json\/wp\/v2\/pages\/42"}],"collection":[{"href":"https:\/\/blogsaverroes.juntadeandalucia.es\/ceipbuenosaires\/wp-json\/wp\/v2\/pages"}],"about":[{"href":"https:\/\/blogsaverroes.juntadeandalucia.es\/ceipbuenosaires\/wp-json\/wp\/v2\/types\/page"}],"author":[{"embeddable":true,"href":"https:\/\/blogsaverroes.juntadeandalucia.es\/ceipbuenosaires\/wp-json\/wp\/v2\/users\/1"}],"replies":[{"embeddable":true,"href":"https:\/\/blogsaverroes.juntadeandalucia.es\/ceipbuenosaires\/wp-json\/wp\/v2\/comments?post=42"}],"version-history":[{"count":17,"href":"https:\/\/blogsaverroes.juntadeandalucia.es\/ceipbuenosaires\/wp-json\/wp\/v2\/pages\/42\/revisions"}],"predecessor-version":[{"id":3341,"href":"https:\/\/blogsaverroes.juntadeandalucia.es\/ceipbuenosaires\/wp-json\/wp\/v2\/pages\/42\/revisions\/3341"}],"wp:attachment":[{"href":"https:\/\/blogsaverroes.juntadeandalucia.es\/ceipbuenosaires\/wp-json\/wp\/v2\/media?parent=42"}],"curies":[{"name":"wp","href":"https:\/\/api.w.org\/{rel}","templated":true}]}}

<p>&nbsp;</p>
<p><strong>Dirección: D.ª Mª Concepción Gavilán Álvarez</strong></p>
<p style="padding-left: 40px">Teléfono: 650 478 356&nbsp;<strong><br />
</strong></p>
<p><strong>Jefatura de estudios: D.ª Gema Mª Anillo Jiménez</strong></p>
<p style="padding-left: 40px">Teléfono:&nbsp;671 566 645</p>
<p><strong>Secretaría: D. Angel C. Espinosa Pacheco </strong></p>
<p style="padding-left: 40px">Teléfono: 600 140 494</p>
<p>El horario de la atención a familias del Equipo Directivo para el curso 22/25 es el siguiente:</p>
<p><a href="https://blogsaverroes.juntadeandalucia.es/ceipbuenosaires/equipo-directivo/captura-desde-2025-09-23-10-47-29/" rel="attachment wp-att-3339"><img loading="lazy" decoding="async" class="alignnone size-full wp-image-3339" src="https://blogsaverroes.juntadeandalucia.es/ceipbuenosaires/files/2025/09/Captura-desde-2025-09-23-10-47-29.png" alt="" width="1272" height="964" srcset="https://blogsaverroes.juntadeandalucia.es/ceipbuenosaires/files/2025/09/Captura-desde-2025-09-23-10-47-29.png 1272w, https://blogsaverroes.juntadeandalucia.es/ceipbuenosaires/files/2025/09/Captura-desde-2025-09-23-10-47-29-300x227.png 300w, https://blogsaverroes.juntadeandalucia.es/ceipbuenosaires/files/2025/09/Captura-desde-2025-09-23-10-47-29-1024x776.png 1024w, https://blogsaverroes.juntadeandalucia.es/ceipbuenosaires/files/2025/09/Captura-desde-2025-09-23-10-47-29-768x582.png 768w, https://blogsaverroes.juntadeandalucia.es/ceipbuenosaires/files/2025/09/Captura-desde-2025-09-23-10-47-29-750x568.png 750w" sizes="(max-width: 1272px) 100vw, 1272px" /></a></p>

<p>&nbsp; Dirección: D.ª Mª Concepción Gavilán Álvarez Teléfono: 650 478 356&nbsp; Jefatura de estudios: D.ª Gema Mª Anillo Jiménez Teléfono:&nbsp;671 566 645 Secretaría: D. Angel C. Espinosa Pacheco Teléfono: 600 140 494 El horario de la atención a familias del Equipo Directivo para el curso 22/25 es el siguiente:</p>
