{"id":2619,"date":"2025-03-13T10:13:21","date_gmt":"2025-03-13T10:13:21","guid":{"rendered":"https:\/\/blogsaverroes.juntadeandalucia.es\/ceipcampodegibraltar\/?page_id=2619"},"modified":"2025-03-14T10:11:24","modified_gmt":"2025-03-14T10:11:24","slug":"zona-transformacion-social","status":"publish","type":"page","link":"https:\/\/blogsaverroes.juntadeandalucia.es\/ceipcampodegibraltar\/zona-transformacion-social\/","title":{"rendered":"Zona Transformaci\u00f3n Social"},"content":{"rendered":"<p><strong>PROGRAMA DE ATENCI\u00d3N SOCIOEDUCATIVA EN ZONAS CON NECESIDADES DE TRANSFORMACI\u00d3N SOCIAL. (ZTS)<\/strong>.<\/p>\n<p>\u00bfQui\u00e9res saber m\u00e1s sobre este programa?<\/p>\n<p>Pincha en el siguiente enlace<\/p>\n<p><a href=\"https:\/\/blogsaverroes.juntadeandalucia.es\/ceipcampodegibraltar\/files\/2025\/03\/PROGRAMA-DE-ATENCION-SOCIO-EDUCATIVA-EN-ZONAS-CON-NECESIDADES-DE-TREANSFORMACION-SOCIAL-ZTS-1.pdf\">PROGRAMA DE ATENCI\u00d3N SOCIO EDUCATIVA EN ZONAS CON NECESIDADES DE TREANSFORMACI\u00d3N SOCIAL (ZTS) (1)<\/a><\/p>\n<p>&nbsp;<\/p>\n<p><strong>HAS FINALIZADO LA ETAPA DE INFANTIL, COMIENZAS UNA NUEVA \u00a1PRIMARIA! ENHORABUENA.<\/strong><\/p>\n<p><strong>\u00bfQUIERES SABER M\u00c1S SOBRE LA NUEVA ETAPA QUE COMIENZAS?&nbsp;<\/strong><\/p>\n<p>Pincha en el siguiente enlace y encontrar\u00e1s inform<a href=\"https:\/\/blogsaverroes.juntadeandalucia.es\/ceipcampodegibraltar\/files\/2025\/03\/Captura-de-pantalla-2025-03-14-103643.png\"><img loading=\"lazy\" decoding=\"async\" class=\"wp-image-2632 alignright\" src=\"https:\/\/blogsaverroes.juntadeandalucia.es\/ceipcampodegibraltar\/files\/2025\/03\/Captura-de-pantalla-2025-03-14-103643-149x300.png\" alt=\"\" width=\"77\" height=\"155\" srcset=\"https:\/\/blogsaverroes.juntadeandalucia.es\/ceipcampodegibraltar\/files\/2025\/03\/Captura-de-pantalla-2025-03-14-103643-149x300.png 149w, https:\/\/blogsaverroes.juntadeandalucia.es\/ceipcampodegibraltar\/files\/2025\/03\/Captura-de-pantalla-2025-03-14-103643.png 374w\" sizes=\"(max-width: 77px) 100vw, 77px\" \/><\/a>aci\u00f3n y consejos que esparamos te sea de utilidad.&nbsp;<\/p>\n<p><a href=\"https:\/\/blogsaverroes.juntadeandalucia.es\/ceipcampodegibraltar\/files\/2025\/03\/Triptico-Familias-5-anos-CEIP-Campo-de-Gibraltar-1.pdf\">Tr\u00edptico Familias 5 a\u00f1os CEIP Campo de Gibraltar (1)<\/a><\/p>\n<p>&nbsp;<\/p>\n<p>&nbsp;<\/p>\n<p>&nbsp;<\/p>\n<p>&nbsp;<\/p>\n<p><strong>\u00a1NOS VAMOS A SECUNDARIA!&nbsp; &nbsp; <a href=\"https:\/\/blogsaverroes.juntadeandalucia.es\/ceipcampodegibraltar\/files\/2025\/03\/Captura-de-pantalla-2025-03-13-103511.png\"><img loading=\"lazy\" decoding=\"async\" class=\" wp-image-2611 aligncenter\" src=\"https:\/\/blogsaverroes.juntadeandalucia.es\/ceipcampodegibraltar\/files\/2025\/03\/Captura-de-pantalla-2025-03-13-103511-300x168.png\" alt=\"\" width=\"246\" height=\"138\" srcset=\"https:\/\/blogsaverroes.juntadeandalucia.es\/ceipcampodegibraltar\/files\/2025\/03\/Captura-de-pantalla-2025-03-13-103511-300x168.png 300w, https:\/\/blogsaverroes.juntadeandalucia.es\/ceipcampodegibraltar\/files\/2025\/03\/Captura-de-pantalla-2025-03-13-103511-1024x574.png 1024w, https:\/\/blogsaverroes.juntadeandalucia.es\/ceipcampodegibraltar\/files\/2025\/03\/Captura-de-pantalla-2025-03-13-103511-768x431.png 768w, https:\/\/blogsaverroes.juntadeandalucia.es\/ceipcampodegibraltar\/files\/2025\/03\/Captura-de-pantalla-2025-03-13-103511.png 1138w\" sizes=\"(max-width: 246px) 100vw, 246px\" \/><\/a><\/strong><\/p>\n<p>Toda la informaci\u00f3n que necesitas saber junto a algunos consejos te lo dejamos en el siguiente enlace:<\/p>\n<p><a href=\"https:\/\/blogsaverroes.juntadeandalucia.es\/ceipcampodegibraltar\/files\/2025\/03\/\u00a1NOS-VAMOS-A-LA-ESO.pdf\">\u00a1NOS VAMOS A LA ESO!<\/a><\/p>\n<p>&nbsp;<\/p>\n","protected":false},"excerpt":{"rendered":"<p>PROGRAMA DE ATENCI\u00d3N SOCIOEDUCATIVA EN ZONAS CON NECESIDADES DE TRANSFORMACI\u00d3N SOCIAL. (ZTS). \u00bfQui\u00e9res saber m\u00e1s sobre este programa? Pincha en el siguiente enlace PROGRAMA DE ATENCI\u00d3N SOCIO EDUCATIVA EN ZONAS CON NECESIDADES DE TREANSFORMACI\u00d3N SOCIAL (ZTS) (1) &nbsp; HAS FINALIZADO LA ETAPA DE INFANTIL, COMIENZAS UNA NUEVA \u00a1PRIMARIA! ENHORABUENA. \u00bfQUIERES SABER M\u00c1S SOBRE LA NUEVA &hellip; <a href=\"https:\/\/blogsaverroes.juntadeandalucia.es\/ceipcampodegibraltar\/zona-transformacion-social\/\" class=\"more-link\">Seguir leyendo <span class=\"screen-reader-text\">Zona Transformaci\u00f3n Social<\/span> <span class=\"meta-nav\">&rarr;<\/span><\/a><\/p>\n","protected":false},"author":10932,"featured_media":0,"parent":0,"menu_order":0,"comment_status":"closed","ping_status":"closed","template":"","meta":{"ngg_post_thumbnail":0,"footnotes":"","_mc_calendar":[]},"aioseo_notices":[],"_links":{"self":[{"href":"https:\/\/blogsaverroes.juntadeandalucia.es\/ceipcampodegibraltar\/wp-json\/wp\/v2\/pages\/2619"}],"collection":[{"href":"https:\/\/blogsaverroes.juntadeandalucia.es\/ceipcampodegibraltar\/wp-json\/wp\/v2\/pages"}],"about":[{"href":"https:\/\/blogsaverroes.juntadeandalucia.es\/ceipcampodegibraltar\/wp-json\/wp\/v2\/types\/page"}],"author":[{"embeddable":true,"href":"https:\/\/blogsaverroes.juntadeandalucia.es\/ceipcampodegibraltar\/wp-json\/wp\/v2\/users\/10932"}],"replies":[{"embeddable":true,"href":"https:\/\/blogsaverroes.juntadeandalucia.es\/ceipcampodegibraltar\/wp-json\/wp\/v2\/comments?post=2619"}],"version-history":[{"count":6,"href":"https:\/\/blogsaverroes.juntadeandalucia.es\/ceipcampodegibraltar\/wp-json\/wp\/v2\/pages\/2619\/revisions"}],"predecessor-version":[{"id":2636,"href":"https:\/\/blogsaverroes.juntadeandalucia.es\/ceipcampodegibraltar\/wp-json\/wp\/v2\/pages\/2619\/revisions\/2636"}],"wp:attachment":[{"href":"https:\/\/blogsaverroes.juntadeandalucia.es\/ceipcampodegibraltar\/wp-json\/wp\/v2\/media?parent=2619"}],"curies":[{"name":"wp","href":"https:\/\/api.w.org\/{rel}","templated":true}]}}

Zona Transformación Social

<p><strong>PROGRAMA DE ATENCIÓN SOCIOEDUCATIVA EN ZONAS CON NECESIDADES DE TRANSFORMACIÓN SOCIAL. (ZTS)</strong>.</p>
<p>¿Quiéres saber más sobre este programa?</p>
<p>Pincha en el siguiente enlace</p>
<p><a href="https://blogsaverroes.juntadeandalucia.es/ceipcampodegibraltar/files/2025/03/PROGRAMA-DE-ATENCION-SOCIO-EDUCATIVA-EN-ZONAS-CON-NECESIDADES-DE-TREANSFORMACION-SOCIAL-ZTS-1.pdf">PROGRAMA DE ATENCIÓN SOCIO EDUCATIVA EN ZONAS CON NECESIDADES DE TREANSFORMACIÓN SOCIAL (ZTS) (1)</a></p>
<p>&nbsp;</p>
<p><strong>HAS FINALIZADO LA ETAPA DE INFANTIL, COMIENZAS UNA NUEVA ¡PRIMARIA! ENHORABUENA.</strong></p>
<p><strong>¿QUIERES SABER MÁS SOBRE LA NUEVA ETAPA QUE COMIENZAS?&nbsp;</strong></p>
<p>Pincha en el siguiente enlace y encontrarás inform<a href="https://blogsaverroes.juntadeandalucia.es/ceipcampodegibraltar/files/2025/03/Captura-de-pantalla-2025-03-14-103643.png"><img loading="lazy" decoding="async" class="wp-image-2632 alignright" src="https://blogsaverroes.juntadeandalucia.es/ceipcampodegibraltar/files/2025/03/Captura-de-pantalla-2025-03-14-103643-149x300.png" alt="" width="77" height="155" srcset="https://blogsaverroes.juntadeandalucia.es/ceipcampodegibraltar/files/2025/03/Captura-de-pantalla-2025-03-14-103643-149x300.png 149w, https://blogsaverroes.juntadeandalucia.es/ceipcampodegibraltar/files/2025/03/Captura-de-pantalla-2025-03-14-103643.png 374w" sizes="(max-width: 77px) 100vw, 77px" /></a>ación y consejos que esparamos te sea de utilidad.&nbsp;</p>
<p><a href="https://blogsaverroes.juntadeandalucia.es/ceipcampodegibraltar/files/2025/03/Triptico-Familias-5-anos-CEIP-Campo-de-Gibraltar-1.pdf">Tríptico Familias 5 años CEIP Campo de Gibraltar (1)</a></p>
<p>&nbsp;</p>
<p>&nbsp;</p>
<p>&nbsp;</p>
<p>&nbsp;</p>
<p><strong>¡NOS VAMOS A SECUNDARIA!&nbsp; &nbsp; <a href="https://blogsaverroes.juntadeandalucia.es/ceipcampodegibraltar/files/2025/03/Captura-de-pantalla-2025-03-13-103511.png"><img loading="lazy" decoding="async" class=" wp-image-2611 aligncenter" src="https://blogsaverroes.juntadeandalucia.es/ceipcampodegibraltar/files/2025/03/Captura-de-pantalla-2025-03-13-103511-300x168.png" alt="" width="246" height="138" srcset="https://blogsaverroes.juntadeandalucia.es/ceipcampodegibraltar/files/2025/03/Captura-de-pantalla-2025-03-13-103511-300x168.png 300w, https://blogsaverroes.juntadeandalucia.es/ceipcampodegibraltar/files/2025/03/Captura-de-pantalla-2025-03-13-103511-1024x574.png 1024w, https://blogsaverroes.juntadeandalucia.es/ceipcampodegibraltar/files/2025/03/Captura-de-pantalla-2025-03-13-103511-768x431.png 768w, https://blogsaverroes.juntadeandalucia.es/ceipcampodegibraltar/files/2025/03/Captura-de-pantalla-2025-03-13-103511.png 1138w" sizes="(max-width: 246px) 100vw, 246px" /></a></strong></p>
<p>Toda la información que necesitas saber junto a algunos consejos te lo dejamos en el siguiente enlace:</p>
<p><a href="https://blogsaverroes.juntadeandalucia.es/ceipcampodegibraltar/files/2025/03/¡NOS-VAMOS-A-LA-ESO.pdf">¡NOS VAMOS A LA ESO!</a></p>
<p>&nbsp;</p>

<p>PROGRAMA DE ATENCIÓN SOCIOEDUCATIVA EN ZONAS CON NECESIDADES DE TRANSFORMACIÓN SOCIAL. (ZTS). ¿Quiéres saber más sobre este programa? Pincha en el siguiente enlace PROGRAMA DE ATENCIÓN SOCIO EDUCATIVA EN ZONAS CON NECESIDADES DE TREANSFORMACIÓN SOCIAL (ZTS) (1) &nbsp; HAS FINALIZADO LA ETAPA DE INFANTIL, COMIENZAS UNA NUEVA ¡PRIMARIA! ENHORABUENA. ¿QUIERES SABER MÁS SOBRE LA NUEVA &hellip; <a href="https://blogsaverroes.juntadeandalucia.es/ceipcampodegibraltar/zona-transformacion-social/" class="more-link">Seguir leyendo <span class="screen-reader-text">Zona Transformación Social</span> <span class="meta-nav">&rarr;</span></a></p>
