{"id":2637,"date":"2025-03-14T10:25:52","date_gmt":"2025-03-14T10:25:52","guid":{"rendered":"https:\/\/blogsaverroes.juntadeandalucia.es\/ceipcampodegibraltar\/?page_id=2637"},"modified":"2025-03-17T11:08:51","modified_gmt":"2025-03-17T11:08:51","slug":"programa-equidad","status":"publish","type":"page","link":"https:\/\/blogsaverroes.juntadeandalucia.es\/ceipcampodegibraltar\/programa-equidad\/","title":{"rendered":"Programa + Equidad"},"content":{"rendered":"<p>El <em><strong>Programa M\u00e1s Equidad<\/strong> <\/em>se concibe como un conjunto de actuaciones dirigidas a potenciar la cultura inclusiva de los centros docentes y a mejorar el grado de adquisici\u00f3n de competencias a trav\u00e9s de la mejora de los recursos en el aula y\/o de la realizaci\u00f3n de experiencias innovadoras, activas y experimentales que promuevan el saber hacer del alumnado, partiendo de sus conocimientos y fomentando actitudes como la autonom\u00eda, la responsabilidad, el respeto y el trabajo en equipo, bajo los principios de la atenci\u00f3n a la diversidad y la igualdad de g\u00e9nero.<\/p>\n<p>En nuestro centro hemos optado por desarrollar el pensamiento computacional&nbsp; y tenemos como objetivos:<\/p>\n<ul>\n<li>Mejora de la competencia digital mediante el desarrollo de actividades que favorezcan el uso creativo, cr\u00edtico y seguro de las tecnolog\u00edas de la informaci\u00f3n y la comunicaci\u00f3n para alcanzar los objetivos relacionados con el trabajo, la empleabilidad, el aprendizaje, el uso del tiempo libre, la inclusi\u00f3n y participaci\u00f3n en la sociedad.<\/li>\n<li>Estimular en el alumnado el inter\u00e9s por la educaci\u00f3n mediante el uso de herramientas pedag\u00f3gicas innovadoras que conecten con sus intereses y motivaciones, adquiriendo estrategias que les permitan&nbsp;<a href=\"https:\/\/blogsaverroes.juntadeandalucia.es\/ceipcampodegibraltar\/files\/2025\/03\/IMG_20250314_104155.jpg\"><img loading=\"lazy\" decoding=\"async\" class=\"size-medium wp-image-2642 alignright\" src=\"https:\/\/blogsaverroes.juntadeandalucia.es\/ceipcampodegibraltar\/files\/2025\/03\/IMG_20250314_104155-225x300.jpg\" alt=\"\" width=\"225\" height=\"300\" srcset=\"https:\/\/blogsaverroes.juntadeandalucia.es\/ceipcampodegibraltar\/files\/2025\/03\/IMG_20250314_104155-225x300.jpg 225w, https:\/\/blogsaverroes.juntadeandalucia.es\/ceipcampodegibraltar\/files\/2025\/03\/IMG_20250314_104155-768x1024.jpg 768w, https:\/\/blogsaverroes.juntadeandalucia.es\/ceipcampodegibraltar\/files\/2025\/03\/IMG_20250314_104155-1152x1536.jpg 1152w, https:\/\/blogsaverroes.juntadeandalucia.es\/ceipcampodegibraltar\/files\/2025\/03\/IMG_20250314_104155-1536x2048.jpg 1536w, https:\/\/blogsaverroes.juntadeandalucia.es\/ceipcampodegibraltar\/files\/2025\/03\/IMG_20250314_104155.jpg 1200w\" sizes=\"(max-width: 225px) 100vw, 225px\" \/><\/a>en el entorno pr\u00f3ximo la adquisici\u00f3n y mejora de las competencias clave, reduciendo as\u00ed el abandono y absentismo escolar.<\/li>\n<li>Reforzar la escolarizaci\u00f3n del alumnado a trav\u00e9s de la realizaci\u00f3n de actividades socioeducativas y de impacto inmediato&nbsp;<\/li>\n<li>Fomentar la curiosidad y el inter\u00e9s por la ciencia y promover el pensamiento cr\u00edtico.<\/li>\n<li>Fomentar la colaboraci\u00f3n entre alumnos para la resoluci\u00f3n de acertijos y rompecabezas<\/li>\n<li>Promover la participaci\u00f3n activa de las alumnas en las materias STEAM.<\/li>\n<\/ul>\n<p>IM\u00c1GENES DEL PROGRAMA&nbsp;<\/p>\n<p><a href=\"https:\/\/blogsaverroes.juntadeandalucia.es\/ceipcampodegibraltar\/files\/2025\/03\/6.jpeg\"><img loading=\"lazy\" decoding=\"async\" class=\"size-medium wp-image-2667 alignright\" src=\"https:\/\/blogsaverroes.juntadeandalucia.es\/ceipcampodegibraltar\/files\/2025\/03\/6-225x300.jpeg\" alt=\"\" width=\"225\" height=\"300\" srcset=\"https:\/\/blogsaverroes.juntadeandalucia.es\/ceipcampodegibraltar\/files\/2025\/03\/6-225x300.jpeg 225w, https:\/\/blogsaverroes.juntadeandalucia.es\/ceipcampodegibraltar\/files\/2025\/03\/6-768x1024.jpeg 768w, https:\/\/blogsaverroes.juntadeandalucia.es\/ceipcampodegibraltar\/files\/2025\/03\/6-1152x1536.jpeg 1152w, https:\/\/blogsaverroes.juntadeandalucia.es\/ceipcampodegibraltar\/files\/2025\/03\/6.jpeg 1536w\" sizes=\"(max-width: 225px) 100vw, 225px\" \/><\/a><a href=\"https:\/\/blogsaverroes.juntadeandalucia.es\/ceipcampodegibraltar\/files\/2025\/03\/4.jpeg\"><img loading=\"lazy\" decoding=\"async\" class=\"alignleft size-medium wp-image-2668\" src=\"https:\/\/blogsaverroes.juntadeandalucia.es\/ceipcampodegibraltar\/files\/2025\/03\/4-225x300.jpeg\" alt=\"\" width=\"225\" height=\"300\" srcset=\"https:\/\/blogsaverroes.juntadeandalucia.es\/ceipcampodegibraltar\/files\/2025\/03\/4-225x300.jpeg 225w, https:\/\/blogsaverroes.juntadeandalucia.es\/ceipcampodegibraltar\/files\/2025\/03\/4-768x1024.jpeg 768w, https:\/\/blogsaverroes.juntadeandalucia.es\/ceipcampodegibraltar\/files\/2025\/03\/4-1152x1536.jpeg 1152w, https:\/\/blogsaverroes.juntadeandalucia.es\/ceipcampodegibraltar\/files\/2025\/03\/4.jpeg 1200w\" sizes=\"(max-width: 225px) 100vw, 225px\" \/><\/a><a href=\"https:\/\/blogsaverroes.juntadeandalucia.es\/ceipcampodegibraltar\/files\/2025\/03\/11.jpeg\"><img loading=\"lazy\" decoding=\"async\" class=\"size-medium wp-image-2666 aligncenter\" src=\"https:\/\/blogsaverroes.juntadeandalucia.es\/ceipcampodegibraltar\/files\/2025\/03\/11-300x225.jpeg\" alt=\"\" width=\"300\" height=\"225\" srcset=\"https:\/\/blogsaverroes.juntadeandalucia.es\/ceipcampodegibraltar\/files\/2025\/03\/11-300x225.jpeg 300w, https:\/\/blogsaverroes.juntadeandalucia.es\/ceipcampodegibraltar\/files\/2025\/03\/11-1024x768.jpeg 1024w, https:\/\/blogsaverroes.juntadeandalucia.es\/ceipcampodegibraltar\/files\/2025\/03\/11-768x576.jpeg 768w, https:\/\/blogsaverroes.juntadeandalucia.es\/ceipcampodegibraltar\/files\/2025\/03\/11-1536x1152.jpeg 1536w, https:\/\/blogsaverroes.juntadeandalucia.es\/ceipcampodegibraltar\/files\/2025\/03\/11.jpeg 1600w\" sizes=\"(max-width: 300px) 100vw, 300px\" \/><\/a><\/p>\n<p>&nbsp;<\/p>\n","protected":false},"excerpt":{"rendered":"<p>El Programa M\u00e1s Equidad se concibe como un conjunto de actuaciones dirigidas a potenciar la cultura inclusiva de los centros docentes y a mejorar el grado de adquisici\u00f3n de competencias a trav\u00e9s de la mejora de los recursos en el aula y\/o de la realizaci\u00f3n de experiencias innovadoras, activas y experimentales que promuevan el saber &hellip; <a href=\"https:\/\/blogsaverroes.juntadeandalucia.es\/ceipcampodegibraltar\/programa-equidad\/\" class=\"more-link\">Seguir leyendo <span class=\"screen-reader-text\">Programa + Equidad<\/span> <span class=\"meta-nav\">&rarr;<\/span><\/a><\/p>\n","protected":false},"author":10932,"featured_media":0,"parent":0,"menu_order":0,"comment_status":"closed","ping_status":"closed","template":"","meta":{"ngg_post_thumbnail":0,"footnotes":"","_mc_calendar":[]},"aioseo_notices":[],"_links":{"self":[{"href":"https:\/\/blogsaverroes.juntadeandalucia.es\/ceipcampodegibraltar\/wp-json\/wp\/v2\/pages\/2637"}],"collection":[{"href":"https:\/\/blogsaverroes.juntadeandalucia.es\/ceipcampodegibraltar\/wp-json\/wp\/v2\/pages"}],"about":[{"href":"https:\/\/blogsaverroes.juntadeandalucia.es\/ceipcampodegibraltar\/wp-json\/wp\/v2\/types\/page"}],"author":[{"embeddable":true,"href":"https:\/\/blogsaverroes.juntadeandalucia.es\/ceipcampodegibraltar\/wp-json\/wp\/v2\/users\/10932"}],"replies":[{"embeddable":true,"href":"https:\/\/blogsaverroes.juntadeandalucia.es\/ceipcampodegibraltar\/wp-json\/wp\/v2\/comments?post=2637"}],"version-history":[{"count":6,"href":"https:\/\/blogsaverroes.juntadeandalucia.es\/ceipcampodegibraltar\/wp-json\/wp\/v2\/pages\/2637\/revisions"}],"predecessor-version":[{"id":2669,"href":"https:\/\/blogsaverroes.juntadeandalucia.es\/ceipcampodegibraltar\/wp-json\/wp\/v2\/pages\/2637\/revisions\/2669"}],"wp:attachment":[{"href":"https:\/\/blogsaverroes.juntadeandalucia.es\/ceipcampodegibraltar\/wp-json\/wp\/v2\/media?parent=2637"}],"curies":[{"name":"wp","href":"https:\/\/api.w.org\/{rel}","templated":true}]}}