{"id":3754,"date":"2019-10-21T17:35:07","date_gmt":"2019-10-21T17:35:07","guid":{"rendered":"https:\/\/blogsaverroes.juntadeandalucia.es\/ceipcampodelsur\/?page_id=3754"},"modified":"2020-11-11T13:39:14","modified_gmt":"2020-11-11T12:39:14","slug":"aula-virtual-santillana","status":"publish","type":"page","link":"https:\/\/blogsaverroes.juntadeandalucia.es\/ceipcampodelsur\/aula-virtual-santillana\/","title":{"rendered":"AULA VIRTUAL SANTILLANA"},"content":{"rendered":"<p style=\"text-align: justify\">&nbsp;Todo el alumnado de Educaci\u00f3n Primaria puede acceder a los libros digitales de la editorial Santillana y a todos los recursos de que dispone.<a href=\"https:\/\/blogsaverroes.juntadeandalucia.es\/ceipcampodelsur\/files\/2020\/11\/Aula-virtual-5.png\"><img decoding=\"async\" class=\"size-medium wp-image-4321 alignleft\" src=\"https:\/\/blogsaverroes.juntadeandalucia.es\/ceipcampodelsur\/files\/2020\/11\/Aula-virtual-5-300x152.png\" alt=\"\" width=\"300\" height=\"152\" srcset=\"https:\/\/blogsaverroes.juntadeandalucia.es\/ceipcampodelsur\/files\/2020\/11\/Aula-virtual-5-300x152.png 300w, https:\/\/blogsaverroes.juntadeandalucia.es\/ceipcampodelsur\/files\/2020\/11\/Aula-virtual-5-768x389.png 768w, https:\/\/blogsaverroes.juntadeandalucia.es\/ceipcampodelsur\/files\/2020\/11\/Aula-virtual-5-24x12.png 24w, https:\/\/blogsaverroes.juntadeandalucia.es\/ceipcampodelsur\/files\/2020\/11\/Aula-virtual-5-36x18.png 36w, https:\/\/blogsaverroes.juntadeandalucia.es\/ceipcampodelsur\/files\/2020\/11\/Aula-virtual-5-48x24.png 48w, https:\/\/blogsaverroes.juntadeandalucia.es\/ceipcampodelsur\/files\/2020\/11\/Aula-virtual-5.png 929w\" sizes=\"(max-width: 300px) 100vw, 300px\" \/><\/a><\/p>\n<p>Accedemos haciendo clic en el enlace: <a href=\"http:\/\/aulavirtual.santillana.es\/avonline\/user\/login\">Aula Virtual Santillana<\/a> y se llega a la portada, donde hay que escribir el USUARIO y CONTRASE\u00d1A que se entreg\u00f3 en las clases y se peg\u00f3 en la agenda.<\/p>\n<h3>Para ver como acceder a los libros digitales ver la siguiente <a href=\"https:\/\/blogsaverroes.juntadeandalucia.es\/ceipcampodelsur\/files\/2020\/11\/Acceso-al-aula-virtual_21.pdf\">PRESENTACI\u00d3N<\/a><\/h3>\n<p>&nbsp;<\/p>\n","protected":false},"excerpt":{"rendered":"<p>&nbsp;Todo el alumnado de Educaci\u00f3n Primaria puede acceder a los libros digitales de la editorial Santillana y a todos los recursos de que dispone. Accedemos haciendo clic en el enlace: Aula Virtual Santillana y&#46;&#46;&#46;<\/p>\n","protected":false},"author":1906,"featured_media":0,"parent":0,"menu_order":0,"comment_status":"closed","ping_status":"closed","template":"","meta":{"ngg_post_thumbnail":0,"footnotes":""},"aioseo_notices":[],"_links":{"self":[{"href":"https:\/\/blogsaverroes.juntadeandalucia.es\/ceipcampodelsur\/wp-json\/wp\/v2\/pages\/3754"}],"collection":[{"href":"https:\/\/blogsaverroes.juntadeandalucia.es\/ceipcampodelsur\/wp-json\/wp\/v2\/pages"}],"about":[{"href":"https:\/\/blogsaverroes.juntadeandalucia.es\/ceipcampodelsur\/wp-json\/wp\/v2\/types\/page"}],"author":[{"embeddable":true,"href":"https:\/\/blogsaverroes.juntadeandalucia.es\/ceipcampodelsur\/wp-json\/wp\/v2\/users\/1906"}],"replies":[{"embeddable":true,"href":"https:\/\/blogsaverroes.juntadeandalucia.es\/ceipcampodelsur\/wp-json\/wp\/v2\/comments?post=3754"}],"version-history":[{"count":11,"href":"https:\/\/blogsaverroes.juntadeandalucia.es\/ceipcampodelsur\/wp-json\/wp\/v2\/pages\/3754\/revisions"}],"predecessor-version":[{"id":4322,"href":"https:\/\/blogsaverroes.juntadeandalucia.es\/ceipcampodelsur\/wp-json\/wp\/v2\/pages\/3754\/revisions\/4322"}],"wp:attachment":[{"href":"https:\/\/blogsaverroes.juntadeandalucia.es\/ceipcampodelsur\/wp-json\/wp\/v2\/media?parent=3754"}],"curies":[{"name":"wp","href":"https:\/\/api.w.org\/{rel}","templated":true}]}}