{"id":4063,"date":"2020-04-10T18:40:14","date_gmt":"2020-04-10T18:40:14","guid":{"rendered":"https:\/\/blogsaverroes.juntadeandalucia.es\/ceipcampodelsur\/?page_id=4063"},"modified":"2020-09-18T11:28:46","modified_gmt":"2020-09-18T09:28:46","slug":"moodle-centros","status":"publish","type":"page","link":"https:\/\/blogsaverroes.juntadeandalucia.es\/ceipcampodelsur\/moodle-centros\/","title":{"rendered":"MOODLE CENTROS"},"content":{"rendered":"<p>La plataforma educativa <a href=\"https:\/\/educacionadistancia.juntadeandalucia.es\/centros\/cadiz\/\" target=\"_blank\" rel=\"noopener noreferrer\">Moodle Centros<\/a>,&nbsp; es una herramienta de Software Libre y gratuito, que est\u00e1 concebida para ayudar al profesorado a crear comunidades de aprendizaje en l\u00ednea, facilitando la gesti\u00f3n de contenidos, la comunicaci\u00f3n y la evaluaci\u00f3n.<\/p>\n<p>Si alg\u00fan profesor o profesora pide que su alumnado acceda, debe utilizar su usuario y contrase\u00f1a, no el del padre o la madre.<\/p>\n<p>Si no las recuerda o no las tiene: <a href=\"https:\/\/blogsaverroes.juntadeandalucia.es\/ceipcampodelsur\/files\/2020\/04\/Credenciales_IdEA_Pasen_iPasen_rev.pdf\">Manual para generar las credenciales del alumnado con Pasen\/ipasen<\/a><\/p>\n<p>Para conocer todo lo que puedes hacer en Moodle Centros: <a href=\"https:\/\/blogsaverroes.juntadeandalucia.es\/ceipcampodelsur\/files\/2020\/04\/Gestion_Moodle_Centros_Alumnado_v3.pdf\">Manual de uso de Moodle Centros para el alumnado<\/a><\/p>\n<p>Al acceder se llega a la imagen siguiente, donde se escriben el usuario y la contrase\u00f1a. Hcer clic en la imagen para entrar.<\/p>\n<p>&nbsp;<\/p>\n<p><a href=\"https:\/\/educacionadistancia.juntadeandalucia.es\/centros\/cadiz\/login\/index.php\" target=\"_blank\" rel=\"noopener noreferrer\"><img fetchpriority=\"high\" decoding=\"async\" class=\"aligncenter wp-image-4064 size-full\" src=\"https:\/\/blogsaverroes.juntadeandalucia.es\/ceipcampodelsur\/files\/2020\/04\/acceso.png\" alt=\"\" width=\"586\" height=\"404\" srcset=\"https:\/\/blogsaverroes.juntadeandalucia.es\/ceipcampodelsur\/files\/2020\/04\/acceso.png 586w, https:\/\/blogsaverroes.juntadeandalucia.es\/ceipcampodelsur\/files\/2020\/04\/acceso-300x207.png 300w, https:\/\/blogsaverroes.juntadeandalucia.es\/ceipcampodelsur\/files\/2020\/04\/acceso-24x17.png 24w, https:\/\/blogsaverroes.juntadeandalucia.es\/ceipcampodelsur\/files\/2020\/04\/acceso-36x25.png 36w, https:\/\/blogsaverroes.juntadeandalucia.es\/ceipcampodelsur\/files\/2020\/04\/acceso-48x33.png 48w\" sizes=\"(max-width: 586px) 100vw, 586px\" \/><\/a><\/p>\n","protected":false},"excerpt":{"rendered":"<p>La plataforma educativa Moodle Centros,&nbsp; es una herramienta de Software Libre y gratuito, que est\u00e1 concebida para ayudar al profesorado a crear comunidades de aprendizaje en l\u00ednea, facilitando la gesti\u00f3n de contenidos, la comunicaci\u00f3n&#46;&#46;&#46;<\/p>\n","protected":false},"author":1906,"featured_media":0,"parent":0,"menu_order":0,"comment_status":"closed","ping_status":"closed","template":"","meta":{"ngg_post_thumbnail":0,"footnotes":""},"aioseo_notices":[],"_links":{"self":[{"href":"https:\/\/blogsaverroes.juntadeandalucia.es\/ceipcampodelsur\/wp-json\/wp\/v2\/pages\/4063"}],"collection":[{"href":"https:\/\/blogsaverroes.juntadeandalucia.es\/ceipcampodelsur\/wp-json\/wp\/v2\/pages"}],"about":[{"href":"https:\/\/blogsaverroes.juntadeandalucia.es\/ceipcampodelsur\/wp-json\/wp\/v2\/types\/page"}],"author":[{"embeddable":true,"href":"https:\/\/blogsaverroes.juntadeandalucia.es\/ceipcampodelsur\/wp-json\/wp\/v2\/users\/1906"}],"replies":[{"embeddable":true,"href":"https:\/\/blogsaverroes.juntadeandalucia.es\/ceipcampodelsur\/wp-json\/wp\/v2\/comments?post=4063"}],"version-history":[{"count":5,"href":"https:\/\/blogsaverroes.juntadeandalucia.es\/ceipcampodelsur\/wp-json\/wp\/v2\/pages\/4063\/revisions"}],"predecessor-version":[{"id":4282,"href":"https:\/\/blogsaverroes.juntadeandalucia.es\/ceipcampodelsur\/wp-json\/wp\/v2\/pages\/4063\/revisions\/4282"}],"wp:attachment":[{"href":"https:\/\/blogsaverroes.juntadeandalucia.es\/ceipcampodelsur\/wp-json\/wp\/v2\/media?parent=4063"}],"curies":[{"name":"wp","href":"https:\/\/api.w.org\/{rel}","templated":true}]}}