{"id":198,"date":"2015-03-17T09:55:36","date_gmt":"2015-03-17T09:55:36","guid":{"rendered":"http:\/\/blogsaverroes.juntadeandalucia.es\/pre\/ceip\/?page_id=198"},"modified":"2016-08-26T12:15:48","modified_gmt":"2016-08-26T10:15:48","slug":"que-es-el-ampa","status":"publish","type":"page","link":"https:\/\/blogsaverroes.juntadeandalucia.es\/ceipcapitancortes\/que-es-el-ampa\/","title":{"rendered":"\u00bfQu\u00e9 es el AMPA?"},"content":{"rendered":"<p style=\"text-align: justify\"><a href=\"http:\/\/blogsaverroes.juntadeandalucia.es\/ceipcapitancortes\/files\/2016\/07\/Logo-AMPA-BH.jpg\"><img loading=\"lazy\" decoding=\"async\" class=\"aligncenter wp-image-2346 size-medium\" src=\"http:\/\/blogsaverroes.juntadeandalucia.es\/ceipcapitancortes\/files\/2016\/07\/Logo-AMPA-BH-300x169.jpg\" alt=\"Logo AMPA BH\" width=\"300\" height=\"169\" srcset=\"https:\/\/blogsaverroes.juntadeandalucia.es\/ceipcapitancortes\/files\/2016\/07\/Logo-AMPA-BH-300x169.jpg 300w, https:\/\/blogsaverroes.juntadeandalucia.es\/ceipcapitancortes\/files\/2016\/07\/Logo-AMPA-BH-1024x577.jpg 1024w, https:\/\/blogsaverroes.juntadeandalucia.es\/ceipcapitancortes\/files\/2016\/07\/Logo-AMPA-BH.jpg 1058w\" sizes=\"(max-width: 300px) 100vw, 300px\" \/><\/a><a href=\"http:\/\/blogsaverroes.juntadeandalucia.es\/ceipcapitancortes\/files\/2015\/03\/familia.png\"><br \/>\n<\/a>El <strong>AMPA\u00a0BARTOLOM\u00c9 HERRERA<\/strong> es una asociaci\u00f3n sin \u00e1nimo de lucro que est\u00e1 formada por las madres y padres de todo el alumnado del Colegio.<\/p>\n<p style=\"text-align: justify\">Es un punto de encuentro y de trabajo independiente, abierto y plural.<\/p>\n<p style=\"text-align: justify\">Desde el AMPA podemos contribuir a la mejora de la calidad de la educaci\u00f3n, la convivencia del Centro y de sus instalaciones.<\/p>\n<h3 style=\"text-align: justify\">\u00bfPor qu\u00e9 es importante vuestra participaci\u00f3n?<\/h3>\n<p style=\"text-align: justify\">En el Colegio existen espacios de participaci\u00f3n, siendo el AMPA el \u00fanico espacio de participaci\u00f3n aut\u00f3nomo de madres y padres. El AMPA es importante porque:<\/p>\n<ul style=\"text-align: justify\">\n<li>somos corresponsables de la educaci\u00f3n que nuestras hijas\/os reciben en el Colegio.<\/li>\n<li>es un espacio para aportar iniciativas y trabajar en colaboraci\u00f3n con el Claustro de Profesorado y Equipo Directivo del Centro, sin depender de este.<\/li>\n<\/ul>\n<h3 style=\"text-align: justify\">\u00bfC\u00f3mo puedes participar?<\/h3>\n<p style=\"text-align: justify\">Participar en el AMPA es muy f\u00e1cil y cada familia decide su nivel de implicaci\u00f3n.<\/p>\n<ul style=\"text-align: justify\">\n<li>Podemos asociarnos en cualquier momento, aunque se entrega a las familias una ficha de inscripci\u00f3n con la matr\u00edcula en la que se indica la cuota anual que es por cada familia, no por cada ni\u00f1a\/o.<\/li>\n<li>Podemos tambi\u00e9n participar a trav\u00e9s de las asambleas, incorpor\u00e1ndote a las reuniones\u00a0abiertas que se convoquen.<\/li>\n<li>Podemos colaborar en los diferentes grupos de trabajo o\u00a0en actividades puntuales que se organizan desde el AMPA a lo largo del curso.<\/li>\n<li>Podemos proponer iniciativas, plantear temas de debate, organizar actividades, etc, dirigi\u00e9ndote a cualquier miembro de la Junta Directiva o a trav\u00e9s del blog.<\/li>\n<\/ul>\n<p style=\"text-align: justify\">Como ves, hay muchas formas de participar y es muy importante que m\u00e1s madres y\u00a0padres pasemos a la participa-ACCI\u00d3N,\u00a0\u00a0de forma activa y colectiva.<\/p>\n<h3 style=\"text-align: justify\">\u00bfPara qu\u00e9 sirve?<\/h3>\n<ul style=\"text-align: justify\">\n<li>Para defender y velar por el derecho a una educaci\u00f3n de calidad, democr\u00e1tica, atendiendo a las necesidades de todos los ni\u00f1os\/as y cr\u00edtica.<\/li>\n<li>Para promover la participaci\u00f3n de padres y madres en la vida del centro, defendiendo los intereses del alumnado y de toda la Comunidad Educativa.<\/li>\n<li>Para buscar soluciones de forma colectiva a temas relacionados con la ense\u00f1anza y educaci\u00f3n de nuestras hijas\/os.<\/li>\n<li>Para crear espacios de encuentro y trabajo con el resto de la Comunidad Educativa y con el entorno.<\/li>\n<li>Para crear espacios de reflexi\u00f3n y participaci\u00f3n compartida sobre la educaci\u00f3n de nuestras hija e hijos.<\/li>\n<li>Para participar en la gesti\u00f3n del Colegio a trav\u00e9s del Consejo Escolar.<\/li>\n<\/ul>\n<h3 style=\"text-align: justify\">\u00bfC\u00f3mo se financia?<\/h3>\n<p style=\"text-align: justify\">El AMPA se financia a trav\u00e9s de las cuotas de la familias asociadas.<br \/>\nLa cuota de socias\/os es el \u00fanico pago que realizan las familias y que gestiona el AMPA para el beneficio exclusivo de la Comunidad Educativa y, en definitiva, de la educaci\u00f3n que reciben nuestras hijas\/os en el Centro.<\/p>\n<p style=\"text-align: justify\">El art\u00edculo 12 del <em>Decreto 328\/2010, de 13 de julio<\/em> (ROC) recoge las Asociaciones de madres y padre del alumnado:<\/p>\n<p style=\"text-align: justify\">1. Las madres, padres y representantes legales del alumnado matriculado en los centros a los que se refiere el presente Reglamento podr\u00e1n asociarse de acuerdo con la normativa vigente.<\/p>\n<p style=\"text-align: justify\">2. Las asociaciones de madres y padres del alumnado tendr\u00e1n las finalidades que se establezcan en sus propios estatutos, entre las que se considerar\u00e1n, al menos, las siguientes:<\/p>\n<p style=\"text-align: justify\">a) Asistir a los padres, madres o representantes legales del alumnado en todo aquello que concierna a la educaci\u00f3n de sus hijos e hijas o menores bajo su guarda o tutela.<\/p>\n<p style=\"text-align: justify\">b) Colaborar en las actividades educativas del centro.<\/p>\n<p style=\"text-align: justify\">c) Promover la participaci\u00f3n de los padres, madres o representantes legales del alumnado en la gesti\u00f3n del centro.<\/p>\n<p style=\"text-align: justify\">3. Las asociaciones de madres y padres del alumnado tendr\u00e1n derecho a ser informadas de las actividades y r\u00e9gimen de funcionamiento del centro, de las evaluaciones de las que haya podido ser objeto, as\u00ed como del Plan de Centro establecido por el mismo.<\/p>\n<p style=\"text-align: justify\">4. Las asociaciones de madres y padres del alumnado se inscribir\u00e1n en el Censo de Entidades Colaboradoras de la Ense\u00f1anza, a que se refiere el Decreto 71\/2009, de 31 de marzo, por el que se regula el Censo de Entidades Colaboradoras de la Ense\u00f1anza.<\/p>\n<p style=\"text-align: justify\">5. Se facilitar\u00e1 la colaboraci\u00f3n de las asociaciones de madres y padres del alumnado con los equipos directivos de los centros, y la realizaci\u00f3n de acciones formativas en las que participen las familias y el profesorado.<\/p>\n<p style=\"text-align: justify\"><a href=\"http:\/\/issuu.com\/direcc_ceipcapi\/docs\/guia_portal_escuela_de_familias?e=6892618\/38211895\" target=\"_blank\">Gu\u00eda Escuela de Familias<\/a>, disponible tambi\u00e9n en el <a href=\"http:\/\/www.juntadeandalucia.es\/educacion\/webportal\/web\/escuela-de-familias\/portada\" target=\"_blank\">Portal Escuela de Familias<\/a>.<\/p>\n","protected":false},"excerpt":{"rendered":"<p>El AMPA\u00a0BARTOLOM\u00c9 HERRERA es una asociaci\u00f3n sin \u00e1nimo de lucro que est\u00e1 formada por las madres y padres de todo el alumnado del Colegio. Es un punto de encuentro y de trabajo independiente, abierto y plural. Desde el AMPA podemos contribuir a la mejora de la calidad de la educaci\u00f3n, la convivencia del Centro y &hellip; <\/p>\n<p class=\"link-more\"><a href=\"https:\/\/blogsaverroes.juntadeandalucia.es\/ceipcapitancortes\/que-es-el-ampa\/\" class=\"more-link\">Continuar leyendo<span class=\"screen-reader-text\"> \u00ab\u00bfQu\u00e9 es el AMPA?\u00bb<\/span><\/a><\/p>\n","protected":false},"author":1,"featured_media":0,"parent":0,"menu_order":0,"comment_status":"closed","ping_status":"open","template":"page-c.php","meta":{"ngg_post_thumbnail":0,"footnotes":"","_mc_calendar":[]},"aioseo_notices":[],"_links":{"self":[{"href":"https:\/\/blogsaverroes.juntadeandalucia.es\/ceipcapitancortes\/wp-json\/wp\/v2\/pages\/198"}],"collection":[{"href":"https:\/\/blogsaverroes.juntadeandalucia.es\/ceipcapitancortes\/wp-json\/wp\/v2\/pages"}],"about":[{"href":"https:\/\/blogsaverroes.juntadeandalucia.es\/ceipcapitancortes\/wp-json\/wp\/v2\/types\/page"}],"author":[{"embeddable":true,"href":"https:\/\/blogsaverroes.juntadeandalucia.es\/ceipcapitancortes\/wp-json\/wp\/v2\/users\/1"}],"replies":[{"embeddable":true,"href":"https:\/\/blogsaverroes.juntadeandalucia.es\/ceipcapitancortes\/wp-json\/wp\/v2\/comments?post=198"}],"version-history":[{"count":15,"href":"https:\/\/blogsaverroes.juntadeandalucia.es\/ceipcapitancortes\/wp-json\/wp\/v2\/pages\/198\/revisions"}],"predecessor-version":[{"id":2416,"href":"https:\/\/blogsaverroes.juntadeandalucia.es\/ceipcapitancortes\/wp-json\/wp\/v2\/pages\/198\/revisions\/2416"}],"wp:attachment":[{"href":"https:\/\/blogsaverroes.juntadeandalucia.es\/ceipcapitancortes\/wp-json\/wp\/v2\/media?parent=198"}],"curies":[{"name":"wp","href":"https:\/\/api.w.org\/{rel}","templated":true}]}}