{"id":2275,"date":"2016-07-22T01:57:45","date_gmt":"2016-07-21T23:57:45","guid":{"rendered":"http:\/\/blogsaverroes.juntadeandalucia.es\/ceipcapitancortes\/?page_id=2275"},"modified":"2016-07-22T22:08:16","modified_gmt":"2016-07-22T20:08:16","slug":"comedor-escolar","status":"publish","type":"page","link":"https:\/\/blogsaverroes.juntadeandalucia.es\/ceipcapitancortes\/comedor-escolar\/","title":{"rendered":"Comedor escolar"},"content":{"rendered":"<h4 style=\"text-align: left\">Comedor escolar<\/h4>\n<p style=\"text-align: justify\">Es un servicio complementario a disposici\u00f3n de madres y padres para ayudarles a\u00a0conciliar la vida laboral y familiar. Funciona todos los d\u00edas lectivos del curso de dos a cuatro de la tarde. Dado que tiene autorizadas CINCUENTA plazas, la admisi\u00f3n se llevar\u00e1 a cabo siguiendo los criterios del art\u00edculo 19.2 de la Orden de 3 de agosto de 2010 (BOJA n\u00fam. 158 de 12\/08\/2010).<\/p>\n<p>Los comedores son adem\u00e1s una pieza importante\u00a0en todas las medidas dirigidas a mejorar los h\u00e1bitos alimenticios de los ni\u00f1os y ni\u00f1as y prevenir problemas de salud como la obesidad.<\/p>\n<p style=\"text-align: justify\">Los comedores escolares de los centros p\u00fablicos andaluces promueven una alimentaci\u00f3n saludable que est\u00e1 supervisada por nutricionistas y que, entre otros aspectos, se caracteriza por:<\/p>\n<ul>\n<li>Una mayor proporci\u00f3n de verdura en los men\u00fas<img loading=\"lazy\" decoding=\"async\" class=\"size-medium wp-image-238 alignright\" src=\"http:\/\/blogsaverroes.juntadeandalucia.es\/ceipcapitancortes\/files\/2015\/03\/comida-300x173.jpg\" alt=\"comida\" width=\"300\" height=\"173\" srcset=\"https:\/\/blogsaverroes.juntadeandalucia.es\/ceipcapitancortes\/files\/2015\/03\/comida-300x173.jpg 300w, https:\/\/blogsaverroes.juntadeandalucia.es\/ceipcapitancortes\/files\/2015\/03\/comida.jpg 709w\" sizes=\"(max-width: 300px) 100vw, 300px\" \/><\/li>\n<li>Fruta fresca como postre al menos cuatro d\u00edas a la semana<\/li>\n<li>Uso de aceite de oliva virgen extra<\/li>\n<li>M\u00e1s pescado que carne, que debe ser magra<\/li>\n<li>Prohibici\u00f3n de los alimentos precocinados y limitaci\u00f3n de los fritos<\/li>\n<li>Apuesta por la dieta mediterr\u00e1nea y los productos ecol\u00f3gicos<\/li>\n<\/ul>\n<p><strong>Solicitudes y plazo de presentaci\u00f3n.\u00a0<\/strong><\/p>\n<p><strong>Criterios de admisi\u00f3n para el Comedor escolar<\/strong><\/p>\n<p>(Art. 19.2 de la Orden de 3 de agosto de 2010 (BOJA n\u00fam. 158 de 12\/08\/2010)<\/p>\n<p style=\"text-align: justify\">\u00ab<em>2. En el servicio complementario de comedor escolar cuando existan m\u00e1s solicitudes que plazas autorizadas, la admisi\u00f3n de los usuarios en el mismo, se realizara\u0301 de acuerdo con el siguiente orden de preferencia en la adjudicacio\u0301n de las plazas:<\/em><br \/>\n<em> a) Alumnado que este\u0301 obligado a desplazarse fuera de su localidad de residencia por inexistencia en la misma de la oferta de la etapa educativa obligatoria correspondiente, que tenga jornada con sesiones de man\u0303ana y tarde.<\/em><br \/>\n<em> b) Alumnado que, por motivos familiares, se encuentre en situacio\u0301n de dificultad social extrema o riesgo de exclusio\u0301n, incluyendo en este supuesto los hijos y las hijas de mujeres atendidas en centros de acogida para mujeres vi\u0301ctimas de la violencia de ge\u0301nero.<\/em><br \/>\n<em> c) Alumnado cuyos representantes legales o en el caso de familia monoparental, el representante legal, realicen una actividad laboral remunerada y no puedan atender a sus hijos o hijas en el horario del comedor escolar.<\/em><br \/>\n<em> d) Alumnado en el que uno de sus representantes legales realice una actividad laboral remunerada y no pueda atender a sus hijos o hijas en el horario del comedor escolar.<\/em><br \/>\n<em> e) En caso de no poder conceder plaza a todo el alumnado incluido en los grupos c) o d), la admisio\u0301n se regira\u0301 por los siguientes criterios:<\/em><br \/>\n<em> 1\u00ba. El alumnado solicitante que haya sido usuario del servicio de comedor escolar en el curso anterior.<\/em><br \/>\n<em> 2\u00ba. El alumnado de menor edad.<\/em><br \/>\n<em> El orden de admisio\u0301n se decidira\u0301 aplicando con cara\u0301cter sucesivo los anteriores criterios y si fuese necesario, se realizara\u0301 un sorteo pu\u0301blico ante el Consejo Escolar del centro.<\/em><br \/>\n<em> En cualquier caso, cuando sea admitido un solicitante, sera\u0301n admitidos tambie\u0301n los hermanos o hermanas que hayan solicitado el servicio de comedor escolar.<\/em>\u00ab<\/p>\n<p><strong>Normativa<\/strong><\/p>\n<p><strong>Empresa catering:\u00a0<\/strong><a href=\"http:\/\/www.royalmenucatering.es\/\" target=\"_blank\">http:\/\/www.royalmenucatering.es\/<\/a><\/p>\n<p><strong>Men\u00fas <\/strong>en <a href=\"http:\/\/www.royalmenucatering.es\/#!comedores-escolares\/c1yn8\" target=\"_blank\">este enlace<\/a>, aunque hay que registrarse previamente.<\/p>\n","protected":false},"excerpt":{"rendered":"<p>Comedor escolar Es un servicio complementario a disposici\u00f3n de madres y padres para ayudarles a\u00a0conciliar la vida laboral y familiar. Funciona todos los d\u00edas lectivos del curso de dos a cuatro de la tarde. Dado que tiene autorizadas CINCUENTA plazas, la admisi\u00f3n se llevar\u00e1 a cabo siguiendo los criterios del art\u00edculo 19.2 de la Orden &hellip; <\/p>\n<p class=\"link-more\"><a href=\"https:\/\/blogsaverroes.juntadeandalucia.es\/ceipcapitancortes\/comedor-escolar\/\" class=\"more-link\">Continuar leyendo<span class=\"screen-reader-text\"> \u00abComedor escolar\u00bb<\/span><\/a><\/p>\n","protected":false},"author":2591,"featured_media":0,"parent":0,"menu_order":0,"comment_status":"open","ping_status":"closed","template":"page-c.php","meta":{"ngg_post_thumbnail":0,"footnotes":"","_mc_calendar":[]},"aioseo_notices":[],"_links":{"self":[{"href":"https:\/\/blogsaverroes.juntadeandalucia.es\/ceipcapitancortes\/wp-json\/wp\/v2\/pages\/2275"}],"collection":[{"href":"https:\/\/blogsaverroes.juntadeandalucia.es\/ceipcapitancortes\/wp-json\/wp\/v2\/pages"}],"about":[{"href":"https:\/\/blogsaverroes.juntadeandalucia.es\/ceipcapitancortes\/wp-json\/wp\/v2\/types\/page"}],"author":[{"embeddable":true,"href":"https:\/\/blogsaverroes.juntadeandalucia.es\/ceipcapitancortes\/wp-json\/wp\/v2\/users\/2591"}],"replies":[{"embeddable":true,"href":"https:\/\/blogsaverroes.juntadeandalucia.es\/ceipcapitancortes\/wp-json\/wp\/v2\/comments?post=2275"}],"version-history":[{"count":2,"href":"https:\/\/blogsaverroes.juntadeandalucia.es\/ceipcapitancortes\/wp-json\/wp\/v2\/pages\/2275\/revisions"}],"predecessor-version":[{"id":2280,"href":"https:\/\/blogsaverroes.juntadeandalucia.es\/ceipcapitancortes\/wp-json\/wp\/v2\/pages\/2275\/revisions\/2280"}],"wp:attachment":[{"href":"https:\/\/blogsaverroes.juntadeandalucia.es\/ceipcapitancortes\/wp-json\/wp\/v2\/media?parent=2275"}],"curies":[{"name":"wp","href":"https:\/\/api.w.org\/{rel}","templated":true}]}}