{"id":2360,"date":"2016-07-28T14:37:32","date_gmt":"2016-07-28T12:37:32","guid":{"rendered":"http:\/\/blogsaverroes.juntadeandalucia.es\/ceipcapitancortes\/?page_id=2360"},"modified":"2016-07-28T14:45:19","modified_gmt":"2016-07-28T12:45:19","slug":"actividades-extraescolares","status":"publish","type":"page","link":"https:\/\/blogsaverroes.juntadeandalucia.es\/ceipcapitancortes\/actividades-extraescolares\/","title":{"rendered":"Actividades extraescolares"},"content":{"rendered":"<h1>Actividades extraescolares<\/h1>\n<p style=\"text-align: justify\">Dentro del Plan de Apoyo a las Familias, las actividades extraescolares son otro de los servicios que se ofrecen a la Comunidad Educativa. Est\u00e1n recogidas en la Secci\u00f3n 3\u00aa de la <em>ORDEN de 3 de agosto de 2010, por la que se regulan los servicios complementarios de la ense\u00f1anza de aula matinal, comedor escolar y actividades extraescolares en los centros docentes p\u00fablicos, as\u00ed como la ampliaci\u00f3n de horario<\/em> (BOJA n\u00fam. 158 de 12\/08\/2010):<\/p>\n<p style=\"text-align: justify\">Art\u00edculo 14. Actividades extraescolares.<br \/>\n1. De conformidad con lo establecido en el art\u00edculo 13.2\u00a0del Decreto 301\/2009, de 14 de julio, los centros docentes\u00a0p\u00fablicos que impartan el segundo ciclo de educaci\u00f3n infantil,\u00a0educaci\u00f3n primaria y educaci\u00f3n secundaria obligatoria podr\u00e1n\u00a0mantener abiertas sus instalaciones hasta las 18,00 horas, todos\u00a0los d\u00edas lectivos excepto los viernes, en los que el cierre\u00a0se realizar\u00e1 a las 16,00 horas, con la finalidad de programar\u00a0actividades de refuerzo y apoyo, dirigidas al alumnado que\u00a0presente dificultades de aprendizaje, y ofrecer actividades extraescolares\u00a0que aborden aspectos formativos de inter\u00e9s para\u00a0el alumnado.<br \/>\nAsimismo, en los centros espec\u00edficos de educaci\u00f3n especial\u00a0ser\u00e1 de aplicaci\u00f3n lo establecido en el p\u00e1rrafo anterior.<br \/>\n2. Se consideran actividades extraescolares las encaminadas\u00a0a potenciar la apertura del centro a su entorno y a procurar\u00a0la formaci\u00f3n integral del alumnado en aspectos referidos\u00a0a la ampliaci\u00f3n de su horizonte cultural, a la preparaci\u00f3n para\u00a0su inserci\u00f3n en la sociedad o del uso del tiempo libre.<br \/>\nPara ello se podr\u00e1n organizar actividades relacionadas o\u00a0incluidas en alguna de las siguientes \u00e1reas: idiomas, tecnolog\u00edas\u00a0de la informaci\u00f3n y comunicaci\u00f3n, deportes, expresi\u00f3n\u00a0pl\u00e1stica y art\u00edstica, talleres de lectura y escritura o actividades\u00a0de estudio dirigido.<br \/>\n3. Los centros docentes a los que se refiere el apartado 1,\u00a0ofertar\u00e1n cada d\u00eda de la semana, de lunes a jueves, de 16,00\u00a0a 18,00 horas, al menos dos actividades extraescolares distintas,\u00a0de una hora de duraci\u00f3n cada una de ellas. El c\u00f3mputo\u00a0semanal de cada actividad extraescolar ser\u00e1 de dos horas.<br \/>\n4. Las actividades extraescolares tendr\u00e1n car\u00e1cter voluntario\u00a0para todos los alumnos y alumnas y en ning\u00fan caso formar\u00e1n\u00a0parte del proceso de evaluaci\u00f3n del alumnado para la\u00a0superaci\u00f3n de las distintas \u00e1reas o materias que integran los\u00a0curr\u00edculos.<br \/>\n5. La utilizaci\u00f3n de este servicio deber\u00e1 solicitarse por\u00a0meses completos.<br \/>\n6. La baja en dicho servicio se solicitar\u00e1 con una antelaci\u00f3n\u00a0de, al menos, una semana al inicio del mes en que se<br \/>\npretenda hacer efectiva la baja.<\/p>\n<p style=\"text-align: justify\">Art\u00edculo 15. Atenci\u00f3n al alumnado en las actividades extraescolares.<br \/>\nLa atenci\u00f3n al alumnado en las actividades extraescolares\u00a0se realizar\u00e1 por personal que cuente con la formaci\u00f3n y cualificaci\u00f3n\u00a0adecuada a la actividad a desarrollar y que, al menos,\u00a0est\u00e9 en posesi\u00f3n de alguno de los t\u00edtulos de T\u00e9cnico Superior o\u00a0titulaci\u00f3n equivalente a efectos profesionales.<\/p>\n","protected":false},"excerpt":{"rendered":"<p>Actividades extraescolares Dentro del Plan de Apoyo a las Familias, las actividades extraescolares son otro de los servicios que se ofrecen a la Comunidad Educativa. Est\u00e1n recogidas en la Secci\u00f3n 3\u00aa de la ORDEN de 3 de agosto de 2010, por la que se regulan los servicios complementarios de la ense\u00f1anza de aula matinal, comedor &hellip; <\/p>\n<p class=\"link-more\"><a href=\"https:\/\/blogsaverroes.juntadeandalucia.es\/ceipcapitancortes\/actividades-extraescolares\/\" class=\"more-link\">Continuar leyendo<span class=\"screen-reader-text\"> \u00abActividades extraescolares\u00bb<\/span><\/a><\/p>\n","protected":false},"author":2591,"featured_media":0,"parent":0,"menu_order":0,"comment_status":"open","ping_status":"open","template":"page-c.php","meta":{"ngg_post_thumbnail":0,"footnotes":"","_mc_calendar":[]},"aioseo_notices":[],"_links":{"self":[{"href":"https:\/\/blogsaverroes.juntadeandalucia.es\/ceipcapitancortes\/wp-json\/wp\/v2\/pages\/2360"}],"collection":[{"href":"https:\/\/blogsaverroes.juntadeandalucia.es\/ceipcapitancortes\/wp-json\/wp\/v2\/pages"}],"about":[{"href":"https:\/\/blogsaverroes.juntadeandalucia.es\/ceipcapitancortes\/wp-json\/wp\/v2\/types\/page"}],"author":[{"embeddable":true,"href":"https:\/\/blogsaverroes.juntadeandalucia.es\/ceipcapitancortes\/wp-json\/wp\/v2\/users\/2591"}],"replies":[{"embeddable":true,"href":"https:\/\/blogsaverroes.juntadeandalucia.es\/ceipcapitancortes\/wp-json\/wp\/v2\/comments?post=2360"}],"version-history":[{"count":5,"href":"https:\/\/blogsaverroes.juntadeandalucia.es\/ceipcapitancortes\/wp-json\/wp\/v2\/pages\/2360\/revisions"}],"predecessor-version":[{"id":2366,"href":"https:\/\/blogsaverroes.juntadeandalucia.es\/ceipcapitancortes\/wp-json\/wp\/v2\/pages\/2360\/revisions\/2366"}],"wp:attachment":[{"href":"https:\/\/blogsaverroes.juntadeandalucia.es\/ceipcapitancortes\/wp-json\/wp\/v2\/media?parent=2360"}],"curies":[{"name":"wp","href":"https:\/\/api.w.org\/{rel}","templated":true}]}}

<h1>Actividades extraescolares</h1>
<p style="text-align: justify">Dentro del Plan de Apoyo a las Familias, las actividades extraescolares son otro de los servicios que se ofrecen a la Comunidad Educativa. Están recogidas en la Sección 3ª de la <em>ORDEN de 3 de agosto de 2010, por la que se regulan los servicios complementarios de la enseñanza de aula matinal, comedor escolar y actividades extraescolares en los centros docentes públicos, así como la ampliación de horario</em> (BOJA núm. 158 de 12/08/2010):</p>
<p style="text-align: justify">Artículo 14. Actividades extraescolares.<br />
1. De conformidad con lo establecido en el artículo 13.2 del Decreto 301/2009, de 14 de julio, los centros docentes públicos que impartan el segundo ciclo de educación infantil, educación primaria y educación secundaria obligatoria podrán mantener abiertas sus instalaciones hasta las 18,00 horas, todos los días lectivos excepto los viernes, en los que el cierre se realizará a las 16,00 horas, con la finalidad de programar actividades de refuerzo y apoyo, dirigidas al alumnado que presente dificultades de aprendizaje, y ofrecer actividades extraescolares que aborden aspectos formativos de interés para el alumnado.<br />
Asimismo, en los centros específicos de educación especial será de aplicación lo establecido en el párrafo anterior.<br />
2. Se consideran actividades extraescolares las encaminadas a potenciar la apertura del centro a su entorno y a procurar la formación integral del alumnado en aspectos referidos a la ampliación de su horizonte cultural, a la preparación para su inserción en la sociedad o del uso del tiempo libre.<br />
Para ello se podrán organizar actividades relacionadas o incluidas en alguna de las siguientes áreas: idiomas, tecnologías de la información y comunicación, deportes, expresión plástica y artística, talleres de lectura y escritura o actividades de estudio dirigido.<br />
3. Los centros docentes a los que se refiere el apartado 1, ofertarán cada día de la semana, de lunes a jueves, de 16,00 a 18,00 horas, al menos dos actividades extraescolares distintas, de una hora de duración cada una de ellas. El cómputo semanal de cada actividad extraescolar será de dos horas.<br />
4. Las actividades extraescolares tendrán carácter voluntario para todos los alumnos y alumnas y en ningún caso formarán parte del proceso de evaluación del alumnado para la superación de las distintas áreas o materias que integran los currículos.<br />
5. La utilización de este servicio deberá solicitarse por meses completos.<br />
6. La baja en dicho servicio se solicitará con una antelación de, al menos, una semana al inicio del mes en que se<br />
pretenda hacer efectiva la baja.</p>
<p style="text-align: justify">Artículo 15. Atención al alumnado en las actividades extraescolares.<br />
La atención al alumnado en las actividades extraescolares se realizará por personal que cuente con la formación y cualificación adecuada a la actividad a desarrollar y que, al menos, esté en posesión de alguno de los títulos de Técnico Superior o titulación equivalente a efectos profesionales.</p>

<p>Actividades extraescolares Dentro del Plan de Apoyo a las Familias, las actividades extraescolares son otro de los servicios que se ofrecen a la Comunidad Educativa. Están recogidas en la Sección 3ª de la ORDEN de 3 de agosto de 2010, por la que se regulan los servicios complementarios de la enseñanza de aula matinal, comedor &hellip; </p>
<p class="link-more"><a href="https://blogsaverroes.juntadeandalucia.es/ceipcapitancortes/actividades-extraescolares/" class="more-link">Continuar leyendo<span class="screen-reader-text"> «Actividades extraescolares»</span></a></p>
