{"id":2444,"date":"2016-08-29T00:37:35","date_gmt":"2016-08-28T22:37:35","guid":{"rendered":"http:\/\/blogsaverroes.juntadeandalucia.es\/ceipcapitancortes\/?page_id=2444"},"modified":"2021-01-28T13:19:59","modified_gmt":"2021-01-28T12:19:59","slug":"claustro","status":"publish","type":"page","link":"https:\/\/blogsaverroes.juntadeandalucia.es\/ceipcapitancortes\/claustro\/","title":{"rendered":"Claustro de Profesorado"},"content":{"rendered":"<p style=\"text-align: justify\">Ley Orga\u0301nica 2\/2006, de 3 de mayo, de Educacio\u0301n, texto consolidado 10\/12\/2013.&nbsp;Ley Org\u00e1nica 8\/2013, de 9 de diciembre, para la mejora de la calidad educativa (\u00abBOE\u00bb n\u00fam. 295, de 10\/12\/2013).<\/p>\n<p style=\"text-align: justify\"><span style=\"line-height: 1.6\">Arti\u0301culo 128. Composicio\u0301n. <\/span><\/p>\n<p style=\"text-align: justify\"><span style=\"line-height: 1.6\">1. El Claustro de profesores es el o\u0301rgano propio de participacio\u0301n de los profesores en el gobierno del centro y tiene la responsabilidad de planificar, coordinar, informar y, en su caso, decidir sobre todos los aspectos educativos del centro. <\/span><\/p>\n<p style=\"text-align: justify\"><span style=\"line-height: 1.6\">2. El Claustro sera\u0301 presidido por el director y estara\u0301 integrado por la totalidad de los profesores que presten servicio en el centro. <\/span><\/p>\n<p style=\"text-align: justify\"><span style=\"line-height: 1.6\">Arti\u0301culo 129. Competencias. <\/span><\/p>\n<p style=\"text-align: justify\"><span style=\"line-height: 1.6\">El Claustro de profesores tendra\u0301 las siguientes competencias: <\/span><\/p>\n<p style=\"text-align: justify\"><span style=\"line-height: 1.6\">a) Formular al equipo directivo y al Consejo Escolar propuestas para la elaboracio\u0301n de los proyectos del centro y de la programacio\u0301n general anual. <\/span><\/p>\n<p style=\"text-align: justify\"><span style=\"line-height: 1.6\">b) Aprobar y evaluar la concrecio\u0301n del curri\u0301culo y todos los aspectos educativos de los proyectos y de la programacio\u0301n general anual. <\/span><\/p>\n<p style=\"text-align: justify\"><span style=\"line-height: 1.6\">c) Fijar los criterios referentes a la orientacio\u0301n, tutori\u0301a, evaluacio\u0301n y recuperacio\u0301n de los alumnos. <\/span><\/p>\n<p style=\"text-align: justify\"><span style=\"line-height: 1.6\">d) Promover iniciativas en el a\u0301mbito de la experimentacio\u0301n y de la investigacio\u0301n pedago\u0301gica y en la formacio\u0301n del profesorado del centro. <\/span><\/p>\n<p style=\"text-align: justify\"><span style=\"line-height: 1.6\">e) Elegir sus representantes en el Consejo Escolar del centro y participar en la seleccio\u0301n del director en los te\u0301rminos establecidos por la presente Ley. <\/span><\/p>\n<p style=\"text-align: justify\"><span style=\"line-height: 1.6\">f) Conocer las candidaturas a la direccio\u0301n y los proyectos de direccio\u0301n presentados por los candidatos. <\/span><\/p>\n<p style=\"text-align: justify\"><span style=\"line-height: 1.6\">g) Analizar y valorar el funcionamiento general del centro, la evolucio\u0301n del rendimiento escolar y los resultados de las evaluaciones internas y externas en las que participe el centro. <\/span><\/p>\n<p style=\"text-align: justify\"><span style=\"line-height: 1.6\">h) Informar las normas de organizacio\u0301n y funcionamiento del centro. <\/span><\/p>\n<p style=\"text-align: justify\"><span style=\"line-height: 1.6\">i) Conocer la resolucio\u0301n de conflictos disciplinarios y la imposicio\u0301n de sanciones y velar por que e\u0301stas se atengan a la normativa vigente. j) Proponer medidas e iniciativas que favorezcan la convivencia en el centro. <\/span><\/p>\n<p style=\"text-align: justify\"><span style=\"line-height: 1.6\">k) Cualesquiera otras que le sean atribuidas por la Administracio\u0301n educativa o por las respectivas normas de organizacio\u0301n y funcionamiento.<\/span><\/p>\n<p style=\"text-align: justify\">LEY 17\/2007, de 10 de diciembre, de Educaci\u00f3n de Andaluc\u00eda.<\/p>\n<p style=\"text-align: justify\"><span style=\"line-height: 1.6\">Arti\u0301culo 136. Composicio\u0301n y competencias.<\/span><\/p>\n<p style=\"text-align: justify\">1. El Claustro de Profesorado es el o\u0301rgano de participacio\u0301n del profesorado en el gobierno del centro, que tiene la responsabilidad de planificar, coordinar y, en su caso, decidir sobre todos los aspectos educativos del mismo. Estara\u0301 integrado por todos los profesores y profesoras que prestan servicio en el centro, recayendo su presidencia en el director o directora.<\/p>\n<p style=\"text-align: justify\">2. Reglamentariamente, se determinara\u0301n las competencias del Claustro de Profesorado de los centros docentes sostenidos con fondos pu\u0301blicos de acuerdo con lo establecido en el arti\u0301culo 129 y en la disposicio\u0301n adicional decimose\u0301ptima de la Ley Orga\u0301nica 2\/2006, de 3 de mayo.<\/p>\n<p>JUBILACIONES<\/p>\n<p>Un maestro puede tener un gran impacto en nuestras vidas.&nbsp;A partir de una edad temprana, ayudan a guiarnos a medida que crecemos; y a medida que nos hacemos grandes, pueden dar forma a lo que logremos m\u00e1s adelante en la vida, sea eso tanto en nuestra carrera como en nuestra vida personal.&nbsp;Entonces, un buen maestro es una bendici\u00f3n absoluta, por eso, cuando uno de esos maestros importantes decide retirarse, debemos celebrar el papel que han tenido.<\/p>\n<p>Debido a la pandemia mundial que atravesamos, tenemos pendiente realizar un acto de reconocimiento a tres maestros de nuestro Centro que recientemente se han jubilado.&nbsp;<\/p>\n<p>D. Juan Carlos Montoro G\u00fceto: maestro de Educaci\u00f3n Primaria en nuestro Colegio desde el a\u00f1o 2002. Amante del deporte y de la vida sana, supo plasmar esa pasi\u00f3n en sus alumnos. Toda una vida dedicada a la docencia que ha dejado un recuerdo en nuestras aulas imposible de olvidar. Has trabajado duro ayudando a los ni\u00f1os durante tantos a\u00f1os. Te has ganado la admiraci\u00f3n y el respeto de toda nuestra Comunidad Educativa. Es hora de mirar atr\u00e1s con satisfacci\u00f3n y orgullo.&nbsp;<\/p>\n<p><a href=\"https:\/\/blogsaverroes.juntadeandalucia.es\/ceipcapitancortes\/files\/2021\/01\/WhatsApp-Image-2021-01-28-at-10.50.19.jpeg\"><img loading=\"lazy\" decoding=\"async\" class=\"aligncenter size-full wp-image-2650\" src=\"https:\/\/blogsaverroes.juntadeandalucia.es\/ceipcapitancortes\/files\/2021\/01\/WhatsApp-Image-2021-01-28-at-10.50.19.jpeg\" alt=\"\" width=\"1048\" height=\"834\" srcset=\"https:\/\/blogsaverroes.juntadeandalucia.es\/ceipcapitancortes\/files\/2021\/01\/WhatsApp-Image-2021-01-28-at-10.50.19.jpeg 1048w, https:\/\/blogsaverroes.juntadeandalucia.es\/ceipcapitancortes\/files\/2021\/01\/WhatsApp-Image-2021-01-28-at-10.50.19-300x239.jpeg 300w, https:\/\/blogsaverroes.juntadeandalucia.es\/ceipcapitancortes\/files\/2021\/01\/WhatsApp-Image-2021-01-28-at-10.50.19-1024x815.jpeg 1024w, https:\/\/blogsaverroes.juntadeandalucia.es\/ceipcapitancortes\/files\/2021\/01\/WhatsApp-Image-2021-01-28-at-10.50.19-768x611.jpeg 768w, https:\/\/blogsaverroes.juntadeandalucia.es\/ceipcapitancortes\/files\/2021\/01\/WhatsApp-Image-2021-01-28-at-10.50.19-24x19.jpeg 24w, https:\/\/blogsaverroes.juntadeandalucia.es\/ceipcapitancortes\/files\/2021\/01\/WhatsApp-Image-2021-01-28-at-10.50.19-36x29.jpeg 36w, https:\/\/blogsaverroes.juntadeandalucia.es\/ceipcapitancortes\/files\/2021\/01\/WhatsApp-Image-2021-01-28-at-10.50.19-48x38.jpeg 48w\" sizes=\"(max-width: 767px) 89vw, (max-width: 1000px) 54vw, (max-width: 1071px) 543px, 580px\" \/><\/a><\/p>\n<p>D. Bartolom\u00e9 Hern\u00e1ndez Navarro: maestro de Educaci\u00f3n Primaria. Maestro de vocaci\u00f3n que ha dedicado todo su tiempo a mejorar los procesos de ense\u00f1anza y aprendizaje. Permanecer\u00e1s para siempre en los corazones de los ni\u00f1os que has tocado. Has entregado tu tiempo y talento de muchas maneras diferentes.&nbsp;<strong>Podr\u00e1s saborear los muchos recuerdos que has creado a lo largo de los a\u00f1os<\/strong> mientras disfrutas cada momento de tu vida y los muchos d\u00edas por venir. Te deseamos toda la felicidad en tu merecida jubilaci\u00f3n.<\/p>\n<p><a href=\"https:\/\/blogsaverroes.juntadeandalucia.es\/ceipcapitancortes\/files\/2021\/01\/WhatsApp-Image-2021-01-28-at-10.59.50.jpeg\"><img loading=\"lazy\" decoding=\"async\" class=\"aligncenter size-full wp-image-2653\" src=\"https:\/\/blogsaverroes.juntadeandalucia.es\/ceipcapitancortes\/files\/2021\/01\/WhatsApp-Image-2021-01-28-at-10.59.50.jpeg\" alt=\"\" width=\"1080\" height=\"1080\" srcset=\"https:\/\/blogsaverroes.juntadeandalucia.es\/ceipcapitancortes\/files\/2021\/01\/WhatsApp-Image-2021-01-28-at-10.59.50.jpeg 1080w, https:\/\/blogsaverroes.juntadeandalucia.es\/ceipcapitancortes\/files\/2021\/01\/WhatsApp-Image-2021-01-28-at-10.59.50-300x300.jpeg 300w, https:\/\/blogsaverroes.juntadeandalucia.es\/ceipcapitancortes\/files\/2021\/01\/WhatsApp-Image-2021-01-28-at-10.59.50-1024x1024.jpeg 1024w, https:\/\/blogsaverroes.juntadeandalucia.es\/ceipcapitancortes\/files\/2021\/01\/WhatsApp-Image-2021-01-28-at-10.59.50-150x150.jpeg 150w, https:\/\/blogsaverroes.juntadeandalucia.es\/ceipcapitancortes\/files\/2021\/01\/WhatsApp-Image-2021-01-28-at-10.59.50-768x768.jpeg 768w, https:\/\/blogsaverroes.juntadeandalucia.es\/ceipcapitancortes\/files\/2021\/01\/WhatsApp-Image-2021-01-28-at-10.59.50-100x100.jpeg 100w, https:\/\/blogsaverroes.juntadeandalucia.es\/ceipcapitancortes\/files\/2021\/01\/WhatsApp-Image-2021-01-28-at-10.59.50-24x24.jpeg 24w, https:\/\/blogsaverroes.juntadeandalucia.es\/ceipcapitancortes\/files\/2021\/01\/WhatsApp-Image-2021-01-28-at-10.59.50-36x36.jpeg 36w, https:\/\/blogsaverroes.juntadeandalucia.es\/ceipcapitancortes\/files\/2021\/01\/WhatsApp-Image-2021-01-28-at-10.59.50-48x48.jpeg 48w\" sizes=\"(max-width: 767px) 89vw, (max-width: 1000px) 54vw, (max-width: 1071px) 543px, 580px\" \/><\/a><\/p>\n<p>D. Manuel Tito Mart\u00ednez Peinado, maestro de EF y Director del Centro desde el a\u00f1o 2005. Ha acometido importantes mejoras en el Centro durante su ejercicio en la Direcci\u00f3n acompa\u00f1ado de su buen hacer, esp\u00edritu de superaci\u00f3n y una incansable l\u00ednea de trabajo mostrando su vocaci\u00f3n y amor por la ense\u00f1anza en todos los alumnos. &nbsp;Siempre ser\u00e1s recordado como un maestro atento y en\u00e9rgico. <strong>Mientras planificas el futuro y pasas a vivir muchas experiencias nuevas<\/strong>, espero que tengas una jubilaci\u00f3n larga y pr\u00f3spera. &nbsp;Si el mundo tuviera m\u00e1s personas como t\u00fa, ser\u00eda un lugar mucho mejor.&nbsp;<strong>Somos quienes somos hoy gracias a sus esfuerzos como&nbsp; Director, maestro&nbsp; y l\u00edder del Colegio CAPIT\u00c1N CORT\u00c9S.<\/strong><\/p>\n<p><a href=\"https:\/\/blogsaverroes.juntadeandalucia.es\/ceipcapitancortes\/files\/2021\/01\/Manolo.jpg\"><img loading=\"lazy\" decoding=\"async\" class=\"aligncenter size-full wp-image-2652\" src=\"https:\/\/blogsaverroes.juntadeandalucia.es\/ceipcapitancortes\/files\/2021\/01\/Manolo.jpg\" alt=\"\" width=\"450\" height=\"800\" srcset=\"https:\/\/blogsaverroes.juntadeandalucia.es\/ceipcapitancortes\/files\/2021\/01\/Manolo.jpg 450w, https:\/\/blogsaverroes.juntadeandalucia.es\/ceipcapitancortes\/files\/2021\/01\/Manolo-169x300.jpg 169w, https:\/\/blogsaverroes.juntadeandalucia.es\/ceipcapitancortes\/files\/2021\/01\/Manolo-14x24.jpg 14w, https:\/\/blogsaverroes.juntadeandalucia.es\/ceipcapitancortes\/files\/2021\/01\/Manolo-20x36.jpg 20w, https:\/\/blogsaverroes.juntadeandalucia.es\/ceipcapitancortes\/files\/2021\/01\/Manolo-27x48.jpg 27w\" sizes=\"(max-width: 450px) 100vw, 450px\" \/><\/a><\/p>\n<p><strong>La mejor parte de la ense\u00f1anza es tocar los corazones de los estudiantes y eso permanecer\u00e1 con vosotros por el resto de vuestras vida<\/strong>.<\/p>\n<p>D\u00aa. Alma C\u00e1mara, Concejala de Educaci\u00f3n se suma a este reconocimiento para estos docentes que han escrito en may\u00fascula&nbsp; las p\u00e1ginas de la historia de nuestro Colegio. \u00abAgradecer su compromiso, su trabajo, su esfuerzo diario por dejar los mejores a\u00f1os de su vida en aprender y dejar lo mejor de lo aprendido en much\u00edsimos alumnos y alumnas de nuestro municipio. Desde el Ayuntamiento de And\u00fajar desearle lo mejor en esta nueva etapa y animarles a que sigan contribuyendo a esta sociedad todo lo bueno que han aportado desde las aulas\u00bb.&nbsp;<\/p>\n","protected":false},"excerpt":{"rendered":"<p>Ley Orga\u0301nica 2\/2006, de 3 de mayo, de Educacio\u0301n, texto consolidado 10\/12\/2013.&nbsp;Ley Org\u00e1nica 8\/2013, de 9 de diciembre, para la mejora de la calidad educativa (\u00abBOE\u00bb n\u00fam. 295, de 10\/12\/2013). Arti\u0301culo 128. Composicio\u0301n. 1. El Claustro de profesores es el o\u0301rgano propio de participacio\u0301n de los profesores en el gobierno del centro y tiene la &hellip; <\/p>\n<p class=\"link-more\"><a href=\"https:\/\/blogsaverroes.juntadeandalucia.es\/ceipcapitancortes\/claustro\/\" class=\"more-link\">Continuar leyendo<span class=\"screen-reader-text\"> \u00abClaustro de Profesorado\u00bb<\/span><\/a><\/p>\n","protected":false},"author":2591,"featured_media":0,"parent":0,"menu_order":0,"comment_status":"open","ping_status":"open","template":"page-c.php","meta":{"ngg_post_thumbnail":0,"footnotes":"","_mc_calendar":[]},"aioseo_notices":[],"_links":{"self":[{"href":"https:\/\/blogsaverroes.juntadeandalucia.es\/ceipcapitancortes\/wp-json\/wp\/v2\/pages\/2444"}],"collection":[{"href":"https:\/\/blogsaverroes.juntadeandalucia.es\/ceipcapitancortes\/wp-json\/wp\/v2\/pages"}],"about":[{"href":"https:\/\/blogsaverroes.juntadeandalucia.es\/ceipcapitancortes\/wp-json\/wp\/v2\/types\/page"}],"author":[{"embeddable":true,"href":"https:\/\/blogsaverroes.juntadeandalucia.es\/ceipcapitancortes\/wp-json\/wp\/v2\/users\/2591"}],"replies":[{"embeddable":true,"href":"https:\/\/blogsaverroes.juntadeandalucia.es\/ceipcapitancortes\/wp-json\/wp\/v2\/comments?post=2444"}],"version-history":[{"count":7,"href":"https:\/\/blogsaverroes.juntadeandalucia.es\/ceipcapitancortes\/wp-json\/wp\/v2\/pages\/2444\/revisions"}],"predecessor-version":[{"id":2654,"href":"https:\/\/blogsaverroes.juntadeandalucia.es\/ceipcapitancortes\/wp-json\/wp\/v2\/pages\/2444\/revisions\/2654"}],"wp:attachment":[{"href":"https:\/\/blogsaverroes.juntadeandalucia.es\/ceipcapitancortes\/wp-json\/wp\/v2\/media?parent=2444"}],"curies":[{"name":"wp","href":"https:\/\/api.w.org\/{rel}","templated":true}]}}