{"id":44,"date":"2015-03-13T08:42:15","date_gmt":"2015-03-13T08:42:15","guid":{"rendered":"http:\/\/blogsaverroes.juntadeandalucia.es\/pre\/ceip\/?page_id=44"},"modified":"2020-11-04T09:49:04","modified_gmt":"2020-11-04T08:49:04","slug":"planes-y-proyectos","status":"publish","type":"page","link":"https:\/\/blogsaverroes.juntadeandalucia.es\/ceipcapitancortes\/planes-y-proyectos\/","title":{"rendered":"Planes y Programas"},"content":{"rendered":"<p><a href=\"https:\/\/blogsaverroes.juntadeandalucia.es\/ceipcapitancortes\/files\/2020\/11\/Captura-de-pantalla-2020-01-13-a-las-23.15.12-1024x655-1.png\"><img \/><\/p>\n<p>Cada centro personaliza y adapta su Proyecto Educativo adheriendose a diferentes <strong>Planes y Programas<\/strong> promovidos desde la Consejer\u00eda de Educaci\u00f3n, Cultura y Deporte.<\/p>\n<p>Este apartado recoger\u00eda la descripci\u00f3n, finalidades, actividades, coordinador\/a, etc. de estos Planes y Programas desarrollados por el centro. A continuaci\u00f3n se muestran algunos de ellos.<\/p>\n<ul>\n<li><strong>Plan de Convivencia<\/strong><\/li>\n<li><strong>Plan de igualdad.<\/strong><\/li>\n<li><strong>Plan de apertura.<\/strong><\/li>\n<li><strong>Proyecto biling\u00fce.<\/strong><\/li>\n<li><strong>Programa deporte en la escuela.<\/strong><\/li>\n<li><strong>Escuela espacio de paz.<\/strong><\/li>\n<li><strong>Practicum Grado Maestro.\n<li>&#8230;&#8230;&#8230;&#8230;.<\/li>\n<\/ul>\n<p>&nbsp;<br \/>\nEste a\u00f1o estrenamos Proyecto Educativo PIEFCITOS: Durante este curso el alumnado de 2\u00ba, 3\u00ba y 4\u00ba de primaria, est\u00e1 participando en el proyecto \u00abEl camino de piEFcitos\u00bb. Empezamos el viaje el mes de octubre y el objetivo es recorrer toda Espa\u00f1a, tenemos hasta el mes de junio. Os dejamos esta presentaci\u00f3n sobre el mismo para que lo conozc\u00e1is un poquito mejor.<\/p>\n<p>https:\/\/m.facebook.com\/story.php?story_fbid=398658307939107&#038;id=100033848236877<\/p>\n<p><a href=\"https:\/\/blogsaverroes.juntadeandalucia.es\/ceipcapitancortes\/files\/2020\/11\/Captura-de-pantalla-2020-01-13-a-las-23.15.12-1024x655-1.png\"><img loading=\"lazy\" decoding=\"async\" src=\"https:\/\/blogsaverroes.juntadeandalucia.es\/ceipcapitancortes\/files\/2020\/11\/Captura-de-pantalla-2020-01-13-a-las-23.15.12-1024x655-1.png\" alt=\"\" width=\"1024\" height=\"655\" class=\"alignnone size-full wp-image-2565\" srcset=\"https:\/\/blogsaverroes.juntadeandalucia.es\/ceipcapitancortes\/files\/2020\/11\/Captura-de-pantalla-2020-01-13-a-las-23.15.12-1024x655-1.png 1024w, https:\/\/blogsaverroes.juntadeandalucia.es\/ceipcapitancortes\/files\/2020\/11\/Captura-de-pantalla-2020-01-13-a-las-23.15.12-1024x655-1-300x192.png 300w, https:\/\/blogsaverroes.juntadeandalucia.es\/ceipcapitancortes\/files\/2020\/11\/Captura-de-pantalla-2020-01-13-a-las-23.15.12-1024x655-1-768x491.png 768w, https:\/\/blogsaverroes.juntadeandalucia.es\/ceipcapitancortes\/files\/2020\/11\/Captura-de-pantalla-2020-01-13-a-las-23.15.12-1024x655-1-280x180.png 280w, https:\/\/blogsaverroes.juntadeandalucia.es\/ceipcapitancortes\/files\/2020\/11\/Captura-de-pantalla-2020-01-13-a-las-23.15.12-1024x655-1-24x15.png 24w, https:\/\/blogsaverroes.juntadeandalucia.es\/ceipcapitancortes\/files\/2020\/11\/Captura-de-pantalla-2020-01-13-a-las-23.15.12-1024x655-1-36x23.png 36w, https:\/\/blogsaverroes.juntadeandalucia.es\/ceipcapitancortes\/files\/2020\/11\/Captura-de-pantalla-2020-01-13-a-las-23.15.12-1024x655-1-48x31.png 48w\" sizes=\"(max-width: 767px) 89vw, (max-width: 1000px) 54vw, (max-width: 1071px) 543px, 580px\" \/><\/a><\/p>\n","protected":false},"excerpt":{"rendered":"<p>Cada centro personaliza y adapta su Proyecto Educativo adheriendose a diferentes Planes y Programas promovidos desde la Consejer\u00eda de Educaci\u00f3n, Cultura y Deporte. Este apartado recoger\u00eda la descripci\u00f3n, finalidades, actividades, coordinador\/a, etc. de estos Planes y Programas desarrollados por el centro. A continuaci\u00f3n se muestran algunos de ellos. Plan de Convivencia Plan de igualdad. Plan &hellip; <\/p>\n<p class=\"link-more\"><a href=\"https:\/\/blogsaverroes.juntadeandalucia.es\/ceipcapitancortes\/planes-y-proyectos\/\" class=\"more-link\">Continuar leyendo<span class=\"screen-reader-text\"> \u00abPlanes y Programas\u00bb<\/span><\/a><\/p>\n","protected":false},"author":1,"featured_media":0,"parent":0,"menu_order":0,"comment_status":"closed","ping_status":"closed","template":"page-cs.php","meta":{"ngg_post_thumbnail":0,"footnotes":"","_mc_calendar":[]},"aioseo_notices":[],"_links":{"self":[{"href":"https:\/\/blogsaverroes.juntadeandalucia.es\/ceipcapitancortes\/wp-json\/wp\/v2\/pages\/44"}],"collection":[{"href":"https:\/\/blogsaverroes.juntadeandalucia.es\/ceipcapitancortes\/wp-json\/wp\/v2\/pages"}],"about":[{"href":"https:\/\/blogsaverroes.juntadeandalucia.es\/ceipcapitancortes\/wp-json\/wp\/v2\/types\/page"}],"author":[{"embeddable":true,"href":"https:\/\/blogsaverroes.juntadeandalucia.es\/ceipcapitancortes\/wp-json\/wp\/v2\/users\/1"}],"replies":[{"embeddable":true,"href":"https:\/\/blogsaverroes.juntadeandalucia.es\/ceipcapitancortes\/wp-json\/wp\/v2\/comments?post=44"}],"version-history":[{"count":8,"href":"https:\/\/blogsaverroes.juntadeandalucia.es\/ceipcapitancortes\/wp-json\/wp\/v2\/pages\/44\/revisions"}],"predecessor-version":[{"id":2566,"href":"https:\/\/blogsaverroes.juntadeandalucia.es\/ceipcapitancortes\/wp-json\/wp\/v2\/pages\/44\/revisions\/2566"}],"wp:attachment":[{"href":"https:\/\/blogsaverroes.juntadeandalucia.es\/ceipcapitancortes\/wp-json\/wp\/v2\/media?parent=44"}],"curies":[{"name":"wp","href":"https:\/\/api.w.org\/{rel}","templated":true}]}}