{"id":651,"date":"2018-08-08T11:26:35","date_gmt":"2018-08-08T11:26:35","guid":{"rendered":"https:\/\/themify.me\/demo\/themes\/ultra-education\/?page_id=21"},"modified":"2025-11-06T15:44:05","modified_gmt":"2025-11-06T15:44:05","slug":"documentos","status":"publish","type":"page","link":"https:\/\/blogsaverroes.juntadeandalucia.es\/ceipcarlostercero\/documentos\/","title":{"rendered":"Documentos del Centro"},"content":{"rendered":"<!--themify_builder_content-->\n<div id=\"themify_builder_content-651\" data-postid=\"651\" class=\"themify_builder_content themify_builder_content-651 themify_builder tf_clear\">\n                    <div  data-lazy=\"1\" class=\"module_row themify_builder_row tb_13ti752 tb_first tf_w\">\n                        <div class=\"row_inner col_align_middle tb_col_count_2 tf_box tf_rel\">\n                        <div  data-lazy=\"1\" class=\"module_column tb-column col4-2 tb_dyoi752 first\">\n                    <!-- module fancy heading -->\n<div  class=\"module module-fancy-heading tb_wk3n752  tb_hide_divider\" data-lazy=\"1\">\n        <h3 class=\"fancy-heading tf_textl\">\n    <span class=\"main-head tf_block\">\n                    Proyecto Educativo            <\/span>\n\n    \n    <span class=\"sub-head tf_block tf_rel\">\n                    CEIP Carlos III de la Carlota            <\/span>\n    <\/h3>\n<\/div>\n<!-- \/module fancy heading -->\n        <\/div>\n                    <div  data-lazy=\"1\" class=\"module_column tb-column col4-2 tb_6ev9753 last\">\n                    <!-- module image -->\n<div  class=\"module module-image tb_z3mv753 image-center   tf_mw\" data-lazy=\"1\">\n        <div class=\"image-wrap tf_rel tf_mw\">\n            <img loading=\"lazy\" decoding=\"async\" src=\"https:\/\/blogsaverroes.juntadeandalucia.es\/ceipcarlostercero\/files\/2025\/10\/proyectoeducativo-590x458.webp\" width=\"590\" height=\"458\" class=\"wp-post-image wp-image-5361\" title=\"proyectoeducativo\" alt=\"proyectoeducativo\" srcset=\"https:\/\/blogsaverroes.juntadeandalucia.es\/ceipcarlostercero\/files\/2025\/10\/proyectoeducativo-590x458.webp 590w, https:\/\/blogsaverroes.juntadeandalucia.es\/ceipcarlostercero\/files\/2025\/10\/proyectoeducativo-300x233.webp 300w, https:\/\/blogsaverroes.juntadeandalucia.es\/ceipcarlostercero\/files\/2025\/10\/proyectoeducativo-1024x796.webp 1024w, https:\/\/blogsaverroes.juntadeandalucia.es\/ceipcarlostercero\/files\/2025\/10\/proyectoeducativo-768x597.webp 768w, https:\/\/blogsaverroes.juntadeandalucia.es\/ceipcarlostercero\/files\/2025\/10\/proyectoeducativo.webp 1152w\" sizes=\"(max-width: 590px) 100vw, 590px\" \/>    \n        <\/div>\n    <!-- \/image-wrap -->\n    \n        <\/div>\n<!-- \/module image -->        <\/div>\n                        <\/div>\n        <\/div>\n                        <div  data-lazy=\"1\" class=\"module_row themify_builder_row tb_dt2t777 tf_w\">\n                        <div class=\"row_inner col_align_top tb_col_count_1 tf_box tf_rel\">\n                        <div  data-lazy=\"1\" class=\"module_column tb-column col-full tb_zu0k778 first\">\n                    <!-- module divider -->\n<div  class=\"module tf_mw module-divider tb_inb5696 solid   \" style=\"border-width: 1px;border-color: #fe6500;\" data-lazy=\"1\">\n    <\/div>\n<!-- \/module divider -->\n        <\/div>\n                        <\/div>\n        <\/div>\n                        <div  data-lazy=\"1\" class=\"module_row themify_builder_row tb_vqdh732 tf_w\">\n                        <div class=\"row_inner col_align_top tb_col_count_1 tf_box tf_rel\">\n                        <div  data-lazy=\"1\" class=\"module_column tb-column col-full tb_44yf732 first\">\n                    <!-- module fancy heading -->\n<div  class=\"module module-fancy-heading tb_5zdz610  tb_hide_divider\" data-lazy=\"1\">\n        <h1 class=\"fancy-heading tf_textc\">\n    <span class=\"main-head tf_block\">\n                    Educamos desde la inclusi\u00f3n, la convivencia positiva y el desarrollo competencial de todo nuestro alumnado. Somos un centro p\u00fablico biling\u00fce con metodolog\u00eda activa, enfoque DUA e integraci\u00f3n real de las TIC y los ODS en el d\u00eda a d\u00eda.            <\/span>\n\n    \n    <span class=\"sub-head tf_block tf_rel\">\n                                <\/span>\n    <\/h1>\n<\/div>\n<!-- \/module fancy heading -->\n        <\/div>\n                        <\/div>\n        <\/div>\n                        <div  data-lazy=\"1\" class=\"module_row themify_builder_row tb_mj5w785 tf_w\">\n                        <div class=\"row_inner col_align_top tb_col_count_1 tf_box tf_rel\">\n                        <div  data-lazy=\"1\" class=\"module_column tb-column col-full tb_fe2c785 first\">\n                    <!-- module text -->\n<div  class=\"module module-text tb_jckf899   \" data-lazy=\"1\">\n        <div  class=\"tb_text_wrap\">\n        <h1 data-start=\"757\" data-end=\"794\"><span style=\"color: #003366\">Qui\u00e9nes somos (en dos pinceladas)<\/span><\/h1>\n<ul data-start=\"795\" data-end=\"1354\">\n<li data-start=\"795\" data-end=\"962\">\n<p data-start=\"797\" data-end=\"962\">+465 alumnos\/as en Infantil y Primaria; 2\u20133 l\u00edneas por nivel. Centro biling\u00fce desde 2014\/15 con 2 auxiliares de conversaci\u00f3n.&nbsp;<\/p>\n<\/li>\n<li data-start=\"963\" data-end=\"1161\">\n<p data-start=\"965\" data-end=\"1161\">Servicios para las familias: Aula Matinal (7:30\u20139:00) y Comedor Escolar (14:00\u201316:00). Actividades extraescolares como Danza, Multideporte o Ingl\u00e9s.&nbsp;<\/p>\n<\/li>\n<li data-start=\"1162\" data-end=\"1354\">\n<p data-start=\"1164\" data-end=\"1354\">Instalaciones: aula de M\u00fasica e Inform\u00e1tica, Biblioteca, SUM, Laboratorio, Gimnasio y Comedor, adem\u00e1s de un Aula espec\u00edfica TEA, 2 aulas de PT y 2 de AL.<\/p>\n<\/li>\n<\/ul>    <\/div>\n<\/div>\n<!-- \/module text -->        <\/div>\n                        <\/div>\n        <\/div>\n                        <div  data-lazy=\"1\" class=\"module_row themify_builder_row tb_blnw5 tf_w\">\n                        <div class=\"row_inner col_align_top tb_col_count_1 tf_box tf_rel\">\n                        <div  data-lazy=\"1\" class=\"module_column tb-column col-full tb_83ht5 first\">\n                    <!-- module text -->\n<div  class=\"module module-text tb_uxu85   \" data-lazy=\"1\">\n        <div  class=\"tb_text_wrap\">\n        <h1 data-start=\"757\" data-end=\"794\"><span style=\"color: #003366\">Nuestra manera de ense\u00f1ar<\/span><\/h1>\n<p data-start=\"1390\" data-end=\"1637\"><strong data-start=\"1390\" data-end=\"1422\">Metodolog\u00edas activas con DUA<\/strong><br data-start=\"1422\" data-end=\"1425\">Aprendizaje significativo, cooperativo y entre iguales; inclusi\u00f3n, atenci\u00f3n a ritmos y estilos, perspectiva de g\u00e9nero, conexi\u00f3n con la vida cotidiana e interdisciplinariedad.<\/p>\n<p data-start=\"1639\" data-end=\"1850\"><strong data-start=\"1639\" data-end=\"1663\">Biling\u00fcismo (ingl\u00e9s)<\/strong><br data-start=\"1663\" data-end=\"1666\">Biling\u00fce desde 2014\/2015, con personal espec\u00edfico para potenciar la competencia comunicativa en todas las etapas.<\/p>\n<p data-start=\"1852\" data-end=\"2082\"><strong data-start=\"1852\" data-end=\"1891\">Competencias clave y planes de \u00e1rea<\/strong><br data-start=\"1891\" data-end=\"1894\">Desarrollo de la competencia ling\u00fc\u00edstica y matem\u00e1tica con propuestas concretas (clubes de lectura, bibliopatio, Bookflix, retos y juegos matem\u00e1ticos, gamificaci\u00f3n y trabajo manipulativo).<\/p>\n<p data-start=\"2084\" data-end=\"2334\"><strong data-start=\"2084\" data-end=\"2110\">Transformaci\u00f3n digital<\/strong><br data-start=\"2110\" data-end=\"2113\">Plan de Actuaci\u00f3n Digital con l\u00edneas de acci\u00f3n en organizaci\u00f3n, comunicaci\u00f3n (redise\u00f1o web, intranet docente) y ense\u00f1anza-aprendizaje (STEAM 4.0, rob\u00f3tica, pensamiento computacional).<\/p>    <\/div>\n<\/div>\n<!-- \/module text -->        <\/div>\n                        <\/div>\n        <\/div>\n                        <div  data-lazy=\"1\" class=\"module_row themify_builder_row tb_bwvr481 tf_w\">\n                        <div class=\"row_inner col_align_top tb_col_count_1 tf_box tf_rel\">\n                        <div  data-lazy=\"1\" class=\"module_column tb-column col-full tb_sall481 first\">\n                    <!-- module image -->\n<div  class=\"module module-image tb_i25l641 image-top   tf_mw\" data-lazy=\"1\">\n        <div class=\"image-wrap tf_rel tf_mw\">\n            <img loading=\"lazy\" decoding=\"async\" width=\"1600\" height=\"245\" src=\"https:\/\/blogsaverroes.juntadeandalucia.es\/ceipcarlostercero\/files\/2025\/10\/lineasdeaccion.png\" class=\"wp-post-image wp-image-5370\" title=\"lineasdeaccion\" alt=\"lineasdeaccion\" srcset=\"https:\/\/blogsaverroes.juntadeandalucia.es\/ceipcarlostercero\/files\/2025\/10\/lineasdeaccion.png 1600w, https:\/\/blogsaverroes.juntadeandalucia.es\/ceipcarlostercero\/files\/2025\/10\/lineasdeaccion-300x46.png 300w, https:\/\/blogsaverroes.juntadeandalucia.es\/ceipcarlostercero\/files\/2025\/10\/lineasdeaccion-1024x157.png 1024w, https:\/\/blogsaverroes.juntadeandalucia.es\/ceipcarlostercero\/files\/2025\/10\/lineasdeaccion-768x118.png 768w, https:\/\/blogsaverroes.juntadeandalucia.es\/ceipcarlostercero\/files\/2025\/10\/lineasdeaccion-1536x235.png 1536w\" sizes=\"(max-width: 1600px) 100vw, 1600px\" \/>    \n        <\/div>\n    <!-- \/image-wrap -->\n    \n        <\/div>\n<!-- \/module image -->        <\/div>\n                        <\/div>\n        <\/div>\n                        <div  data-lazy=\"1\" class=\"module_row themify_builder_row tb_6b8l90 tf_w\">\n                        <div class=\"row_inner col_align_top tb_col_count_1 tf_box tf_rel\">\n                        <div  data-lazy=\"1\" class=\"module_column tb-column col-full tb_y3fp90 first\">\n                    <!-- module text -->\n<div  class=\"module module-text tb_kxlm90   \" data-lazy=\"1\">\n        <div  class=\"tb_text_wrap\">\n        <h1 data-start=\"757\" data-end=\"794\"><span style=\"color: #003366\">Convivencia e igualdad (nuestro sello)<\/span><\/h1>\n<p data-start=\"2383\" data-end=\"2630\">Plan anual integrado de <strong data-start=\"2407\" data-end=\"2434\">Convivencia en Igualdad<\/strong> con valores mensuales, Equipo de Convivencia (alta participaci\u00f3n del claustro), Aula de Convivencia y compromisos educativos con las familias. En 2025\/26: <strong data-start=\"2590\" data-end=\"2608\">\u201cPatrulla ODS\u201d<\/strong> como hilo conductor.<\/p>    <\/div>\n<\/div>\n<!-- \/module text -->        <\/div>\n                        <\/div>\n        <\/div>\n                        <div  data-lazy=\"1\" class=\"module_row themify_builder_row tb_kh1r196 tf_w\">\n                        <div class=\"row_inner col_align_top tb_col_count_1 tf_box tf_rel\">\n                        <div  data-lazy=\"1\" class=\"module_column tb-column col-full tb_812z196 first\">\n                    <!-- module text -->\n<div  class=\"module module-text tb_6209196   \" data-lazy=\"1\">\n        <div  class=\"tb_text_wrap\">\n        <h1 data-start=\"757\" data-end=\"794\"><span style=\"color: #003366\">Atenci\u00f3n a la diversidad<\/span><\/h1>\n<p data-start=\"2383\" data-end=\"2630\">Medidas generales (agrupamientos flexibles, desdobles, apoyo en el aula, metodolog\u00edas DUA, evaluaci\u00f3n adaptada), <strong data-start=\"2778\" data-end=\"2803\">programas de refuerzo<\/strong> y <strong data-start=\"2806\" data-end=\"2837\">programas de profundizaci\u00f3n<\/strong> (AACCII), adem\u00e1s de medidas espec\u00edficas (PT, AL, Aula TEA). Coordinaci\u00f3n con EOE y seguimiento sistem\u00e1tico.<\/p>    <\/div>\n<\/div>\n<!-- \/module text -->        <\/div>\n                        <\/div>\n        <\/div>\n                        <div  data-lazy=\"1\" class=\"module_row themify_builder_row tb_4phz311 tf_w\">\n                        <div class=\"row_inner col_align_top tb_col_count_1 tf_box tf_rel\">\n                        <div  data-lazy=\"1\" class=\"module_column tb-column col-full tb_0e20311 first\">\n                    <!-- module text -->\n<div  class=\"module module-text tb_x4kh311   \" data-lazy=\"1\">\n        <div  class=\"tb_text_wrap\">\n        <h1 data-start=\"757\" data-end=\"794\"><span style=\"color: #003366\">Evaluaci\u00f3n y promoci\u00f3n<\/span><\/h1>\n<p data-start=\"2979\" data-end=\"3231\">Evaluaci\u00f3n <strong data-start=\"2990\" data-end=\"3027\">continua, formativa e integradora<\/strong>, con m\u00faltiples instrumentos; informaci\u00f3n peri\u00f3dica a familias (iPasen, tutor\u00edas, sesiones de evaluaci\u00f3n) y decisiones de promoci\u00f3n al final de ciclo con criterios objetivos y visi\u00f3n global del progreso.<\/p>    <\/div>\n<\/div>\n<!-- \/module text -->        <\/div>\n                        <\/div>\n        <\/div>\n                        <div  data-lazy=\"1\" class=\"module_row themify_builder_row tb_qoqo727 tf_w\">\n                        <div class=\"row_inner col_align_top tb_col_count_1 tf_box tf_rel\">\n                        <div  data-lazy=\"1\" class=\"module_column tb-column col-full tb_kejn727 first\">\n                    <!-- module text -->\n<div  class=\"module module-text tb_gku2727   \" data-lazy=\"1\">\n        <div  class=\"tb_text_wrap\">\n        <h1 data-start=\"757\" data-end=\"794\"><span style=\"color: #003366\">Vida escolar y servicios<\/span><\/h1>\n<ul>\n<li data-start=\"3266\" data-end=\"3405\">\n<p data-start=\"3268\" data-end=\"3405\"><strong data-start=\"3268\" data-end=\"3287\">Horario lectivo<\/strong> continuo de 9:00 a 14:00. Aula Matinal (7:30\u20139:00) y Comedor (14:00\u201316:00).<\/p>\n<\/li>\n<li data-start=\"3406\" data-end=\"3529\">\n<p data-start=\"3408\" data-end=\"3529\"><strong data-start=\"3408\" data-end=\"3423\">Actividades<\/strong> extraescolares y Plan de Acompa\u00f1amiento de 3.\u00ba a 6.\u00ba de Primaria.<\/p>\n<\/li>\n<\/ul>    <\/div>\n<\/div>\n<!-- \/module text -->        <\/div>\n                        <\/div>\n        <\/div>\n                        <div  data-lazy=\"1\" class=\"module_row themify_builder_row tb_6srn914 tf_w\">\n                        <div class=\"row_inner col_align_top tb_col_count_1 tf_box tf_rel\">\n                        <div  data-lazy=\"1\" class=\"module_column tb-column col-full tb_gx84914 first\">\n                    <!-- module text -->\n<div  class=\"module module-text tb_uq47462   \" data-lazy=\"1\">\n        <div  class=\"tb_text_wrap\">\n        <p style=\"text-align: center\"><iframe loading=\"lazy\" src=\"https:\/\/drive.google.com\/file\/d\/1XJwfnF2XPI7Ys4NwsAN88wgCWVTm_d0F\/preview\" width=\"640\" height=\"480\"><\/iframe><\/p>    <\/div>\n<\/div>\n<!-- \/module text -->        <\/div>\n                        <\/div>\n        <\/div>\n        <\/div>\n<!--\/themify_builder_content-->","protected":false},"excerpt":{"rendered":"<p>Proyecto EducativoCEIP Carlos III de la Carlota Educamos desde la inclusi\u00f3n, la convivencia positiva y el desarrollo competencial de todo nuestro alumnado. Somos un centro p\u00fablico biling\u00fce con metodolog\u00eda activa, enfoque DUA e integraci\u00f3n real de las TIC y los ODS en el d\u00eda a d\u00eda. Qui\u00e9nes somos (en dos pinceladas) +465 alumnos\/as en Infantil [&hellip;]<\/p>\n","protected":false},"author":10940,"featured_media":0,"parent":0,"menu_order":0,"comment_status":"closed","ping_status":"closed","template":"","meta":{"ngg_post_thumbnail":0,"footnotes":"","_mc_calendar":[]},"aioseo_notices":[],"_links":{"self":[{"href":"https:\/\/blogsaverroes.juntadeandalucia.es\/ceipcarlostercero\/wp-json\/wp\/v2\/pages\/651"}],"collection":[{"href":"https:\/\/blogsaverroes.juntadeandalucia.es\/ceipcarlostercero\/wp-json\/wp\/v2\/pages"}],"about":[{"href":"https:\/\/blogsaverroes.juntadeandalucia.es\/ceipcarlostercero\/wp-json\/wp\/v2\/types\/page"}],"author":[{"embeddable":true,"href":"https:\/\/blogsaverroes.juntadeandalucia.es\/ceipcarlostercero\/wp-json\/wp\/v2\/users\/10940"}],"replies":[{"embeddable":true,"href":"https:\/\/blogsaverroes.juntadeandalucia.es\/ceipcarlostercero\/wp-json\/wp\/v2\/comments?post=651"}],"version-history":[{"count":19,"href":"https:\/\/blogsaverroes.juntadeandalucia.es\/ceipcarlostercero\/wp-json\/wp\/v2\/pages\/651\/revisions"}],"predecessor-version":[{"id":5445,"href":"https:\/\/blogsaverroes.juntadeandalucia.es\/ceipcarlostercero\/wp-json\/wp\/v2\/pages\/651\/revisions\/5445"}],"wp:attachment":[{"href":"https:\/\/blogsaverroes.juntadeandalucia.es\/ceipcarlostercero\/wp-json\/wp\/v2\/media?parent=651"}],"curies":[{"name":"wp","href":"https:\/\/api.w.org\/{rel}","templated":true}]}}