{"id":1187,"date":"2025-10-12T12:21:06","date_gmt":"2025-10-12T11:21:06","guid":{"rendered":"https:\/\/blogsaverroes.juntadeandalucia.es\/ceipcarmenarevalo\/?page_id=1187"},"modified":"2025-10-17T18:41:51","modified_gmt":"2025-10-17T17:41:51","slug":"bibliotecas-escolares","status":"publish","type":"page","link":"https:\/\/blogsaverroes.juntadeandalucia.es\/ceipcarmenarevalo\/bibliotecas-escolares\/","title":{"rendered":"Bibliotecas escolares"},"content":{"rendered":"<article>\n<div class=\"text-base my-auto mx-auto pb-10 [--thread-content-margin:--spacing(4)] thread-sm:[--thread-content-margin:--spacing(6)] thread-lg:[--thread-content-margin:--spacing(16)] px-(--thread-content-margin)\">\n<div class=\"[--thread-content-max-width:40rem] thread-lg:[--thread-content-max-width:48rem] mx-auto max-w-(--thread-content-max-width) flex-1 group\/turn-messages focus-visible:outline-hidden relative flex w-full min-w-0 flex-col agent-turn\">\n<div class=\"flex max-w-full flex-col grow\">\n<div class=\"min-h-8 text-message relative flex w-full flex-col items-end gap-2 text-start break-words whitespace-normal [.text-message+&amp;]:mt-1\" dir=\"auto\" data-message-author-role=\"assistant\" data-message-id=\"1afc1524-1a13-4a8e-8589-42c2a3e6c862\" data-message-model-slug=\"gpt-4o\">\n<div class=\"flex w-full flex-col gap-1 empty:hidden first:pt-[1px]\">\n<div class=\"markdown prose dark:prose-invert w-full break-words light markdown-new-styling\">\n<p style=\"text-align: justify\" data-start=\"547\" data-end=\"867\"><span style=\"font-size: 14pt;font-family: 'times new roman', times, serif\">En nuestro colegio, entendemos la biblioteca escolar como un espacio vivo, din\u00e1mico y fundamental en el proceso de ense\u00f1anza-aprendizaje. A trav\u00e9s del <strong data-start=\"729\" data-end=\"766\">Programa de Bibliotecas Escolares<\/strong> impulsamos la lectura, el acceso a la informaci\u00f3n, el pensamiento cr\u00edtico y el aprendizaje aut\u00f3nomo.<\/span><\/p>\n<p style=\"text-align: justify\" data-start=\"547\" data-end=\"867\"><span style=\"font-size: 14pt;font-family: 'times new roman', times, serif\"><b><u>Los objetivos principales son:<\/u><\/b><\/span><\/p>\n<ul style=\"text-align: justify\" data-start=\"897\" data-end=\"1324\">\n<li data-start=\"897\" data-end=\"969\">\n<p data-start=\"899\" data-end=\"969\"><span style=\"font-size: 14pt;font-family: 'times new roman', times, serif\">Fomentar el gusto por la lectura desde las primeras etapas educativas.<\/span><\/p>\n<\/li>\n<li data-start=\"970\" data-end=\"1067\">\n<p data-start=\"972\" data-end=\"1067\"><span style=\"font-size: 14pt;font-family: 'times new roman', times, serif\">Apoyar el desarrollo de competencias clave, especialmente la competencia ling\u00fc\u00edstica y digital.<\/span><\/p>\n<\/li>\n<li data-start=\"1068\" data-end=\"1141\">\n<p data-start=\"1070\" data-end=\"1141\"><span style=\"font-size: 14pt;font-family: 'times new roman', times, serif\">Proporcionar recursos para el trabajo interdisciplinar y por proyectos.<\/span><\/p>\n<\/li>\n<li data-start=\"1142\" data-end=\"1236\">\n<p data-start=\"1144\" data-end=\"1236\"><span style=\"font-size: 14pt;font-family: 'times new roman', times, serif\">Facilitar el acceso a materiales informativos y literarios para toda la comunidad educativa.<\/span><\/p>\n<\/li>\n<li data-start=\"1237\" data-end=\"1324\">\n<p data-start=\"1239\" data-end=\"1324\"><span style=\"font-size: 14pt;font-family: 'times new roman', times, serif\">Integrar la biblioteca en el funcionamiento general del centro como motor pedag\u00f3gico.<\/span><\/p>\n<\/li>\n<\/ul>\n<h3 style=\"text-align: justify\" data-start=\"1326\" data-end=\"1363\"><span style=\"font-size: 14pt;font-family: 'times new roman', times, serif\"><u><b>\u00bfQu\u00e9 hacemos desde la biblioteca?<\/b><\/u><\/span><\/h3>\n<ol style=\"text-align: justify\" data-start=\"1365\" data-end=\"1865\">\n<li data-start=\"1365\" data-end=\"1432\">\n<p data-start=\"1367\" data-end=\"1432\"><span style=\"font-size: 14pt;font-family: 'times new roman', times, serif\"><strong data-start=\"1367\" data-end=\"1389\">Pr\u00e9stamo de libros<\/strong>: para el alumnado, profesorado y familias.<\/span><\/p>\n<\/li>\n<li data-start=\"1433\" data-end=\"1478\">\n<p data-start=\"1435\" data-end=\"1478\"><span style=\"font-size: 14pt;font-family: 'times new roman', times, serif\"><strong data-start=\"1435\" data-end=\"1456\">Clubes de lectura<\/strong> por niveles y ciclos.<\/span><\/p>\n<\/li>\n<li data-start=\"1479\" data-end=\"1575\">\n<p data-start=\"1481\" data-end=\"1575\"><span style=\"font-size: 14pt;font-family: 'times new roman', times, serif\"><strong data-start=\"1481\" data-end=\"1523\">Cuentacuentos y actividades literarias<\/strong> en colaboraci\u00f3n con autores\/as y entidades locales.<\/span><\/p>\n<\/li>\n<li data-start=\"1702\" data-end=\"1809\">\n<p data-start=\"1704\" data-end=\"1809\"><span style=\"font-size: 14pt;font-family: 'times new roman', times, serif\"><strong data-start=\"1704\" data-end=\"1723\">D\u00edas especiales<\/strong>: celebramos el D\u00eda del Libro, la Semana de la Lectura, y otras efem\u00e9rides relevantes.<\/span><\/p>\n<\/li>\n<li data-start=\"1810\" data-end=\"1865\">\n<p data-start=\"1812\" data-end=\"1865\"><span style=\"font-size: 14pt;font-family: 'times new roman', times, serif\"><strong data-start=\"1812\" data-end=\"1864\">Formaci\u00f3n en competencia informacional y digital<\/strong>.<\/span><\/p>\n<\/li>\n<\/ol>\n<h3 style=\"text-align: justify\" data-start=\"1867\" data-end=\"1899\"><span style=\"font-size: 14pt\"><strong><span style=\"font-family: 'times new roman', times, serif\"><u>Coordinaci\u00f3n y participaci\u00f3n<\/u><\/span><\/strong><\/span><\/h3>\n<p style=\"text-align: justify\" data-start=\"1901\" data-end=\"2266\"><span style=\"font-size: 14pt;font-family: 'times new roman', times, serif\">La biblioteca est\u00e1 coordinada por un equipo de docentes que trabaja en estrecha colaboraci\u00f3n con el resto del profesorado, el equipo directivo y las familias. Adem\u00e1s, participamos en redes de bibliotecas escolares promovidas por la Junta de Andaluc\u00eda y seguimos las directrices del <strong data-start=\"2183\" data-end=\"2265\">Programa para el desarrollo de las bibliotecas escolares en Andaluc\u00eda (BEPROA).<\/strong><\/span><\/p>\n<\/div>\n<\/div>\n<\/div>\n<\/div>\n<\/div>\n<\/div>\n<\/article>\n","protected":false},"excerpt":{"rendered":"<p>En nuestro colegio, entendemos la biblioteca escolar como un espacio vivo, din\u00e1mico y fundamental en el proceso de ense\u00f1anza-aprendizaje. A trav\u00e9s del Programa de Bibliotecas Escolares impulsamos la lectura, el acceso a la informaci\u00f3n, el pensamiento cr\u00edtico y el aprendizaje aut\u00f3nomo. Los objetivos principales son: Fomentar el gusto por la lectura desde las primeras etapas [&hellip;]<\/p>\n","protected":false},"author":21243,"featured_media":0,"parent":0,"menu_order":0,"comment_status":"closed","ping_status":"closed","template":"","meta":{"_et_pb_use_builder":"","_et_pb_old_content":"","_et_gb_content_width":"","ngg_post_thumbnail":0,"footnotes":""},"aioseo_notices":[],"_links":{"self":[{"href":"https:\/\/blogsaverroes.juntadeandalucia.es\/ceipcarmenarevalo\/wp-json\/wp\/v2\/pages\/1187"}],"collection":[{"href":"https:\/\/blogsaverroes.juntadeandalucia.es\/ceipcarmenarevalo\/wp-json\/wp\/v2\/pages"}],"about":[{"href":"https:\/\/blogsaverroes.juntadeandalucia.es\/ceipcarmenarevalo\/wp-json\/wp\/v2\/types\/page"}],"author":[{"embeddable":true,"href":"https:\/\/blogsaverroes.juntadeandalucia.es\/ceipcarmenarevalo\/wp-json\/wp\/v2\/users\/21243"}],"replies":[{"embeddable":true,"href":"https:\/\/blogsaverroes.juntadeandalucia.es\/ceipcarmenarevalo\/wp-json\/wp\/v2\/comments?post=1187"}],"version-history":[{"count":5,"href":"https:\/\/blogsaverroes.juntadeandalucia.es\/ceipcarmenarevalo\/wp-json\/wp\/v2\/pages\/1187\/revisions"}],"predecessor-version":[{"id":1501,"href":"https:\/\/blogsaverroes.juntadeandalucia.es\/ceipcarmenarevalo\/wp-json\/wp\/v2\/pages\/1187\/revisions\/1501"}],"wp:attachment":[{"href":"https:\/\/blogsaverroes.juntadeandalucia.es\/ceipcarmenarevalo\/wp-json\/wp\/v2\/media?parent=1187"}],"curies":[{"name":"wp","href":"https:\/\/api.w.org\/{rel}","templated":true}]}}

<article>
<div class="text-base my-auto mx-auto pb-10 [--thread-content-margin:--spacing(4)] thread-sm:[--thread-content-margin:--spacing(6)] thread-lg:[--thread-content-margin:--spacing(16)] px-(--thread-content-margin)">
<div class="[--thread-content-max-width:40rem] thread-lg:[--thread-content-max-width:48rem] mx-auto max-w-(--thread-content-max-width) flex-1 group/turn-messages focus-visible:outline-hidden relative flex w-full min-w-0 flex-col agent-turn">
<div class="flex max-w-full flex-col grow">
<div class="min-h-8 text-message relative flex w-full flex-col items-end gap-2 text-start break-words whitespace-normal [.text-message+&amp;]:mt-1" dir="auto" data-message-author-role="assistant" data-message-id="1afc1524-1a13-4a8e-8589-42c2a3e6c862" data-message-model-slug="gpt-4o">
<div class="flex w-full flex-col gap-1 empty:hidden first:pt-[1px]">
<div class="markdown prose dark:prose-invert w-full break-words light markdown-new-styling">
<p style="text-align: justify" data-start="547" data-end="867"><span style="font-size: 14pt;font-family: 'times new roman', times, serif">En nuestro colegio, entendemos la biblioteca escolar como un espacio vivo, dinámico y fundamental en el proceso de enseñanza-aprendizaje. A través del <strong data-start="729" data-end="766">Programa de Bibliotecas Escolares</strong> impulsamos la lectura, el acceso a la información, el pensamiento crítico y el aprendizaje autónomo.</span></p>
<p style="text-align: justify" data-start="547" data-end="867"><span style="font-size: 14pt;font-family: 'times new roman', times, serif"><b><u>Los objetivos principales son:</u></b></span></p>
<ul style="text-align: justify" data-start="897" data-end="1324">
<li data-start="897" data-end="969">
<p data-start="899" data-end="969"><span style="font-size: 14pt;font-family: 'times new roman', times, serif">Fomentar el gusto por la lectura desde las primeras etapas educativas.</span></p>
</li>
<li data-start="970" data-end="1067">
<p data-start="972" data-end="1067"><span style="font-size: 14pt;font-family: 'times new roman', times, serif">Apoyar el desarrollo de competencias clave, especialmente la competencia lingüística y digital.</span></p>
</li>
<li data-start="1068" data-end="1141">
<p data-start="1070" data-end="1141"><span style="font-size: 14pt;font-family: 'times new roman', times, serif">Proporcionar recursos para el trabajo interdisciplinar y por proyectos.</span></p>
</li>
<li data-start="1142" data-end="1236">
<p data-start="1144" data-end="1236"><span style="font-size: 14pt;font-family: 'times new roman', times, serif">Facilitar el acceso a materiales informativos y literarios para toda la comunidad educativa.</span></p>
</li>
<li data-start="1237" data-end="1324">
<p data-start="1239" data-end="1324"><span style="font-size: 14pt;font-family: 'times new roman', times, serif">Integrar la biblioteca en el funcionamiento general del centro como motor pedagógico.</span></p>
</li>
</ul>
<h3 style="text-align: justify" data-start="1326" data-end="1363"><span style="font-size: 14pt;font-family: 'times new roman', times, serif"><u><b>¿Qué hacemos desde la biblioteca?</b></u></span></h3>
<ol style="text-align: justify" data-start="1365" data-end="1865">
<li data-start="1365" data-end="1432">
<p data-start="1367" data-end="1432"><span style="font-size: 14pt;font-family: 'times new roman', times, serif"><strong data-start="1367" data-end="1389">Préstamo de libros</strong>: para el alumnado, profesorado y familias.</span></p>
</li>
<li data-start="1433" data-end="1478">
<p data-start="1435" data-end="1478"><span style="font-size: 14pt;font-family: 'times new roman', times, serif"><strong data-start="1435" data-end="1456">Clubes de lectura</strong> por niveles y ciclos.</span></p>
</li>
<li data-start="1479" data-end="1575">
<p data-start="1481" data-end="1575"><span style="font-size: 14pt;font-family: 'times new roman', times, serif"><strong data-start="1481" data-end="1523">Cuentacuentos y actividades literarias</strong> en colaboración con autores/as y entidades locales.</span></p>
</li>
<li data-start="1702" data-end="1809">
<p data-start="1704" data-end="1809"><span style="font-size: 14pt;font-family: 'times new roman', times, serif"><strong data-start="1704" data-end="1723">Días especiales</strong>: celebramos el Día del Libro, la Semana de la Lectura, y otras efemérides relevantes.</span></p>
</li>
<li data-start="1810" data-end="1865">
<p data-start="1812" data-end="1865"><span style="font-size: 14pt;font-family: 'times new roman', times, serif"><strong data-start="1812" data-end="1864">Formación en competencia informacional y digital</strong>.</span></p>
</li>
</ol>
<h3 style="text-align: justify" data-start="1867" data-end="1899"><span style="font-size: 14pt"><strong><span style="font-family: 'times new roman', times, serif"><u>Coordinación y participación</u></span></strong></span></h3>
<p style="text-align: justify" data-start="1901" data-end="2266"><span style="font-size: 14pt;font-family: 'times new roman', times, serif">La biblioteca está coordinada por un equipo de docentes que trabaja en estrecha colaboración con el resto del profesorado, el equipo directivo y las familias. Además, participamos en redes de bibliotecas escolares promovidas por la Junta de Andalucía y seguimos las directrices del <strong data-start="2183" data-end="2265">Programa para el desarrollo de las bibliotecas escolares en Andalucía (BEPROA).</strong></span></p>
</div>
</div>
</div>
</div>
</div>
</div>
</article>

<p>En nuestro colegio, entendemos la biblioteca escolar como un espacio vivo, dinámico y fundamental en el proceso de enseñanza-aprendizaje. A través del Programa de Bibliotecas Escolares impulsamos la lectura, el acceso a la información, el pensamiento crítico y el aprendizaje autónomo. Los objetivos principales son: Fomentar el gusto por la lectura desde las primeras etapas [&hellip;]</p>
