{"id":1732,"date":"2025-11-01T12:34:03","date_gmt":"2025-11-01T11:34:03","guid":{"rendered":"https:\/\/blogsaverroes.juntadeandalucia.es\/ceipcarmenarevalo\/?page_id=1732"},"modified":"2025-11-01T12:34:03","modified_gmt":"2025-11-01T11:34:03","slug":"halloween","status":"publish","type":"page","link":"https:\/\/blogsaverroes.juntadeandalucia.es\/ceipcarmenarevalo\/halloween\/","title":{"rendered":"Halloween"},"content":{"rendered":"<p><img fetchpriority=\"high\" fetchpriority=\"high\" decoding=\"async\" class=\"aligncenter wp-image-1733 size-large\" src=\"https:\/\/blogsaverroes.juntadeandalucia.es\/ceipcarmenarevalo\/files\/2025\/11\/IMG_8782-1024x768.jpg\" alt=\"\" width=\"1024\" height=\"768\" srcset=\"https:\/\/blogsaverroes.juntadeandalucia.es\/ceipcarmenarevalo\/files\/2025\/11\/IMG_8782-980x735.jpg 980w, https:\/\/blogsaverroes.juntadeandalucia.es\/ceipcarmenarevalo\/files\/2025\/11\/IMG_8782-480x360.jpg 480w\" sizes=\"(min-width: 0px) and (max-width: 480px) 480px, (min-width: 481px) and (max-width: 980px) 980px, (min-width: 981px) 1024px, 100vw\" \/><\/p>\n<p style=\"text-align: justify\" data-start=\"236\" data-end=\"453\"><span style=\"font-size: 14pt;font-family: times new roman, times, serif\">Desde el colegio queremos agradecer al <strong data-start=\"275\" data-end=\"283\">AMPA<\/strong> por la magn\u00edfica iniciativa del <strong data-start=\"316\" data-end=\"341\">desayuno de Halloween<\/strong>, con el que nuestros alumnos y alumnas disfrutaron de una ma\u00f1ana diferente, llena de ilusi\u00f3n y buen ambiente.<\/span><\/p>\n<p style=\"text-align: justify\" data-start=\"455\" data-end=\"739\"><span style=\"font-size: 14pt;font-family: times new roman, times, serif\">Gracias al trabajo y la dedicaci\u00f3n de las madres que colaboraron en la organizaci\u00f3n y preparaci\u00f3n de este desayuno, todos los ni\u00f1os y ni\u00f1as pudieron compartir un momento divertido.<\/span><\/p>\n<p style=\"text-align: justify\" data-start=\"455\" data-end=\"739\"><span style=\"font-size: 14pt;font-family: times new roman, times, serif\">\ud83d\udc9c <strong data-start=\"775\" data-end=\"873\">Gracias por estar siempre ah\u00ed y por hacer comunidad. \u00a1Sois un ejemplo de compromiso y alegr\u00eda!<\/strong><\/span><\/p>\n<p>&nbsp;<\/p>\n","protected":false},"excerpt":{"rendered":"<p>Desde el colegio queremos agradecer al AMPA por la magn\u00edfica iniciativa del desayuno de Halloween, con el que nuestros alumnos y alumnas disfrutaron de una ma\u00f1ana diferente, llena de ilusi\u00f3n y buen ambiente. Gracias al trabajo y la dedicaci\u00f3n de las madres que colaboraron en la organizaci\u00f3n y preparaci\u00f3n de este desayuno, todos los ni\u00f1os [&hellip;]<\/p>\n","protected":false},"author":21243,"featured_media":0,"parent":0,"menu_order":0,"comment_status":"closed","ping_status":"closed","template":"","meta":{"_et_pb_use_builder":"","_et_pb_old_content":"","_et_gb_content_width":"","ngg_post_thumbnail":0,"footnotes":""},"aioseo_notices":[],"_links":{"self":[{"href":"https:\/\/blogsaverroes.juntadeandalucia.es\/ceipcarmenarevalo\/wp-json\/wp\/v2\/pages\/1732"}],"collection":[{"href":"https:\/\/blogsaverroes.juntadeandalucia.es\/ceipcarmenarevalo\/wp-json\/wp\/v2\/pages"}],"about":[{"href":"https:\/\/blogsaverroes.juntadeandalucia.es\/ceipcarmenarevalo\/wp-json\/wp\/v2\/types\/page"}],"author":[{"embeddable":true,"href":"https:\/\/blogsaverroes.juntadeandalucia.es\/ceipcarmenarevalo\/wp-json\/wp\/v2\/users\/21243"}],"replies":[{"embeddable":true,"href":"https:\/\/blogsaverroes.juntadeandalucia.es\/ceipcarmenarevalo\/wp-json\/wp\/v2\/comments?post=1732"}],"version-history":[{"count":1,"href":"https:\/\/blogsaverroes.juntadeandalucia.es\/ceipcarmenarevalo\/wp-json\/wp\/v2\/pages\/1732\/revisions"}],"predecessor-version":[{"id":1734,"href":"https:\/\/blogsaverroes.juntadeandalucia.es\/ceipcarmenarevalo\/wp-json\/wp\/v2\/pages\/1732\/revisions\/1734"}],"wp:attachment":[{"href":"https:\/\/blogsaverroes.juntadeandalucia.es\/ceipcarmenarevalo\/wp-json\/wp\/v2\/media?parent=1732"}],"curies":[{"name":"wp","href":"https:\/\/api.w.org\/{rel}","templated":true}]}}

<p><img fetchpriority="high" fetchpriority="high" decoding="async" class="aligncenter wp-image-1733 size-large" src="https://blogsaverroes.juntadeandalucia.es/ceipcarmenarevalo/files/2025/11/IMG_8782-1024x768.jpg" alt="" width="1024" height="768" srcset="https://blogsaverroes.juntadeandalucia.es/ceipcarmenarevalo/files/2025/11/IMG_8782-980x735.jpg 980w, https://blogsaverroes.juntadeandalucia.es/ceipcarmenarevalo/files/2025/11/IMG_8782-480x360.jpg 480w" sizes="(min-width: 0px) and (max-width: 480px) 480px, (min-width: 481px) and (max-width: 980px) 980px, (min-width: 981px) 1024px, 100vw" /></p>
<p style="text-align: justify" data-start="236" data-end="453"><span style="font-size: 14pt;font-family: times new roman, times, serif">Desde el colegio queremos agradecer al <strong data-start="275" data-end="283">AMPA</strong> por la magnífica iniciativa del <strong data-start="316" data-end="341">desayuno de Halloween</strong>, con el que nuestros alumnos y alumnas disfrutaron de una mañana diferente, llena de ilusión y buen ambiente.</span></p>
<p style="text-align: justify" data-start="455" data-end="739"><span style="font-size: 14pt;font-family: times new roman, times, serif">Gracias al trabajo y la dedicación de las madres que colaboraron en la organización y preparación de este desayuno, todos los niños y niñas pudieron compartir un momento divertido.</span></p>
<p style="text-align: justify" data-start="455" data-end="739"><span style="font-size: 14pt;font-family: times new roman, times, serif">💜 <strong data-start="775" data-end="873">Gracias por estar siempre ahí y por hacer comunidad. ¡Sois un ejemplo de compromiso y alegría!</strong></span></p>
<p>&nbsp;</p>

<p>Desde el colegio queremos agradecer al AMPA por la magnífica iniciativa del desayuno de Halloween, con el que nuestros alumnos y alumnas disfrutaron de una mañana diferente, llena de ilusión y buen ambiente. Gracias al trabajo y la dedicación de las madres que colaboraron en la organización y preparación de este desayuno, todos los niños [&hellip;]</p>
