{"id":1889,"date":"2025-11-11T11:49:22","date_gmt":"2025-11-11T10:49:22","guid":{"rendered":"https:\/\/blogsaverroes.juntadeandalucia.es\/ceipcarmenarevalo\/?page_id=1889"},"modified":"2025-11-11T11:49:22","modified_gmt":"2025-11-11T10:49:22","slug":"programaciones","status":"publish","type":"page","link":"https:\/\/blogsaverroes.juntadeandalucia.es\/ceipcarmenarevalo\/programaciones\/","title":{"rendered":"Programaciones"},"content":{"rendered":"<p>DESCUBRIMIENTO Y EXPLORACI\u00d3N DEL ENTORNO<br \/>\n<iframe src=\"https:\/\/blogsaverroes.juntadeandalucia.es\/ceipcarmenarevalo\/files\/2025\/11\/Propuesta_pedagogica___Programaciones_didacticas-1-1.pdf\" width=\"100%\" height=\"600px\"><br \/>\n<\/iframe><\/p>\n<p>COMUNICACI\u00d3N Y REPRESENTACI\u00d3N DE LA REALIDAD<br \/>\n<iframe src=\"https:\/\/blogsaverroes.juntadeandalucia.es\/ceipcarmenarevalo\/files\/2025\/11\/Propuesta_pedagogica___Programaciones_didacticas-2.pdf\" width=\"100%\" height=\"600px\"><br \/>\n<\/iframe><\/p>\n<p>CRECIMIENTO EN ARMON\u00cdA<\/p>\n<p><iframe src=\"https:\/\/blogsaverroes.juntadeandalucia.es\/ceipcarmenarevalo\/files\/2025\/11\/Propuesta_pedagogica___Programaciones_didacticas-3.pdf\" width=\"100%\" height=\"600px\"><br \/>\n<\/iframe><\/p>\n","protected":false},"excerpt":{"rendered":"<p>DESCUBRIMIENTO Y EXPLORACI\u00d3N DEL ENTORNO COMUNICACI\u00d3N Y REPRESENTACI\u00d3N DE LA REALIDAD CRECIMIENTO EN ARMON\u00cdA<\/p>\n","protected":false},"author":21243,"featured_media":0,"parent":0,"menu_order":0,"comment_status":"closed","ping_status":"closed","template":"","meta":{"_et_pb_use_builder":"","_et_pb_old_content":"","_et_gb_content_width":"","ngg_post_thumbnail":0,"footnotes":""},"aioseo_notices":[],"_links":{"self":[{"href":"https:\/\/blogsaverroes.juntadeandalucia.es\/ceipcarmenarevalo\/wp-json\/wp\/v2\/pages\/1889"}],"collection":[{"href":"https:\/\/blogsaverroes.juntadeandalucia.es\/ceipcarmenarevalo\/wp-json\/wp\/v2\/pages"}],"about":[{"href":"https:\/\/blogsaverroes.juntadeandalucia.es\/ceipcarmenarevalo\/wp-json\/wp\/v2\/types\/page"}],"author":[{"embeddable":true,"href":"https:\/\/blogsaverroes.juntadeandalucia.es\/ceipcarmenarevalo\/wp-json\/wp\/v2\/users\/21243"}],"replies":[{"embeddable":true,"href":"https:\/\/blogsaverroes.juntadeandalucia.es\/ceipcarmenarevalo\/wp-json\/wp\/v2\/comments?post=1889"}],"version-history":[{"count":1,"href":"https:\/\/blogsaverroes.juntadeandalucia.es\/ceipcarmenarevalo\/wp-json\/wp\/v2\/pages\/1889\/revisions"}],"predecessor-version":[{"id":1890,"href":"https:\/\/blogsaverroes.juntadeandalucia.es\/ceipcarmenarevalo\/wp-json\/wp\/v2\/pages\/1889\/revisions\/1890"}],"wp:attachment":[{"href":"https:\/\/blogsaverroes.juntadeandalucia.es\/ceipcarmenarevalo\/wp-json\/wp\/v2\/media?parent=1889"}],"curies":[{"name":"wp","href":"https:\/\/api.w.org\/{rel}","templated":true}]}}

<p>DESCUBRIMIENTO Y EXPLORACIÓN DEL ENTORNO<br />
<iframe src="https://blogsaverroes.juntadeandalucia.es/ceipcarmenarevalo/files/2025/11/Propuesta_pedagogica___Programaciones_didacticas-1-1.pdf" width="100%" height="600px"><br />
</iframe></p>
<p>COMUNICACIÓN Y REPRESENTACIÓN DE LA REALIDAD<br />
<iframe src="https://blogsaverroes.juntadeandalucia.es/ceipcarmenarevalo/files/2025/11/Propuesta_pedagogica___Programaciones_didacticas-2.pdf" width="100%" height="600px"><br />
</iframe></p>
<p>CRECIMIENTO EN ARMONÍA</p>
<p><iframe src="https://blogsaverroes.juntadeandalucia.es/ceipcarmenarevalo/files/2025/11/Propuesta_pedagogica___Programaciones_didacticas-3.pdf" width="100%" height="600px"><br />
</iframe></p>

<p>DESCUBRIMIENTO Y EXPLORACIÓN DEL ENTORNO COMUNICACIÓN Y REPRESENTACIÓN DE LA REALIDAD CRECIMIENTO EN ARMONÍA</p>
