{"id":2314,"date":"2025-02-09T17:41:22","date_gmt":"2025-02-09T17:41:22","guid":{"rendered":"https:\/\/blogsaverroes.juntadeandalucia.es\/ceipcarmensedofeito\/?page_id=2314"},"modified":"2025-12-10T13:19:43","modified_gmt":"2025-12-10T12:19:43","slug":"alimentacion-saludable","status":"publish","type":"page","link":"https:\/\/blogsaverroes.juntadeandalucia.es\/ceipcarmensedofeito\/planes-y-proyectos\/alimentacion-saludable\/","title":{"rendered":"H\u00e1bitos de Vida Saludable"},"content":{"rendered":"<h1 align=\"left\"><a href=\"https:\/\/blogsaverroes.juntadeandalucia.es\/ceipcarmensedofeito\/files\/2025\/03\/Cartel-fruta_imprenta.jpeg\"><img loading=\"lazy\" decoding=\"async\" class=\"alignnone wp-image-2408\" src=\"https:\/\/blogsaverroes.juntadeandalucia.es\/ceipcarmensedofeito\/files\/2025\/03\/Cartel-fruta_imprenta-217x300.jpeg\" alt=\"\" width=\"279\" height=\"386\" srcset=\"https:\/\/blogsaverroes.juntadeandalucia.es\/ceipcarmensedofeito\/files\/2025\/03\/Cartel-fruta_imprenta-217x300.jpeg 217w, https:\/\/blogsaverroes.juntadeandalucia.es\/ceipcarmensedofeito\/files\/2025\/03\/Cartel-fruta_imprenta.jpeg 400w\" sizes=\"(max-width: 279px) 100vw, 279px\" \/><\/a><a href=\"https:\/\/blogsaverroes.juntadeandalucia.es\/ceipcarmensedofeito\/files\/2025\/03\/frutas2.jpeg\"><img loading=\"lazy\" decoding=\"async\" class=\"alignnone wp-image-2407\" src=\"https:\/\/blogsaverroes.juntadeandalucia.es\/ceipcarmensedofeito\/files\/2025\/03\/frutas2.jpeg\" alt=\"\" width=\"376\" height=\"272\"><\/a><b><\/b><b><\/b><b><\/b><\/h1>\n<h1 align=\"left\"><b>Programa Escolar de Consumo de Frutas, <\/b><b>Hortalizas y Leche<\/b><\/h1>\n<p>La Consejer\u00eda de Desarrollo Educativo y Formaci\u00f3n Profesional, en colaboraci\u00f3n con la Consejer\u00eda de Agricultura, Pesca, Agua y Desarrollo Rural, y la Consejer\u00eda de Salud y Consumo pone este programa a disposici\u00f3n de los centros docentes sostenidos con fondos p\u00fablicos que imparten ense\u00f1anzas de <strong>educaci\u00f3n infantil y primaria<\/strong> que hayan registrado su participaci\u00f3n en el \u00e1mbito Promoci\u00f3n de H\u00e1bitos de Vida Saludable (HHVS) del Programa CIMA 2024\/2025 con el objetivo de:<\/p>\n<ul>\n<li>Aumentar a corto y largo plazo el consumo de los productos objeto del Programa escolar y reconectar a los ni\u00f1os con la agricultura y la alimentaci\u00f3n.<\/li>\n<li><strong>Promover h\u00e1bitos y conductas saludables<\/strong> vinculadas al consumo de dichos productos en el alumnado de los centros escolares, as\u00ed como a la promoci\u00f3n de otros h\u00e1bitos saludables como la actividad f\u00edsica.<\/li>\n<\/ul>\n","protected":false},"excerpt":{"rendered":"<p>Programa Escolar de Consumo de Frutas, Hortalizas y Leche La Consejer\u00eda de Desarrollo Educativo y Formaci\u00f3n Profesional, en colaboraci\u00f3n con la Consejer\u00eda de Agricultura, Pesca,&hellip;<\/p>\n","protected":false},"author":10371,"featured_media":0,"parent":44,"menu_order":0,"comment_status":"closed","ping_status":"closed","template":"","meta":{"ngg_post_thumbnail":0,"footnotes":"","_mc_calendar":[]},"aioseo_notices":[],"_links":{"self":[{"href":"https:\/\/blogsaverroes.juntadeandalucia.es\/ceipcarmensedofeito\/wp-json\/wp\/v2\/pages\/2314"}],"collection":[{"href":"https:\/\/blogsaverroes.juntadeandalucia.es\/ceipcarmensedofeito\/wp-json\/wp\/v2\/pages"}],"about":[{"href":"https:\/\/blogsaverroes.juntadeandalucia.es\/ceipcarmensedofeito\/wp-json\/wp\/v2\/types\/page"}],"author":[{"embeddable":true,"href":"https:\/\/blogsaverroes.juntadeandalucia.es\/ceipcarmensedofeito\/wp-json\/wp\/v2\/users\/10371"}],"replies":[{"embeddable":true,"href":"https:\/\/blogsaverroes.juntadeandalucia.es\/ceipcarmensedofeito\/wp-json\/wp\/v2\/comments?post=2314"}],"version-history":[{"count":9,"href":"https:\/\/blogsaverroes.juntadeandalucia.es\/ceipcarmensedofeito\/wp-json\/wp\/v2\/pages\/2314\/revisions"}],"predecessor-version":[{"id":2643,"href":"https:\/\/blogsaverroes.juntadeandalucia.es\/ceipcarmensedofeito\/wp-json\/wp\/v2\/pages\/2314\/revisions\/2643"}],"up":[{"embeddable":true,"href":"https:\/\/blogsaverroes.juntadeandalucia.es\/ceipcarmensedofeito\/wp-json\/wp\/v2\/pages\/44"}],"wp:attachment":[{"href":"https:\/\/blogsaverroes.juntadeandalucia.es\/ceipcarmensedofeito\/wp-json\/wp\/v2\/media?parent=2314"}],"curies":[{"name":"wp","href":"https:\/\/api.w.org\/{rel}","templated":true}]}}