{"id":2316,"date":"2025-02-09T17:41:39","date_gmt":"2025-02-09T17:41:39","guid":{"rendered":"https:\/\/blogsaverroes.juntadeandalucia.es\/ceipcarmensedofeito\/?page_id=2316"},"modified":"2025-12-10T13:18:41","modified_gmt":"2025-12-10T12:18:41","slug":"igualdad","status":"publish","type":"page","link":"https:\/\/blogsaverroes.juntadeandalucia.es\/ceipcarmensedofeito\/planes-y-proyectos\/igualdad\/","title":{"rendered":"+Equidad"},"content":{"rendered":"<p><a href=\"https:\/\/blogsaverroes.juntadeandalucia.es\/ceipcarmensedofeito\/files\/2025\/04\/IGUALDAD.jpg\"><img loading=\"lazy\" decoding=\"async\" class=\"alignnone size-medium wp-image-2541\" src=\"https:\/\/blogsaverroes.juntadeandalucia.es\/ceipcarmensedofeito\/files\/2025\/04\/IGUALDAD-300x158.jpg\" alt=\"\" width=\"300\" height=\"158\" srcset=\"https:\/\/blogsaverroes.juntadeandalucia.es\/ceipcarmensedofeito\/files\/2025\/04\/IGUALDAD-300x158.jpg 300w, https:\/\/blogsaverroes.juntadeandalucia.es\/ceipcarmensedofeito\/files\/2025\/04\/IGUALDAD.jpg 309w\" sizes=\"(max-width: 300px) 100vw, 300px\" \/><\/a><a href=\"https:\/\/blogsaverroes.juntadeandalucia.es\/ceipcarmensedofeito\/files\/2025\/04\/IGUALDAD1.jpg\"><img loading=\"lazy\" decoding=\"async\" class=\" wp-image-2542 alignleft\" src=\"https:\/\/blogsaverroes.juntadeandalucia.es\/ceipcarmensedofeito\/files\/2025\/04\/IGUALDAD1-300x141.jpg\" alt=\"\" width=\"349\" height=\"164\" srcset=\"https:\/\/blogsaverroes.juntadeandalucia.es\/ceipcarmensedofeito\/files\/2025\/04\/IGUALDAD1-300x141.jpg 300w, https:\/\/blogsaverroes.juntadeandalucia.es\/ceipcarmensedofeito\/files\/2025\/04\/IGUALDAD1.jpg 328w\" sizes=\"(max-width: 349px) 100vw, 349px\" \/><\/a><\/p>\n<p>&nbsp;<\/p>\n<p>En el panorama educativo contempor\u00e1neo, la <strong>promoci\u00f3n de la igualdad de g\u00e9nero<\/strong> ha emergido como una necesidad ineludible. Las instituciones educativas de la actualidad marcan un compromiso con la justicia social y los derechos humanos fundamentales y adoptan un enfoque pragm\u00e1tico y estrat\u00e9gico para abordar las disparidades y desigualdades arraigadas en nuestra sociedad. La sociedad se mueve hacia la correcci\u00f3n de los desequilibrios num\u00e9ricos, lo cual pasa por garantizar la representaci\u00f3n equitativa en roles y responsabilidades, as\u00ed como abarcar una transformaci\u00f3n profunda en las estructuras y pr\u00e1cticas sociales. La Educaci\u00f3n es un veh\u00edculo fundamental para transformar estas estructuras y pr\u00e1cticas sociales, ya que ha demostrado ser un motor fundamental del cambio social.<\/p>\n<p>Desde la primera infancia hasta la educaci\u00f3n superior, los sucesivos Planes de Igualdad han buscado<span style=\"color: #ff0000\"> fomentar entornos inclusivos, libres de discriminaci\u00f3n y estereotipos de g\u00e9nero, donde todas las personas tengan igualdad de oportunidades<\/span> para desarrollar su potencial acad\u00e9mico, personal y profesional. En este sentido, la implementaci\u00f3n de pol\u00edticas y programas que promuevan la igualdad de g\u00e9nero en el \u00e1mbito educativo no solo es una cuesti\u00f3n de justicia, sino tambi\u00e9n un requisito fundamental <span style=\"color: #ff0000\">para construir sociedades m\u00e1s equitativas, democr\u00e1ticas y pr\u00f3speras<\/span>.<\/p>\n<p><a title=\"PLAN DE IGUALDAD JUNTA DE ANDALUC\u00cdA\" href=\"https:\/\/portals.ced.junta-andalucia.es\/educacion\/portals\/delegate\/content\/409e68ae-a4ef-4232-82d4-b66eeff03665\/III%20Plan%20de%20Igualdad%20de%20G%C3%A9nero%20en%20Educaci%C3%B3n%202024\/2028\">PLAN DE IGUALDAD JUNTA DE ANDALUC\u00cdA<\/a><\/p>\n","protected":false},"excerpt":{"rendered":"<p>&nbsp; En el panorama educativo contempor\u00e1neo, la promoci\u00f3n de la igualdad de g\u00e9nero ha emergido como una necesidad ineludible. Las instituciones educativas de la actualidad&hellip;<\/p>\n","protected":false},"author":10371,"featured_media":0,"parent":44,"menu_order":0,"comment_status":"closed","ping_status":"closed","template":"","meta":{"ngg_post_thumbnail":0,"footnotes":"","_mc_calendar":[]},"aioseo_notices":[],"_links":{"self":[{"href":"https:\/\/blogsaverroes.juntadeandalucia.es\/ceipcarmensedofeito\/wp-json\/wp\/v2\/pages\/2316"}],"collection":[{"href":"https:\/\/blogsaverroes.juntadeandalucia.es\/ceipcarmensedofeito\/wp-json\/wp\/v2\/pages"}],"about":[{"href":"https:\/\/blogsaverroes.juntadeandalucia.es\/ceipcarmensedofeito\/wp-json\/wp\/v2\/types\/page"}],"author":[{"embeddable":true,"href":"https:\/\/blogsaverroes.juntadeandalucia.es\/ceipcarmensedofeito\/wp-json\/wp\/v2\/users\/10371"}],"replies":[{"embeddable":true,"href":"https:\/\/blogsaverroes.juntadeandalucia.es\/ceipcarmensedofeito\/wp-json\/wp\/v2\/comments?post=2316"}],"version-history":[{"count":6,"href":"https:\/\/blogsaverroes.juntadeandalucia.es\/ceipcarmensedofeito\/wp-json\/wp\/v2\/pages\/2316\/revisions"}],"predecessor-version":[{"id":2642,"href":"https:\/\/blogsaverroes.juntadeandalucia.es\/ceipcarmensedofeito\/wp-json\/wp\/v2\/pages\/2316\/revisions\/2642"}],"up":[{"embeddable":true,"href":"https:\/\/blogsaverroes.juntadeandalucia.es\/ceipcarmensedofeito\/wp-json\/wp\/v2\/pages\/44"}],"wp:attachment":[{"href":"https:\/\/blogsaverroes.juntadeandalucia.es\/ceipcarmensedofeito\/wp-json\/wp\/v2\/media?parent=2316"}],"curies":[{"name":"wp","href":"https:\/\/api.w.org\/{rel}","templated":true}]}}

<p><a href="https://blogsaverroes.juntadeandalucia.es/ceipcarmensedofeito/files/2025/04/IGUALDAD.jpg"><img loading="lazy" decoding="async" class="alignnone size-medium wp-image-2541" src="https://blogsaverroes.juntadeandalucia.es/ceipcarmensedofeito/files/2025/04/IGUALDAD-300x158.jpg" alt="" width="300" height="158" srcset="https://blogsaverroes.juntadeandalucia.es/ceipcarmensedofeito/files/2025/04/IGUALDAD-300x158.jpg 300w, https://blogsaverroes.juntadeandalucia.es/ceipcarmensedofeito/files/2025/04/IGUALDAD.jpg 309w" sizes="(max-width: 300px) 100vw, 300px" /></a><a href="https://blogsaverroes.juntadeandalucia.es/ceipcarmensedofeito/files/2025/04/IGUALDAD1.jpg"><img loading="lazy" decoding="async" class=" wp-image-2542 alignleft" src="https://blogsaverroes.juntadeandalucia.es/ceipcarmensedofeito/files/2025/04/IGUALDAD1-300x141.jpg" alt="" width="349" height="164" srcset="https://blogsaverroes.juntadeandalucia.es/ceipcarmensedofeito/files/2025/04/IGUALDAD1-300x141.jpg 300w, https://blogsaverroes.juntadeandalucia.es/ceipcarmensedofeito/files/2025/04/IGUALDAD1.jpg 328w" sizes="(max-width: 349px) 100vw, 349px" /></a></p>
<p>&nbsp;</p>
<p>En el panorama educativo contemporáneo, la <strong>promoción de la igualdad de género</strong> ha emergido como una necesidad ineludible. Las instituciones educativas de la actualidad marcan un compromiso con la justicia social y los derechos humanos fundamentales y adoptan un enfoque pragmático y estratégico para abordar las disparidades y desigualdades arraigadas en nuestra sociedad. La sociedad se mueve hacia la corrección de los desequilibrios numéricos, lo cual pasa por garantizar la representación equitativa en roles y responsabilidades, así como abarcar una transformación profunda en las estructuras y prácticas sociales. La Educación es un vehículo fundamental para transformar estas estructuras y prácticas sociales, ya que ha demostrado ser un motor fundamental del cambio social.</p>
<p>Desde la primera infancia hasta la educación superior, los sucesivos Planes de Igualdad han buscado<span style="color: #ff0000"> fomentar entornos inclusivos, libres de discriminación y estereotipos de género, donde todas las personas tengan igualdad de oportunidades</span> para desarrollar su potencial académico, personal y profesional. En este sentido, la implementación de políticas y programas que promuevan la igualdad de género en el ámbito educativo no solo es una cuestión de justicia, sino también un requisito fundamental <span style="color: #ff0000">para construir sociedades más equitativas, democráticas y prósperas</span>.</p>
<p><a title="PLAN DE IGUALDAD JUNTA DE ANDALUCÍA" href="https://portals.ced.junta-andalucia.es/educacion/portals/delegate/content/409e68ae-a4ef-4232-82d4-b66eeff03665/III%20Plan%20de%20Igualdad%20de%20G%C3%A9nero%20en%20Educaci%C3%B3n%202024/2028">PLAN DE IGUALDAD JUNTA DE ANDALUCÍA</a></p>

<p>&nbsp; En el panorama educativo contemporáneo, la promoción de la igualdad de género ha emergido como una necesidad ineludible. Las instituciones educativas de la actualidad&hellip;</p>
