{"id":870,"date":"2015-03-16T07:24:27","date_gmt":"2015-03-16T07:24:27","guid":{"rendered":"http:\/\/blogsaverroes.juntadeandalucia.es\/pre\/ceip\/?page_id=103"},"modified":"2025-03-11T11:34:04","modified_gmt":"2025-03-11T10:34:04","slug":"aula-matinal","status":"publish","type":"page","link":"https:\/\/blogsaverroes.juntadeandalucia.es\/ceipcarmensedofeito\/aula-matinal\/","title":{"rendered":"Aula Matinal"},"content":{"rendered":"<h2 style=\"padding-left: 40px\"><a href=\"https:\/\/blogsaverroes.juntadeandalucia.es\/ceipcarmensedofeito\/files\/2025\/03\/matinal.jpeg\"><img loading=\"lazy\" decoding=\"async\" class=\"alignnone wp-image-2413\" src=\"https:\/\/blogsaverroes.juntadeandalucia.es\/ceipcarmensedofeito\/files\/2025\/03\/matinal.jpeg\" alt=\"\" width=\"264\" height=\"176\" srcset=\"https:\/\/blogsaverroes.juntadeandalucia.es\/ceipcarmensedofeito\/files\/2025\/03\/matinal.jpeg 222w, https:\/\/blogsaverroes.juntadeandalucia.es\/ceipcarmensedofeito\/files\/2025\/03\/matinal-220x148.jpeg 220w\" sizes=\"(max-width: 264px) 100vw, 264px\" \/><\/a>AULA MATINAL<\/h2>\n<p style=\"padding-left: 40px\">&#8211; Se prestar\u00e1 en el edificio habilitado en el centro para tal fin.<br \/>\n&#8211; El horario ser\u00e1 <strong>desde las 7:30 a las 9:00<\/strong>, pudiendo entrar los usuarios\/as a cualquier hora dentro de este tramo de tiempo.<br \/>\n&#8211; El uso del servicio de aula matinal <span style=\"color: #ff0000\">podr\u00e1 solicitarse<\/span> por parte de las familias <span style=\"color: #ff0000\">para d\u00edas determinados o con car\u00e1cter continuado<\/span>.<br \/>\n&#8211; La atenci\u00f3n al alumnado en el aula matinal se realizar\u00e1 por<span style=\"text-decoration: underline\"> personal cualificado<\/span>&nbsp; que ser\u00e1n los responsables de este alumnado hasta que comience el horario normal de clases.<br \/>\n&#8211; A la finalizaci\u00f3n del Aula Matinal los usuarios\/as de Educaci\u00f3n Infantil ser\u00e1n conducidos a sus respectivas aulas por los monitores\/as de la misma, dej\u00e1ndoselos al cargo de sus tutores\/as correspondientes. Los usuarios\/as de Educaci\u00f3n Primaria se dirigir\u00e1n solos a formar su fila directamente.<br \/>\n&#8211; Los usuarios\/as del servicio<span style=\"color: #0000ff\"> tendr\u00e1n derecho a las ayudas<\/span> que anualmente la Consejer\u00eda establezca.<\/p>\n<p>Desc\u00e1rgate aqu\u00ed el formulario, rell\u00e9nalo y envi\u00e1noslo por email&nbsp; o entr\u00e9galo en la secretar\u00eda del Colegio.<\/p>\n<p><a href=\"https:\/\/portals.ced.junta-andalucia.es\/educacion\/portals\/delegate\/content\/6c4342f7-1581-4c26-bc7e-2e49b4b64cee\" target=\"_blank\" rel=\"noopener\">FORMULARIO<\/a><\/p>\n<p>&nbsp;<\/p>\n","protected":false},"excerpt":{"rendered":"<p>AULA MATINAL &#8211; Se prestar\u00e1 en el edificio habilitado en el centro para tal fin. &#8211; El horario ser\u00e1 desde las 7:30 a las 9:00,&hellip;<\/p>\n","protected":false},"author":1,"featured_media":0,"parent":0,"menu_order":0,"comment_status":"closed","ping_status":"open","template":"","meta":{"ngg_post_thumbnail":0,"footnotes":"","_mc_calendar":[]},"aioseo_notices":[],"_links":{"self":[{"href":"https:\/\/blogsaverroes.juntadeandalucia.es\/ceipcarmensedofeito\/wp-json\/wp\/v2\/pages\/870"}],"collection":[{"href":"https:\/\/blogsaverroes.juntadeandalucia.es\/ceipcarmensedofeito\/wp-json\/wp\/v2\/pages"}],"about":[{"href":"https:\/\/blogsaverroes.juntadeandalucia.es\/ceipcarmensedofeito\/wp-json\/wp\/v2\/types\/page"}],"author":[{"embeddable":true,"href":"https:\/\/blogsaverroes.juntadeandalucia.es\/ceipcarmensedofeito\/wp-json\/wp\/v2\/users\/1"}],"replies":[{"embeddable":true,"href":"https:\/\/blogsaverroes.juntadeandalucia.es\/ceipcarmensedofeito\/wp-json\/wp\/v2\/comments?post=870"}],"version-history":[{"count":7,"href":"https:\/\/blogsaverroes.juntadeandalucia.es\/ceipcarmensedofeito\/wp-json\/wp\/v2\/pages\/870\/revisions"}],"predecessor-version":[{"id":2414,"href":"https:\/\/blogsaverroes.juntadeandalucia.es\/ceipcarmensedofeito\/wp-json\/wp\/v2\/pages\/870\/revisions\/2414"}],"wp:attachment":[{"href":"https:\/\/blogsaverroes.juntadeandalucia.es\/ceipcarmensedofeito\/wp-json\/wp\/v2\/media?parent=870"}],"curies":[{"name":"wp","href":"https:\/\/api.w.org\/{rel}","templated":true}]}}

<h2 style="padding-left: 40px"><a href="https://blogsaverroes.juntadeandalucia.es/ceipcarmensedofeito/files/2025/03/matinal.jpeg"><img loading="lazy" decoding="async" class="alignnone wp-image-2413" src="https://blogsaverroes.juntadeandalucia.es/ceipcarmensedofeito/files/2025/03/matinal.jpeg" alt="" width="264" height="176" srcset="https://blogsaverroes.juntadeandalucia.es/ceipcarmensedofeito/files/2025/03/matinal.jpeg 222w, https://blogsaverroes.juntadeandalucia.es/ceipcarmensedofeito/files/2025/03/matinal-220x148.jpeg 220w" sizes="(max-width: 264px) 100vw, 264px" /></a>AULA MATINAL</h2>
<p style="padding-left: 40px">&#8211; Se prestará en el edificio habilitado en el centro para tal fin.<br />
&#8211; El horario será <strong>desde las 7:30 a las 9:00</strong>, pudiendo entrar los usuarios/as a cualquier hora dentro de este tramo de tiempo.<br />
&#8211; El uso del servicio de aula matinal <span style="color: #ff0000">podrá solicitarse</span> por parte de las familias <span style="color: #ff0000">para días determinados o con carácter continuado</span>.<br />
&#8211; La atención al alumnado en el aula matinal se realizará por<span style="text-decoration: underline"> personal cualificado</span>&nbsp; que serán los responsables de este alumnado hasta que comience el horario normal de clases.<br />
&#8211; A la finalización del Aula Matinal los usuarios/as de Educación Infantil serán conducidos a sus respectivas aulas por los monitores/as de la misma, dejándoselos al cargo de sus tutores/as correspondientes. Los usuarios/as de Educación Primaria se dirigirán solos a formar su fila directamente.<br />
&#8211; Los usuarios/as del servicio<span style="color: #0000ff"> tendrán derecho a las ayudas</span> que anualmente la Consejería establezca.</p>
<p>Descárgate aquí el formulario, rellénalo y enviánoslo por email&nbsp; o entrégalo en la secretaría del Colegio.</p>
<p><a href="https://portals.ced.junta-andalucia.es/educacion/portals/delegate/content/6c4342f7-1581-4c26-bc7e-2e49b4b64cee" target="_blank" rel="noopener">FORMULARIO</a></p>
<p>&nbsp;</p>

<p>AULA MATINAL &#8211; Se prestará en el edificio habilitado en el centro para tal fin. &#8211; El horario será desde las 7:30 a las 9:00,&hellip;</p>
