{"id":1271,"date":"2023-02-09T19:58:05","date_gmt":"2023-02-09T18:58:05","guid":{"rendered":"https:\/\/blogsaverroes.juntadeandalucia.es\/ceipcasalcarrillo\/?page_id=1271"},"modified":"2023-02-09T23:51:45","modified_gmt":"2023-02-09T22:51:45","slug":"proyecto-los-cocineros-as","status":"publish","type":"page","link":"https:\/\/blogsaverroes.juntadeandalucia.es\/ceipcasalcarrillo\/proyecto-los-cocineros-as\/","title":{"rendered":"Proyecto cociner@s"},"content":{"rendered":"<p style=\"text-align: left\"><span style=\"font-size: 14pt\">La alimentaci\u00f3n es un tema de suma importancia para el ser humano, ya que repercute directamente en su desarrollo y en su d\u00eda a d\u00eda. Por eso esta&nbsp; propuesta did\u00e1ctica va dirigida a concienciar a los m\u00e1s peque\u00f1os de la importancia de una alimentaci\u00f3n saludable y desde la curiosidad que despierta la profesi\u00f3n del cocinero\/a en el alumnado de estas edades.<\/span><\/p>\nngg_shortcode_0_placeholder\n","protected":false},"excerpt":{"rendered":"<p>La alimentaci\u00f3n es un tema de suma importancia para el ser humano, ya que repercute directamente en su desarrollo y en su d\u00eda a d\u00eda. Por eso esta&nbsp; propuesta did\u00e1ctica va dirigida a concienciar a los m\u00e1s peque\u00f1os de la importancia de una alimentaci\u00f3n saludable y desde la curiosidad que despierta la profesi\u00f3n del cocinero\/a [&hellip;]<\/p>\n","protected":false},"author":16498,"featured_media":1272,"parent":0,"menu_order":0,"comment_status":"closed","ping_status":"closed","template":"","meta":{"_et_pb_use_builder":"","_et_pb_old_content":"","_et_gb_content_width":"","ngg_post_thumbnail":0,"footnotes":""},"aioseo_notices":[],"_links":{"self":[{"href":"https:\/\/blogsaverroes.juntadeandalucia.es\/ceipcasalcarrillo\/wp-json\/wp\/v2\/pages\/1271"}],"collection":[{"href":"https:\/\/blogsaverroes.juntadeandalucia.es\/ceipcasalcarrillo\/wp-json\/wp\/v2\/pages"}],"about":[{"href":"https:\/\/blogsaverroes.juntadeandalucia.es\/ceipcasalcarrillo\/wp-json\/wp\/v2\/types\/page"}],"author":[{"embeddable":true,"href":"https:\/\/blogsaverroes.juntadeandalucia.es\/ceipcasalcarrillo\/wp-json\/wp\/v2\/users\/16498"}],"replies":[{"embeddable":true,"href":"https:\/\/blogsaverroes.juntadeandalucia.es\/ceipcasalcarrillo\/wp-json\/wp\/v2\/comments?post=1271"}],"version-history":[{"count":4,"href":"https:\/\/blogsaverroes.juntadeandalucia.es\/ceipcasalcarrillo\/wp-json\/wp\/v2\/pages\/1271\/revisions"}],"predecessor-version":[{"id":1602,"href":"https:\/\/blogsaverroes.juntadeandalucia.es\/ceipcasalcarrillo\/wp-json\/wp\/v2\/pages\/1271\/revisions\/1602"}],"wp:featuredmedia":[{"embeddable":true,"href":"https:\/\/blogsaverroes.juntadeandalucia.es\/ceipcasalcarrillo\/wp-json\/wp\/v2\/media\/1272"}],"wp:attachment":[{"href":"https:\/\/blogsaverroes.juntadeandalucia.es\/ceipcasalcarrillo\/wp-json\/wp\/v2\/media?parent=1271"}],"curies":[{"name":"wp","href":"https:\/\/api.w.org\/{rel}","templated":true}]}}