{"id":30,"date":"2020-01-09T12:41:20","date_gmt":"2020-01-09T11:41:20","guid":{"rendered":"http:\/\/blogsaverroes.juntadeandalucia.es\/pre\/nuevoceip2v2\/?page_id=30"},"modified":"2023-11-23T17:08:51","modified_gmt":"2023-11-23T16:08:51","slug":"ampa","status":"publish","type":"page","link":"https:\/\/blogsaverroes.juntadeandalucia.es\/ceipcasalcarrillo\/ampa\/","title":{"rendered":"AMPA"},"content":{"rendered":"<p>[et_pb_section fb_built=&#8221;1&#8243; _builder_version=&#8221;3.23.3&#8243; custom_padding=&#8221;0px||0px|&#8221; z_index_tablet=&#8221;500&#8243; box_shadow_horizontal_tablet=&#8221;0px&#8221; box_shadow_vertical_tablet=&#8221;0px&#8221; box_shadow_blur_tablet=&#8221;40px&#8221; box_shadow_spread_tablet=&#8221;0px&#8221; global_colors_info=&#8221;{}&#8221;][et_pb_row _builder_version=&#8221;3.25&#8243; background_size=&#8221;initial&#8221; background_position=&#8221;top_left&#8221; background_repeat=&#8221;repeat&#8221; global_colors_info=&#8221;{}&#8221;][et_pb_column type=&#8221;4_4&#8243; _builder_version=&#8221;3.25&#8243; custom_padding=&#8221;|||&#8221; global_colors_info=&#8221;{}&#8221; custom_padding__hover=&#8221;|||&#8221;][et_pb_image title_text=&#8221;descarga&#8221; admin_label=&#8221;Imagen de la portada&#8221; _builder_version=&#8221;4.14.5&#8243; animation_style=&#8221;bounce&#8221; z_index_tablet=&#8221;500&#8243; box_shadow_horizontal_tablet=&#8221;0px&#8221; box_shadow_vertical_tablet=&#8221;0px&#8221; box_shadow_blur_tablet=&#8221;40px&#8221; box_shadow_spread_tablet=&#8221;0px&#8221; global_colors_info=&#8221;{}&#8221;][\/et_pb_image][et_pb_text admin_label=&#8221;Texto descriptivo&#8221; _builder_version=&#8221;4.14.5&#8243; hover_enabled=&#8221;0&#8243; z_index_tablet=&#8221;500&#8243; text_text_shadow_horizontal_length_tablet=&#8221;0px&#8221; text_text_shadow_vertical_length_tablet=&#8221;0px&#8221; text_text_shadow_blur_strength_tablet=&#8221;1px&#8221; link_text_shadow_horizontal_length_tablet=&#8221;0px&#8221; link_text_shadow_vertical_length_tablet=&#8221;0px&#8221; link_text_shadow_blur_strength_tablet=&#8221;1px&#8221; ul_text_shadow_horizontal_length_tablet=&#8221;0px&#8221; ul_text_shadow_vertical_length_tablet=&#8221;0px&#8221; ul_text_shadow_blur_strength_tablet=&#8221;1px&#8221; ol_text_shadow_horizontal_length_tablet=&#8221;0px&#8221; ol_text_shadow_vertical_length_tablet=&#8221;0px&#8221; ol_text_shadow_blur_strength_tablet=&#8221;1px&#8221; quote_text_shadow_horizontal_length_tablet=&#8221;0px&#8221; quote_text_shadow_vertical_length_tablet=&#8221;0px&#8221; quote_text_shadow_blur_strength_tablet=&#8221;1px&#8221; header_text_shadow_horizontal_length_tablet=&#8221;0px&#8221; header_text_shadow_vertical_length_tablet=&#8221;0px&#8221; header_text_shadow_blur_strength_tablet=&#8221;1px&#8221; header_2_text_shadow_horizontal_length_tablet=&#8221;0px&#8221; header_2_text_shadow_vertical_length_tablet=&#8221;0px&#8221; header_2_text_shadow_blur_strength_tablet=&#8221;1px&#8221; header_3_text_shadow_horizontal_length_tablet=&#8221;0px&#8221; header_3_text_shadow_vertical_length_tablet=&#8221;0px&#8221; header_3_text_shadow_blur_strength_tablet=&#8221;1px&#8221; header_4_text_shadow_horizontal_length_tablet=&#8221;0px&#8221; header_4_text_shadow_vertical_length_tablet=&#8221;0px&#8221; header_4_text_shadow_blur_strength_tablet=&#8221;1px&#8221; header_5_text_shadow_horizontal_length_tablet=&#8221;0px&#8221; header_5_text_shadow_vertical_length_tablet=&#8221;0px&#8221; header_5_text_shadow_blur_strength_tablet=&#8221;1px&#8221; header_6_text_shadow_horizontal_length_tablet=&#8221;0px&#8221; header_6_text_shadow_vertical_length_tablet=&#8221;0px&#8221; header_6_text_shadow_blur_strength_tablet=&#8221;1px&#8221; box_shadow_horizontal_tablet=&#8221;0px&#8221; box_shadow_vertical_tablet=&#8221;0px&#8221; box_shadow_blur_tablet=&#8221;40px&#8221; box_shadow_spread_tablet=&#8221;0px&#8221; global_colors_info=&#8221;{}&#8221; sticky_enabled=&#8221;0&#8243;]<\/p>\n<p><a href=\"https:\/\/www.facebook.com\/ampailusiones\" target=\"_blank\" rel=\"noopener noreferrer\"><strong><img loading=\"lazy\" decoding=\"async\" class=\"size-full wp-image-615 aligncenter\" src=\"https:\/\/blogsaverroes.juntadeandalucia.es\/ceipcasalcarrillo\/files\/2023\/01\/descarga-1.jpg\" alt=\"\" width=\"235\" height=\"215\"><img loading=\"lazy\" decoding=\"async\" class=\"wp-image-1796 aligncenter \" src=\"https:\/\/blogsaverroes.juntadeandalucia.es\/ceipcasalcarrillo\/files\/2023\/02\/F-AMPAA.png\" alt=\"\" width=\"191\" height=\"191\" srcset=\"https:\/\/blogsaverroes.juntadeandalucia.es\/ceipcasalcarrillo\/files\/2023\/02\/F-AMPAA.png 325w, https:\/\/blogsaverroes.juntadeandalucia.es\/ceipcasalcarrillo\/files\/2023\/02\/F-AMPAA-300x300.png 300w, https:\/\/blogsaverroes.juntadeandalucia.es\/ceipcasalcarrillo\/files\/2023\/02\/F-AMPAA-150x150.png 150w\" sizes=\"(max-width: 191px) 100vw, 191px\" \/><\/strong><\/a><\/p>\n<table style=\"border-collapse: collapse;width: 100%;height: 65px\" border=\"1\">\n<tbody>\n<tr style=\"height: 65px\">\n<td style=\"width: 100%;height: 65px\">\n<h3 style=\"text-align: center\"><span style=\"color: #0000ff;font-size: 24pt\">HORARIO DE AMPA: Los <span style=\"color: #ff0000\">martes y jueves<\/span> de 9:00 a 10::00h<\/span><\/h3>\n<\/td>\n<\/tr>\n<\/tbody>\n<\/table>\n<p><img loading=\"lazy\" decoding=\"async\" class=\"wp-image-3546  alignleft\" src=\"https:\/\/blogsaverroes.juntadeandalucia.es\/ceipcasalcarrillo\/files\/2023\/11\/Imagen-de-WhatsApp-2023-10-31-a-las-15.10.56_0f256d93.jpg\" alt=\"\" width=\"278\" height=\"284\"><\/p>\n<p><span style=\"font-family: arial, helvetica, sans-serif;font-size: 14pt\">La Asociaci\u00f3n de Madres y Padres del Colegio Casal Carrillo es una entidad asociativa sin \u00e1nimo de lucro. Su objetivo principal es participar en la gesti\u00f3n del colegio, representando a familias, contribuyendo a la mejora de todo lo concerniente a la educaci\u00f3n de nuestros hijos, en estrecha colaboraci\u00f3n con el Equipo Directivo y el claustro.<\/span><\/p>\n<p><span style=\"font-family: arial, helvetica, sans-serif;font-size: 14pt\"><strong>El AMPA es algo m\u00e1s:<\/strong><\/span><\/p>\n<blockquote>\n<p><span style=\"font-family: arial, helvetica, sans-serif;font-size: 14pt\">Somos madres y padres comprometidos con la educaci\u00f3n de nuestros hijos, fin primordial de nuestra labor, y por lo que vale la pena trabajar.<\/span><\/p>\n<\/blockquote>\n<p class=\"p2\"><span style=\"color: #ff0000;font-family: arial, helvetica, sans-serif;font-size: 14pt\">La inscripci\u00f3n y renovaci\u00f3n en el AMPA se lleva a cabo anualmente. La cuota anual es de <\/span><span style=\"font-family: arial, helvetica, sans-serif;font-size: 18pt\"><strong>12<\/strong><\/span><strong><span style=\"font-family: arial, helvetica, sans-serif;font-size: 14pt\"> euros<\/span><\/strong><span style=\"color: #ff0000;font-family: arial, helvetica, sans-serif;font-size: 14pt\"> familia, independientemente del n\u00famero de hermanos y hermanas que haya en el centro.<\/span><\/p>\n<p><span style=\"font-family: arial, helvetica, sans-serif;font-size: 14pt\">Para que todo salga bien, queremos saber vuestras iniciativas, y nos encantar\u00eda que colaborarais con nosotros. Os proponemos lo siguiente:<\/span><\/p>\n<ul>\n<li><span style=\"font-family: arial, helvetica, sans-serif;font-size: 14pt\">\u00a1Contacta con el AMPA con antelaci\u00f3n suficiente a los actos que se organizan, para ofrecerte como voluntario o voluntaria en lo que puedas colaborar! \u00a1Te encantar\u00e1!<\/span><\/li>\n<li><span style=\"font-family: arial, helvetica, sans-serif;font-size: 14pt\">\u00a1Proponnos iniciativas! La Junta Directiva estar\u00e1 encantada de organizarlas contigo.<\/span><\/li>\n<li><span style=\"font-family: arial, helvetica, sans-serif;font-size: 14pt\">Ay\u00fadanos en las recogidas, puesta en marcha y\/o limpieza tras la finalizaci\u00f3n de los actos.<\/span><\/li>\n<\/ul>\n<p class=\"p2\"><span style=\"font-family: arial, helvetica, sans-serif;font-size: 14pt\"><strong>No tienes por qu\u00e9 ser del AMPA para colaborar en las actividades que se realizan, pero pertenecer al AMPA s\u00ed ofrece ventajas:<\/strong><\/span><\/p>\n<ul>\n<li><span style=\"font-family: arial, helvetica, sans-serif;font-size: 14pt\">Mejores condiciones econ\u00f3micas en aquellos casos que se requiera un coste por participar.<\/span><\/li>\n<li><span style=\"font-family: arial, helvetica, sans-serif;font-size: 14pt\">Prioridad en actividades que tengan un aforo limitado.<\/span><\/li>\n<\/ul>\n<p><span style=\"font-family: arial, helvetica, sans-serif;font-size: 14pt\">Para m\u00e1s informaci\u00f3n, cons\u00faltenos a trav\u00e9s de: <span style=\"font-size: 18pt\"><strong>956243585<\/strong><\/span><\/span><\/p>\n<h2><span style=\"font-family: arial, helvetica, sans-serif;font-size: 14pt\"><strong>Directiva de nuestro AMPA en el presente curso est\u00e1 presidida por la madre <span style=\"color: #ff00ff\">VANESA FONTAO REM\u00cdREZ<\/span><br \/><\/strong><\/span><\/h2>\n<p><img loading=\"lazy\" decoding=\"async\" class=\"wp-image-3852 aligncenter size-full\" src=\"https:\/\/blogsaverroes.juntadeandalucia.es\/ceipcasalcarrillo\/files\/2023\/11\/ampa-1.jpg\" alt=\"\" width=\"2048\" height=\"946\" srcset=\"https:\/\/blogsaverroes.juntadeandalucia.es\/ceipcasalcarrillo\/files\/2023\/11\/ampa-1.jpg 2048w, https:\/\/blogsaverroes.juntadeandalucia.es\/ceipcasalcarrillo\/files\/2023\/11\/ampa-1-1280x591.jpg 1280w, https:\/\/blogsaverroes.juntadeandalucia.es\/ceipcasalcarrillo\/files\/2023\/11\/ampa-1-980x453.jpg 980w, https:\/\/blogsaverroes.juntadeandalucia.es\/ceipcasalcarrillo\/files\/2023\/11\/ampa-1-480x222.jpg 480w\" sizes=\"(min-width: 0px) and (max-width: 480px) 480px, (min-width: 481px) and (max-width: 980px) 980px, (min-width: 981px) and (max-width: 1280px) 1280px, (min-width: 1281px) 2048px, 100vw\" \/><\/p>\n<table style=\"width: 88.8821%;height: 348px\" width=\"612\">\n<tbody>\n<tr style=\"height: 53px\">\n<td style=\"width: 23.9194%;height: 53px;text-align: center\" width=\"83\"><span style=\"font-size: 14pt;color: #ff0000\"><strong>CARGO<\/strong><\/span><\/td>\n<td style=\"width: 47.5305%;text-align: center;height: 53px\" colspan=\"2\" width=\"214\"><span style=\"font-size: 14pt;color: #ff0000\"><strong>NOMBRE <\/strong><\/span><\/td>\n<td style=\"width: 27.3729%;text-align: center;height: 53px\" width=\"245\"><span style=\"font-size: 14pt;color: #ff0000\"><strong>MADRE ALUMNO\/A<\/strong><\/span><\/td>\n<td style=\"width: 79.6267%;text-align: center;height: 53px\" colspan=\"2\" width=\"70\"><span style=\"font-size: 14pt;color: #ff0000\"><strong>CURSO<\/strong><\/span><\/td>\n<\/tr>\n<tr style=\"height: 53px\">\n<td style=\"width: 24.8593%;height: 53px;text-align: center\" colspan=\"2\" width=\"87\"><span style=\"font-size: 14pt;color: #ff00ff\"><strong>PRESIDENTA<\/strong><\/span><\/td>\n<td style=\"width: 46.5907%;height: 53px;text-align: center\" width=\"209\"><span style=\"font-size: 14pt\">Vanesa Fontao Ram\u00edrez<\/span><\/td>\n<td style=\"width: 28.3127%;height: 53px;text-align: center\" colspan=\"2\" width=\"249\"><span style=\"font-size: 14pt\">Hugo<br \/><\/span><\/td>\n<td style=\"width: 78.6868%;height: 53px\" width=\"66\"><span style=\"font-size: 14pt\">2\u00ba<\/span><\/td>\n<\/tr>\n<tr style=\"height: 53px\">\n<td style=\"width: 24.8593%;height: 53px;text-align: center\" colspan=\"2\" width=\"87\"><span style=\"font-size: 14pt;color: #ff00ff\"><strong>SECRETARIA<\/strong><\/span><\/td>\n<td style=\"width: 46.5907%;height: 53px;text-align: center\" width=\"209\"><span style=\"font-size: 14pt\">Mar\u00eda Vargas Amedey<\/span><\/td>\n<td style=\"width: 28.3127%;height: 53px;text-align: center\" colspan=\"2\" width=\"249\"><span style=\"font-size: 14pt\">Cayetana<br \/><\/span><\/td>\n<td style=\"width: 78.6868%;height: 53px\" width=\"66\"><span style=\"font-size: 14pt\">2\u00ba<\/span><\/td>\n<\/tr>\n<tr style=\"height: 53px\">\n<td style=\"width: 24.8593%;height: 53px;text-align: center\" colspan=\"2\" width=\"87\"><span style=\"font-size: 14pt;color: #ff00ff\"><strong>TESORERA<\/strong><\/span><\/td>\n<td style=\"width: 46.5907%;height: 53px;text-align: center\" width=\"209\"><span style=\"font-size: 14pt\">Susana Higueras Garc\u00e9ss<\/span><\/td>\n<td style=\"width: 28.3127%;height: 53px;text-align: center\" colspan=\"2\" width=\"249\"><span style=\"font-size: 14pt\">\u00c1lvaro<br \/><\/span><\/td>\n<td style=\"width: 78.6868%;height: 53px\" width=\"66\"><span style=\"font-size: 14pt\">2\u00ba<\/span><\/td>\n<\/tr>\n<tr style=\"height: 53px\">\n<td style=\"width: 24.8593%;height: 53px;text-align: center\" colspan=\"2\" rowspan=\"4\" width=\"87\"><span style=\"font-size: 14pt;color: #ff00ff\"><strong>VOCALES<\/strong><\/span><br \/><span style=\"font-size: 14pt\"><strong>&nbsp;<\/strong><\/span><\/td>\n<td style=\"width: 46.5907%;height: 53px;text-align: center\" width=\"209\"><span style=\"font-size: 14pt\">Ana M\u00aa Foncubierta Carri\u00f3n<\/span><\/td>\n<td style=\"width: 28.3127%;height: 53px;text-align: center\" colspan=\"2\" width=\"249\"><span style=\"font-size: 14pt\">Miguel \u00c1ngel<br \/><\/span><\/td>\n<td style=\"width: 78.6868%;height: 53px\" width=\"66\"><span style=\"font-size: 14pt\">2\u00ba<\/span><\/td>\n<\/tr>\n<tr style=\"height: 58px\">\n<td style=\"width: 46.5907%;height: 58px;text-align: center\" width=\"209\"><span style=\"font-size: 14pt\">M\u00aa \u00c1ngeles Henry Pinedo<\/span><\/td>\n<td style=\"height: 58px;width: 28.3127%;text-align: center\" colspan=\"2\" width=\"249\"><span style=\"font-size: 14pt\">Victoria<br \/><\/span><\/td>\n<td style=\"width: 78.6868%;height: 58px\" width=\"66\"><span style=\"font-size: 14pt\">Inf. 5<\/span><\/td>\n<\/tr>\n<tr style=\"height: 25px\">\n<td style=\"width: 46.5907%;text-align: center;height: 25px\" width=\"209\"><span style=\"font-size: 14pt\"> Maria del carmen Rodr\u00edguez Mart\u00ednez<\/span><\/td>\n<td style=\"width: 27.3729%;height: 25px;text-align: center\" width=\"245\"><span style=\"font-size: 14pt\">&nbsp;Helio (2\u00ba) y Lucas de 5 a\u00f1os<br \/><\/span><\/td>\n<td style=\"width: 0.93985%;text-align: center;height: 25px\" width=\"4\"><span style=\"font-size: 14pt\">&nbsp;<\/span><\/td>\n<td style=\"width: 78.6868%;text-align: center;height: 25px\" width=\"66\"><span style=\"font-size: 14pt\">&nbsp;2\u00ba- inf 5<br \/><\/span><\/td>\n<\/tr>\n<tr>\n<td style=\"width: 46.5907%;text-align: center\"><span style=\"font-size: 14pt\">Bernardino San Jos\u00e9<br \/><\/span><\/td>\n<td style=\"width: 27.3729%;text-align: center\"><span style=\"font-size: 14pt\">Alejandro<br \/><\/span><\/td>\n<td style=\"width: 0.93985%;text-align: center\"><span style=\"font-size: 14pt\">&nbsp;<\/span><\/td>\n<td style=\"width: 78.6868%;text-align: center\"><span style=\"font-size: 14pt\">6\u00ba<br \/><\/span><\/td>\n<\/tr>\n<\/tbody>\n<\/table>\n<p>[\/et_pb_text][\/et_pb_column][\/et_pb_row][\/et_pb_section][et_pb_section fb_built=&#8221;1&#8243; _builder_version=&#8221;4.14.5&#8243; _module_preset=&#8221;default&#8221; global_colors_info=&#8221;{}&#8221;][et_pb_row _builder_version=&#8221;4.14.5&#8243; _module_preset=&#8221;default&#8221; global_colors_info=&#8221;{}&#8221;][et_pb_column type=&#8221;4_4&#8243; _builder_version=&#8221;4.14.5&#8243; _module_preset=&#8221;default&#8221; global_colors_info=&#8221;{}&#8221;][\/et_pb_column][\/et_pb_row][\/et_pb_section]<\/p>\n","protected":false},"excerpt":{"rendered":"<p>HORARIO DE AMPA: Los martes y jueves de 9:00 a 10::00h La Asociaci\u00f3n de Madres y Padres del Colegio Casal Carrillo es una entidad asociativa sin \u00e1nimo de lucro. Su objetivo principal es participar en la gesti\u00f3n del colegio, representando a familias, contribuyendo a la mejora de todo lo concerniente a la educaci\u00f3n de nuestros [&hellip;]<\/p>\n","protected":false},"author":7051,"featured_media":3850,"parent":0,"menu_order":0,"comment_status":"closed","ping_status":"closed","template":"","meta":{"_et_pb_use_builder":"on","_et_pb_old_content":"","_et_gb_content_width":"","ngg_post_thumbnail":0,"footnotes":""},"aioseo_notices":[],"_links":{"self":[{"href":"https:\/\/blogsaverroes.juntadeandalucia.es\/ceipcasalcarrillo\/wp-json\/wp\/v2\/pages\/30"}],"collection":[{"href":"https:\/\/blogsaverroes.juntadeandalucia.es\/ceipcasalcarrillo\/wp-json\/wp\/v2\/pages"}],"about":[{"href":"https:\/\/blogsaverroes.juntadeandalucia.es\/ceipcasalcarrillo\/wp-json\/wp\/v2\/types\/page"}],"author":[{"embeddable":true,"href":"https:\/\/blogsaverroes.juntadeandalucia.es\/ceipcasalcarrillo\/wp-json\/wp\/v2\/users\/7051"}],"replies":[{"embeddable":true,"href":"https:\/\/blogsaverroes.juntadeandalucia.es\/ceipcasalcarrillo\/wp-json\/wp\/v2\/comments?post=30"}],"version-history":[{"count":19,"href":"https:\/\/blogsaverroes.juntadeandalucia.es\/ceipcasalcarrillo\/wp-json\/wp\/v2\/pages\/30\/revisions"}],"predecessor-version":[{"id":3853,"href":"https:\/\/blogsaverroes.juntadeandalucia.es\/ceipcasalcarrillo\/wp-json\/wp\/v2\/pages\/30\/revisions\/3853"}],"wp:featuredmedia":[{"embeddable":true,"href":"https:\/\/blogsaverroes.juntadeandalucia.es\/ceipcasalcarrillo\/wp-json\/wp\/v2\/media\/3850"}],"wp:attachment":[{"href":"https:\/\/blogsaverroes.juntadeandalucia.es\/ceipcasalcarrillo\/wp-json\/wp\/v2\/media?parent=30"}],"curies":[{"name":"wp","href":"https:\/\/api.w.org\/{rel}","templated":true}]}}