{"id":42,"date":"2015-03-13T08:40:47","date_gmt":"2015-03-13T08:40:47","guid":{"rendered":"http:\/\/blogsaverroes.juntadeandalucia.es\/pre\/ceip\/?page_id=42"},"modified":"2020-04-08T18:27:28","modified_gmt":"2020-04-08T18:27:28","slug":"equipo-directivo","status":"publish","type":"page","link":"https:\/\/blogsaverroes.juntadeandalucia.es\/ceipcastilblanco\/equipo-directivo\/","title":{"rendered":"Equipo directivo"},"content":{"rendered":"<p>Las personas que ostentan las funciones y responsabilidades de car\u00e1cter pedag\u00f3gico, organizativo, administrativo y gesti\u00f3n de recursos del centro y que est\u00e1n a su entera disposici\u00f3n para subsanar cualquier contigencia.<\/p>\n<p><strong>Direcci\u00f3n: V\u00edctor M. Rodr\u00edguez \u00c1lvarez<\/strong><\/p>\n<p>Tlfno.: 671565944 (765944)<\/p>\n<p><strong>Jefatura de estudios: Francisco Jes\u00fas Pecero Sayago<\/strong><\/p>\n<p>Tlfno.: 671566107 (766107)<\/p>\n<p><strong>Secretar\u00eda: M\u00aa \u00c1ngeles Campos Delgado<\/strong><\/p>\n","protected":false},"excerpt":{"rendered":"<p>Las personas que ostentan las funciones y responsabilidades de car\u00e1cter pedag\u00f3gico, organizativo, administrativo y gesti\u00f3n de recursos del centro y que est\u00e1n a su entera disposici\u00f3n para subsanar cualquier contigencia. Direcci\u00f3n: V\u00edctor M. Rodr\u00edguez&#46;&#46;&#46;<\/p>\n","protected":false},"author":1,"featured_media":0,"parent":0,"menu_order":0,"comment_status":"closed","ping_status":"open","template":"","meta":{"ngg_post_thumbnail":0,"footnotes":"","_mc_calendar":[]},"aioseo_notices":[],"_links":{"self":[{"href":"https:\/\/blogsaverroes.juntadeandalucia.es\/ceipcastilblanco\/wp-json\/wp\/v2\/pages\/42"}],"collection":[{"href":"https:\/\/blogsaverroes.juntadeandalucia.es\/ceipcastilblanco\/wp-json\/wp\/v2\/pages"}],"about":[{"href":"https:\/\/blogsaverroes.juntadeandalucia.es\/ceipcastilblanco\/wp-json\/wp\/v2\/types\/page"}],"author":[{"embeddable":true,"href":"https:\/\/blogsaverroes.juntadeandalucia.es\/ceipcastilblanco\/wp-json\/wp\/v2\/users\/1"}],"replies":[{"embeddable":true,"href":"https:\/\/blogsaverroes.juntadeandalucia.es\/ceipcastilblanco\/wp-json\/wp\/v2\/comments?post=42"}],"version-history":[{"count":6,"href":"https:\/\/blogsaverroes.juntadeandalucia.es\/ceipcastilblanco\/wp-json\/wp\/v2\/pages\/42\/revisions"}],"predecessor-version":[{"id":2157,"href":"https:\/\/blogsaverroes.juntadeandalucia.es\/ceipcastilblanco\/wp-json\/wp\/v2\/pages\/42\/revisions\/2157"}],"wp:attachment":[{"href":"https:\/\/blogsaverroes.juntadeandalucia.es\/ceipcastilblanco\/wp-json\/wp\/v2\/media?parent=42"}],"curies":[{"name":"wp","href":"https:\/\/api.w.org\/{rel}","templated":true}]}}