{"id":2220,"date":"2016-04-02T20:07:37","date_gmt":"2016-04-02T20:07:37","guid":{"rendered":"http:\/\/blogsaverroes.juntadeandalucia.es\/ceipcervantesalcala\/?page_id=2220"},"modified":"2025-09-30T12:59:05","modified_gmt":"2025-09-30T10:59:05","slug":"claustro-de-profesores-2","status":"publish","type":"page","link":"https:\/\/blogsaverroes.juntadeandalucia.es\/ceipcervantesalcala\/claustro-de-profesores-2\/","title":{"rendered":"Claustro de profesores 2025-26"},"content":{"rendered":"<p><span style=\"text-decoration: underline\"><strong>EDUCACI\u00d3N INFANTIL<\/strong><\/span><\/p>\n<p><strong>TRES A\u00d1OS<\/strong><\/p>\n<ul>\n<li><strong>I3-A:<\/strong>&nbsp; D\u00aa. Ventero Bernal, Mar\u00eda Luisa<\/li>\n<li><strong>I3-B:<\/strong> D\u00aa.&nbsp; P\u00e9rez Rodr\u00edguez, Clara Eugenia<strong><br \/>\n<\/strong><\/li>\n<\/ul>\n<p><strong>CUATRO A\u00d1OS<\/strong><\/p>\n<ul>\n<li><strong>I4-A:&nbsp;<\/strong> D\u00aa. Vera Clemente, Irene (Coordinadora de E. Infantil)<\/li>\n<li><strong>I4-B:<\/strong>&nbsp;D\u00aa. Leo S\u00e1nchez, Mar\u00eda<\/li>\n<\/ul>\n<p><strong>CINCO A\u00d1OS<\/strong><\/p>\n<ul>\n<li><strong>I5-A:<\/strong> D\u00aa. Alcoba Burga, Adelaida<\/li>\n<li><strong>I5-B<\/strong>: D\u00aa. P\u00e9rez G\u00f3mez, Nuria<\/li>\n<\/ul>\n<p>&nbsp;<\/p>\n<p><span style=\"text-decoration: underline\"><strong>EDUCACI\u00d3N PRIMARIA<\/strong><\/span><\/p>\n<p><strong>PRIMER CICLO<\/strong><\/p>\n<ul>\n<li><strong>1\u00ba A: <\/strong>D.&nbsp;Yerga Rodr\u00edguez, Juan Manuel&nbsp;<\/li>\n<li><strong>1\u00ba B: <\/strong>D\u00aa.&nbsp; Jim\u00e9nez Pe\u00f1alva, Rosa M\u00aa&nbsp; (Coordinadora de Biblioteca) (Coordinadora de 1\u00ba ciclo)<\/li>\n<li><strong>2\u00ba A: <\/strong>D\u00aa. Mart\u00ednez Prieto, M\u00f3nica (Coordinadora de Igualdad y Bienestar Emocional)<\/li>\n<li><strong>2\u00ba B:<\/strong> D. Zambrana S\u00e1nchez, Andr\u00e9s Nazario<\/li>\n<\/ul>\n<p><strong>SEGUNDO CICLO<\/strong><\/p>\n<ul>\n<li><strong>3\u00ba A:&nbsp;<\/strong>D\u00aa&nbsp; Ord\u00f3\u00f1ez L\u00f3pez, Rosalinda&nbsp; (Coordinadora de 2\u00ba ciclo)<strong><br \/>\n<\/strong><\/li>\n<li><strong>3\u00ba B: <\/strong>D\u00aa. Due\u00f1as Cueto, Marta (Especialista de Ingl\u00e9s)<strong><br \/>\n<\/strong><\/li>\n<li><strong>4\u00ba A:<\/strong>&nbsp;D\u00aa&nbsp; Garc\u00eda Hermos\u00edn, Rosa M\u00aa (Secretaria)<strong><br \/>\n<\/strong><\/li>\n<li><strong>4\u00ba B: <\/strong>D.&nbsp; Dom\u00ednguez P\u00e9rez,&nbsp; Jes\u00fas Alberto (Especialista de M\u00fasica)<strong><br \/>\n<\/strong><\/li>\n<\/ul>\n<p><strong>TERCER CICLO<\/strong><\/p>\n<ul>\n<li><strong>5\u00ba A: <\/strong>D\u00aa. Portillo Ortiz, Ines Marina (Especialista Franc\u00e9s)<\/li>\n<li><strong>5\u00ba B:<\/strong>&nbsp;D\u00aa. N\u00fa\u00f1ez Sequera, Pilar.<\/li>\n<li><strong>6\u00ba A: <\/strong>D. Carvajal Mayo, Juan de Dios (C.A.R)<\/li>\n<li><strong>6\u00ba B:<\/strong> D\u00aa. Rodr\u00edguez&nbsp; Puerto, M\u00aa del Carmen (Especialista Ed. F\u00edsica)<\/li>\n<\/ul>\n<p><strong>ESPECIALISTAS<\/strong><\/p>\n<ul>\n<li><strong>Ingl\u00e9s :<\/strong> D\u00aa. Gonz\u00e1lez Miranda, Virginia (Coordinadora de ciclo 3\u00ba)<\/li>\n<li><strong>Ingl\u00e9s: <\/strong>D\u00aa.&nbsp;Due\u00f1as Cueto, Marta<\/li>\n<li><strong>Franc\u00e9s<\/strong> :D\u00aa. Portillo Ortiz, In\u00e9s Marina (Tutora de 5\u00ba A)<\/li>\n<li><strong>Ed. F\u00edsica: <\/strong>D. Miguel \u00c1ngel Portillo Guerra (Director)<\/li>\n<li><strong>Ed. F\u00edsica:&nbsp;<\/strong>D. Jes\u00fas L\u00f3pez Torres&nbsp;<\/li>\n<li><strong>Ed. F\u00edsica:&nbsp;<\/strong>D\u00aa. Rodr\u00edguez&nbsp; Puerto, M\u00aa del Carmen (Tutora 6\u00baB)<\/li>\n<li><strong>M\u00fasica:<\/strong>&nbsp;D.&nbsp; Dom\u00ednguez P\u00e9rez,&nbsp; Jes\u00fas Alberto<\/li>\n<li><strong>Religi\u00f3n:<\/strong> D\u00aa.Capitas P\u00e9rez, Pilar<\/li>\n<li><strong>Religi\u00f3n:<\/strong> D. Mauri Capitas, M\u00aa Rosario<\/li>\n<li><strong>Religi\u00f3n: <\/strong>D.Lucena Mir\u00f3, Jos\u00e9 Manuel&nbsp;<\/li>\n<\/ul>\n<p>&nbsp;<\/p>\n<p><strong>CICLO DE ORIENTACI\u00d3N Y APOYO<br \/>\n<\/strong><\/p>\n<ul>\n<li><strong>P.T.:<\/strong> D\u00aa G\u00e1mez Merino, Roc\u00edo (Coordinadora del ciclo de Orientaci\u00f3n y Apoyo)<\/li>\n<li><strong>Audici\u00f3n y Lenguaje:<\/strong> D\u00aa. Trapero Fern\u00e1ndez, Irene&nbsp;<\/li>\n<li><strong>Monitora de E. Especial:<\/strong> D\u00aa.&nbsp; Mu\u00f1oz Ruiz, M\u00aa \u00c1ngeles<\/li>\n<li><strong>Orientador\/a del C.E.P.:<\/strong> D\u00aa. Borge Orea, Concepci\u00f3n<\/li>\n<li><strong>Cupo CAR<\/strong> : D\u00aa. Blanco Molina, Pilar (Jefa de Estudios)<\/li>\n<li><strong>Cupo CAR:<\/strong> D. Carvajal Mayo, Juan de Dios&nbsp;<\/li>\n<li><strong>CUPO 14 (Apoyo y Refuerzo): <\/strong>D\u00aa. Guirao Arrabal, Mar\u00eda Teresa<\/li>\n<\/ul>\n<p>&nbsp;<\/p>\n<p><span style=\"text-decoration: underline\"><strong>EQUIPO DIRECTIVO<\/strong><\/span><\/p>\n<ul>\n<li><strong>Direcci\u00f3n: <\/strong>D. Portillo Guerra, Miguel \u00c1ngel<\/li>\n<li><strong>Jefatura de Estudios: <\/strong>D\u00aa Blanco Molina, Pilar<\/li>\n<li><strong>Secretaria: <\/strong>D\u00aa. Garc\u00eda Hermos\u00edn, Rosa M\u00aa.<\/li>\n<\/ul>\n<p>&nbsp;<\/p>\n<p><strong>ADMINISTRACI\u00d3N<\/strong><\/p>\n<ul>\n<li>D\u00aa. P\u00e9rez Garc\u00eda, Mercedes.<\/li>\n<\/ul>\n","protected":false},"excerpt":{"rendered":"<p>EDUCACI\u00d3N INFANTIL TRES A\u00d1OS I3-A:&nbsp; D\u00aa. Ventero Bernal, Mar\u00eda Luisa I3-B: D\u00aa.&nbsp; P\u00e9rez Rodr\u00edguez, Clara Eugenia CUATRO A\u00d1OS I4-A:&nbsp; D\u00aa. Vera Clemente, Irene (Coordinadora de E. Infantil) I4-B:&nbsp;D\u00aa. Leo S\u00e1nchez, Mar\u00eda CINCO A\u00d1OS I5-A:&#46;&#46;&#46;<\/p>\n","protected":false},"author":3504,"featured_media":0,"parent":0,"menu_order":0,"comment_status":"open","ping_status":"open","template":"","meta":{"ngg_post_thumbnail":0,"footnotes":"","_mc_calendar":[]},"aioseo_notices":[],"_links":{"self":[{"href":"https:\/\/blogsaverroes.juntadeandalucia.es\/ceipcervantesalcala\/wp-json\/wp\/v2\/pages\/2220"}],"collection":[{"href":"https:\/\/blogsaverroes.juntadeandalucia.es\/ceipcervantesalcala\/wp-json\/wp\/v2\/pages"}],"about":[{"href":"https:\/\/blogsaverroes.juntadeandalucia.es\/ceipcervantesalcala\/wp-json\/wp\/v2\/types\/page"}],"author":[{"embeddable":true,"href":"https:\/\/blogsaverroes.juntadeandalucia.es\/ceipcervantesalcala\/wp-json\/wp\/v2\/users\/3504"}],"replies":[{"embeddable":true,"href":"https:\/\/blogsaverroes.juntadeandalucia.es\/ceipcervantesalcala\/wp-json\/wp\/v2\/comments?post=2220"}],"version-history":[{"count":68,"href":"https:\/\/blogsaverroes.juntadeandalucia.es\/ceipcervantesalcala\/wp-json\/wp\/v2\/pages\/2220\/revisions"}],"predecessor-version":[{"id":7500,"href":"https:\/\/blogsaverroes.juntadeandalucia.es\/ceipcervantesalcala\/wp-json\/wp\/v2\/pages\/2220\/revisions\/7500"}],"wp:attachment":[{"href":"https:\/\/blogsaverroes.juntadeandalucia.es\/ceipcervantesalcala\/wp-json\/wp\/v2\/media?parent=2220"}],"curies":[{"name":"wp","href":"https:\/\/api.w.org\/{rel}","templated":true}]}}

<p><span style="text-decoration: underline"><strong>EDUCACIÓN INFANTIL</strong></span></p>
<p><strong>TRES AÑOS</strong></p>
<ul>
<li><strong>I3-A:</strong>&nbsp; Dª. Ventero Bernal, María Luisa</li>
<li><strong>I3-B:</strong> Dª.&nbsp; Pérez Rodríguez, Clara Eugenia<strong><br />
</strong></li>
</ul>
<p><strong>CUATRO AÑOS</strong></p>
<ul>
<li><strong>I4-A:&nbsp;</strong> Dª. Vera Clemente, Irene (Coordinadora de E. Infantil)</li>
<li><strong>I4-B:</strong>&nbsp;Dª. Leo Sánchez, María</li>
</ul>
<p><strong>CINCO AÑOS</strong></p>
<ul>
<li><strong>I5-A:</strong> Dª. Alcoba Burga, Adelaida</li>
<li><strong>I5-B</strong>: Dª. Pérez Gómez, Nuria</li>
</ul>
<p>&nbsp;</p>
<p><span style="text-decoration: underline"><strong>EDUCACIÓN PRIMARIA</strong></span></p>
<p><strong>PRIMER CICLO</strong></p>
<ul>
<li><strong>1º A: </strong>D.&nbsp;Yerga Rodríguez, Juan Manuel&nbsp;</li>
<li><strong>1º B: </strong>Dª.&nbsp; Jiménez Peñalva, Rosa Mª&nbsp; (Coordinadora de Biblioteca) (Coordinadora de 1º ciclo)</li>
<li><strong>2º A: </strong>Dª. Martínez Prieto, Mónica (Coordinadora de Igualdad y Bienestar Emocional)</li>
<li><strong>2º B:</strong> D. Zambrana Sánchez, Andrés Nazario</li>
</ul>
<p><strong>SEGUNDO CICLO</strong></p>
<ul>
<li><strong>3º A:&nbsp;</strong>Dª&nbsp; Ordóñez López, Rosalinda&nbsp; (Coordinadora de 2º ciclo)<strong><br />
</strong></li>
<li><strong>3º B: </strong>Dª. Dueñas Cueto, Marta (Especialista de Inglés)<strong><br />
</strong></li>
<li><strong>4º A:</strong>&nbsp;Dª&nbsp; García Hermosín, Rosa Mª (Secretaria)<strong><br />
</strong></li>
<li><strong>4º B: </strong>D.&nbsp; Domínguez Pérez,&nbsp; Jesús Alberto (Especialista de Música)<strong><br />
</strong></li>
</ul>
<p><strong>TERCER CICLO</strong></p>
<ul>
<li><strong>5º A: </strong>Dª. Portillo Ortiz, Ines Marina (Especialista Francés)</li>
<li><strong>5º B:</strong>&nbsp;Dª. Núñez Sequera, Pilar.</li>
<li><strong>6º A: </strong>D. Carvajal Mayo, Juan de Dios (C.A.R)</li>
<li><strong>6º B:</strong> Dª. Rodríguez&nbsp; Puerto, Mª del Carmen (Especialista Ed. Física)</li>
</ul>
<p><strong>ESPECIALISTAS</strong></p>
<ul>
<li><strong>Inglés :</strong> Dª. González Miranda, Virginia (Coordinadora de ciclo 3º)</li>
<li><strong>Inglés: </strong>Dª.&nbsp;Dueñas Cueto, Marta</li>
<li><strong>Francés</strong> :Dª. Portillo Ortiz, Inés Marina (Tutora de 5º A)</li>
<li><strong>Ed. Física: </strong>D. Miguel Ángel Portillo Guerra (Director)</li>
<li><strong>Ed. Física:&nbsp;</strong>D. Jesús López Torres&nbsp;</li>
<li><strong>Ed. Física:&nbsp;</strong>Dª. Rodríguez&nbsp; Puerto, Mª del Carmen (Tutora 6ºB)</li>
<li><strong>Música:</strong>&nbsp;D.&nbsp; Domínguez Pérez,&nbsp; Jesús Alberto</li>
<li><strong>Religión:</strong> Dª.Capitas Pérez, Pilar</li>
<li><strong>Religión:</strong> D. Mauri Capitas, Mª Rosario</li>
<li><strong>Religión: </strong>D.Lucena Miró, José Manuel&nbsp;</li>
</ul>
<p>&nbsp;</p>
<p><strong>CICLO DE ORIENTACIÓN Y APOYO<br />
</strong></p>
<ul>
<li><strong>P.T.:</strong> Dª Gámez Merino, Rocío (Coordinadora del ciclo de Orientación y Apoyo)</li>
<li><strong>Audición y Lenguaje:</strong> Dª. Trapero Fernández, Irene&nbsp;</li>
<li><strong>Monitora de E. Especial:</strong> Dª.&nbsp; Muñoz Ruiz, Mª Ángeles</li>
<li><strong>Orientador/a del C.E.P.:</strong> Dª. Borge Orea, Concepción</li>
<li><strong>Cupo CAR</strong> : Dª. Blanco Molina, Pilar (Jefa de Estudios)</li>
<li><strong>Cupo CAR:</strong> D. Carvajal Mayo, Juan de Dios&nbsp;</li>
<li><strong>CUPO 14 (Apoyo y Refuerzo): </strong>Dª. Guirao Arrabal, María Teresa</li>
</ul>
<p>&nbsp;</p>
<p><span style="text-decoration: underline"><strong>EQUIPO DIRECTIVO</strong></span></p>
<ul>
<li><strong>Dirección: </strong>D. Portillo Guerra, Miguel Ángel</li>
<li><strong>Jefatura de Estudios: </strong>Dª Blanco Molina, Pilar</li>
<li><strong>Secretaria: </strong>Dª. García Hermosín, Rosa Mª.</li>
</ul>
<p>&nbsp;</p>
<p><strong>ADMINISTRACIÓN</strong></p>
<ul>
<li>Dª. Pérez García, Mercedes.</li>
</ul>

<p>EDUCACIÓN INFANTIL TRES AÑOS I3-A:&nbsp; Dª. Ventero Bernal, María Luisa I3-B: Dª.&nbsp; Pérez Rodríguez, Clara Eugenia CUATRO AÑOS I4-A:&nbsp; Dª. Vera Clemente, Irene (Coordinadora de E. Infantil) I4-B:&nbsp;Dª. Leo Sánchez, María CINCO AÑOS I5-A:&#46;&#46;&#46;</p>
