{"id":2354,"date":"2016-04-21T15:10:50","date_gmt":"2016-04-21T15:10:50","guid":{"rendered":"http:\/\/blogsaverroes.juntadeandalucia.es\/ceipcervantesalcala\/?page_id=2354"},"modified":"2020-03-28T16:00:24","modified_gmt":"2020-03-28T16:00:24","slug":"pasen","status":"publish","type":"page","link":"https:\/\/blogsaverroes.juntadeandalucia.es\/ceipcervantesalcala\/pasen\/","title":{"rendered":"PASEN"},"content":{"rendered":"<p>Este servicio es una aplicaci\u00f3n Web que act\u00faa de canal de comunicaci\u00f3n y que ofrece a todos los agentes de&nbsp;&nbsp;la Comunidad Educativa la posibilidad de mantener un di\u00e1logo fluido y cotidiano, a\u00fan para aquellos que por diversos motivos, &nbsp;ya &nbsp;sean &nbsp;personales, &nbsp;laborales &nbsp;o &nbsp;de &nbsp;cualquier &nbsp;otro &nbsp;origen, &nbsp;no puedan llevarlo a cabo del modo tradicional haciendo efectiva el concepto de la tutor\u00eda electr\u00f3nica.<\/p>\n<p>Nuestro centro lo tiene operativo desde hace a\u00f1os, ya que a todas las familias de nuevo ingreso en el centro, en los cursos de Infantil de 3 a\u00f1os se les da una charla informativa y posteriormente se les proporcionan las credenciales para el acceso.<\/p>\n<p>Dado que muchas familias no recogieron sus credenciales, o las han extraviado, est\u00e1 disponible un nuevo procedimiento de \u00abautologin\u00bb para usuarios con perfiles tutor\/a legal y alumnado (tanto emancipado como no), mediante el cual cualquier padre\/madre o alumno\/a podr\u00e1 realizar un proceso de \u00abautologin\u00bb para obtener las credenciales de acceso a PASEN.&nbsp;<\/p>\n<p><strong>iPasen<\/strong> es la versi\u00f3n para m\u00f3viles y tabletas de PASEN. Se descarga muy f\u00e1cilmente la aplicaci\u00f3n desde Play Store o cualquier otro buscador de aplicaciones para m\u00f3viles.<\/p>\n<p>El acceso se puede hace a trav\u00e9s del siguiente enlace:<\/p>\n<h1><a href=\"https:\/\/www.juntadeandalucia.es\/educacion\/portalseneca\/web\/pasen\/inicio\">&nbsp; &nbsp; &nbsp; &nbsp; &nbsp; &nbsp; &nbsp; &nbsp; &nbsp; &nbsp; &nbsp; &nbsp; <span style=\"color: #3366ff\">&nbsp;<\/span><span style=\"color: #339966\"><strong><span style=\"color: #3366ff\">ACCESO A PASEN<\/span><\/strong><\/span><\/a><\/h1>\n<p>A continuaci\u00f3n mostramos los pasos a seguir para la obtenci\u00f3n de las credenciales:<a href=\"https:\/\/blogsaverroes.juntadeandalucia.es\/ceipcervantesalcala\/files\/2020\/03\/AUTOLOGINPASEN_page-0001.jpg\"><img loading=\"lazy\" decoding=\"async\" class=\"aligncenter wp-image-3927 size-large\" src=\"https:\/\/blogsaverroes.juntadeandalucia.es\/ceipcervantesalcala\/files\/2020\/03\/AUTOLOGINPASEN_page-0001-725x1024.jpg\" alt=\"\" width=\"660\" height=\"932\" srcset=\"https:\/\/blogsaverroes.juntadeandalucia.es\/ceipcervantesalcala\/files\/2020\/03\/AUTOLOGINPASEN_page-0001-725x1024.jpg 725w, https:\/\/blogsaverroes.juntadeandalucia.es\/ceipcervantesalcala\/files\/2020\/03\/AUTOLOGINPASEN_page-0001-212x300.jpg 212w, https:\/\/blogsaverroes.juntadeandalucia.es\/ceipcervantesalcala\/files\/2020\/03\/AUTOLOGINPASEN_page-0001-768x1085.jpg 768w, https:\/\/blogsaverroes.juntadeandalucia.es\/ceipcervantesalcala\/files\/2020\/03\/AUTOLOGINPASEN_page-0001-700x989.jpg 700w, https:\/\/blogsaverroes.juntadeandalucia.es\/ceipcervantesalcala\/files\/2020\/03\/AUTOLOGINPASEN_page-0001-17x24.jpg 17w, https:\/\/blogsaverroes.juntadeandalucia.es\/ceipcervantesalcala\/files\/2020\/03\/AUTOLOGINPASEN_page-0001-25x36.jpg 25w, https:\/\/blogsaverroes.juntadeandalucia.es\/ceipcervantesalcala\/files\/2020\/03\/AUTOLOGINPASEN_page-0001-34x48.jpg 34w, https:\/\/blogsaverroes.juntadeandalucia.es\/ceipcervantesalcala\/files\/2020\/03\/AUTOLOGINPASEN_page-0001.jpg 1132w\" sizes=\"(max-width: 660px) 100vw, 660px\" \/><\/a><\/p>\n<p style=\"text-align: center\"><iframe loading=\"lazy\" src=\"https:\/\/www.facebook.com\/plugins\/video.php?href=https%3A%2F%2Fwww.facebook.com%2FEducaAnd%2Fvideos%2F514236605607356%2F&amp;show_text=0&amp;width=560\" width=\"560\" height=\"314\" frameborder=\"0\" scrolling=\"no\"><\/iframe><\/p>\n<p>Con el fin de que los padres\/madres del alumnado de nuestro colegio puedan usar f\u00e1cilmente el programa PASEN se publica a continuaci\u00f3n los manuales explicativos:<\/p>\n<p><a href=\"http:\/\/blogsaverroes.juntadeandalucia.es\/ceipcervantesalcala\/files\/2016\/04\/pasen_padres.pdf\">pasen_padres<\/a><\/p>\n<p>Para que puedan llegar los avisos generados desde el colegio a los padres a trav\u00e9s del m\u00f3vil y\/o correo electr\u00f3nico es preciso &nbsp;suscribirse previamente. Los pasos son muy sencillos. En el documento adjunto figuran los tr\u00e1mites a seguir:<\/p>\n<p><a href=\"http:\/\/blogsaverroes.juntadeandalucia.es\/ceipcervantesalcala\/files\/2016\/04\/suscripcion_padres.pdf\">suscripcion_padres<\/a><\/p>\n<p>C\u00d3MO DESBLOQUEAR LA P\u00c1GINA DEL PASEN SI NO LE PERMITE ACCEDER POR ESTAR BLOQUEADA:<\/p>\n<p><a href=\"http:\/\/blogsaverroes.juntadeandalucia.es\/ceipcervantesalcala\/files\/2016\/04\/como_desbloqueo_la_ventanas_emergentes_en_firefox.pdf\">como_desbloqueo_la_ventanas_emergentes<\/a><\/p>\n<p>&nbsp;<\/p>\n","protected":false},"excerpt":{"rendered":"<p>Este servicio es una aplicaci\u00f3n Web que act\u00faa de canal de comunicaci\u00f3n y que ofrece a todos los agentes de&nbsp;&nbsp;la Comunidad Educativa la posibilidad de mantener un di\u00e1logo fluido y cotidiano, a\u00fan para aquellos&#46;&#46;&#46;<\/p>\n","protected":false},"author":3504,"featured_media":0,"parent":0,"menu_order":0,"comment_status":"open","ping_status":"open","template":"","meta":{"ngg_post_thumbnail":0,"footnotes":"","_mc_calendar":[]},"aioseo_notices":[],"_links":{"self":[{"href":"https:\/\/blogsaverroes.juntadeandalucia.es\/ceipcervantesalcala\/wp-json\/wp\/v2\/pages\/2354"}],"collection":[{"href":"https:\/\/blogsaverroes.juntadeandalucia.es\/ceipcervantesalcala\/wp-json\/wp\/v2\/pages"}],"about":[{"href":"https:\/\/blogsaverroes.juntadeandalucia.es\/ceipcervantesalcala\/wp-json\/wp\/v2\/types\/page"}],"author":[{"embeddable":true,"href":"https:\/\/blogsaverroes.juntadeandalucia.es\/ceipcervantesalcala\/wp-json\/wp\/v2\/users\/3504"}],"replies":[{"embeddable":true,"href":"https:\/\/blogsaverroes.juntadeandalucia.es\/ceipcervantesalcala\/wp-json\/wp\/v2\/comments?post=2354"}],"version-history":[{"count":7,"href":"https:\/\/blogsaverroes.juntadeandalucia.es\/ceipcervantesalcala\/wp-json\/wp\/v2\/pages\/2354\/revisions"}],"predecessor-version":[{"id":3931,"href":"https:\/\/blogsaverroes.juntadeandalucia.es\/ceipcervantesalcala\/wp-json\/wp\/v2\/pages\/2354\/revisions\/3931"}],"wp:attachment":[{"href":"https:\/\/blogsaverroes.juntadeandalucia.es\/ceipcervantesalcala\/wp-json\/wp\/v2\/media?parent=2354"}],"curies":[{"name":"wp","href":"https:\/\/api.w.org\/{rel}","templated":true}]}}

<p>Este servicio es una aplicación Web que actúa de canal de comunicación y que ofrece a todos los agentes de&nbsp;&nbsp;la Comunidad Educativa la posibilidad de mantener un diálogo fluido y cotidiano, aún para aquellos que por diversos motivos, &nbsp;ya &nbsp;sean &nbsp;personales, &nbsp;laborales &nbsp;o &nbsp;de &nbsp;cualquier &nbsp;otro &nbsp;origen, &nbsp;no puedan llevarlo a cabo del modo tradicional haciendo efectiva el concepto de la tutoría electrónica.</p>
<p>Nuestro centro lo tiene operativo desde hace años, ya que a todas las familias de nuevo ingreso en el centro, en los cursos de Infantil de 3 años se les da una charla informativa y posteriormente se les proporcionan las credenciales para el acceso.</p>
<p>Dado que muchas familias no recogieron sus credenciales, o las han extraviado, está disponible un nuevo procedimiento de «autologin» para usuarios con perfiles tutor/a legal y alumnado (tanto emancipado como no), mediante el cual cualquier padre/madre o alumno/a podrá realizar un proceso de «autologin» para obtener las credenciales de acceso a PASEN.&nbsp;</p>
<p><strong>iPasen</strong> es la versión para móviles y tabletas de PASEN. Se descarga muy fácilmente la aplicación desde Play Store o cualquier otro buscador de aplicaciones para móviles.</p>
<p>El acceso se puede hace a través del siguiente enlace:</p>
<h1><a href="https://www.juntadeandalucia.es/educacion/portalseneca/web/pasen/inicio">&nbsp; &nbsp; &nbsp; &nbsp; &nbsp; &nbsp; &nbsp; &nbsp; &nbsp; &nbsp; &nbsp; &nbsp; <span style="color: #3366ff">&nbsp;</span><span style="color: #339966"><strong><span style="color: #3366ff">ACCESO A PASEN</span></strong></span></a></h1>
<p>A continuación mostramos los pasos a seguir para la obtención de las credenciales:<a href="https://blogsaverroes.juntadeandalucia.es/ceipcervantesalcala/files/2020/03/AUTOLOGINPASEN_page-0001.jpg"><img loading="lazy" decoding="async" class="aligncenter wp-image-3927 size-large" src="https://blogsaverroes.juntadeandalucia.es/ceipcervantesalcala/files/2020/03/AUTOLOGINPASEN_page-0001-725x1024.jpg" alt="" width="660" height="932" srcset="https://blogsaverroes.juntadeandalucia.es/ceipcervantesalcala/files/2020/03/AUTOLOGINPASEN_page-0001-725x1024.jpg 725w, https://blogsaverroes.juntadeandalucia.es/ceipcervantesalcala/files/2020/03/AUTOLOGINPASEN_page-0001-212x300.jpg 212w, https://blogsaverroes.juntadeandalucia.es/ceipcervantesalcala/files/2020/03/AUTOLOGINPASEN_page-0001-768x1085.jpg 768w, https://blogsaverroes.juntadeandalucia.es/ceipcervantesalcala/files/2020/03/AUTOLOGINPASEN_page-0001-700x989.jpg 700w, https://blogsaverroes.juntadeandalucia.es/ceipcervantesalcala/files/2020/03/AUTOLOGINPASEN_page-0001-17x24.jpg 17w, https://blogsaverroes.juntadeandalucia.es/ceipcervantesalcala/files/2020/03/AUTOLOGINPASEN_page-0001-25x36.jpg 25w, https://blogsaverroes.juntadeandalucia.es/ceipcervantesalcala/files/2020/03/AUTOLOGINPASEN_page-0001-34x48.jpg 34w, https://blogsaverroes.juntadeandalucia.es/ceipcervantesalcala/files/2020/03/AUTOLOGINPASEN_page-0001.jpg 1132w" sizes="(max-width: 660px) 100vw, 660px" /></a></p>
<p style="text-align: center"><iframe loading="lazy" src="https://www.facebook.com/plugins/video.php?href=https%3A%2F%2Fwww.facebook.com%2FEducaAnd%2Fvideos%2F514236605607356%2F&amp;show_text=0&amp;width=560" width="560" height="314" frameborder="0" scrolling="no"></iframe></p>
<p>Con el fin de que los padres/madres del alumnado de nuestro colegio puedan usar fácilmente el programa PASEN se publica a continuación los manuales explicativos:</p>
<p><a href="http://blogsaverroes.juntadeandalucia.es/ceipcervantesalcala/files/2016/04/pasen_padres.pdf">pasen_padres</a></p>
<p>Para que puedan llegar los avisos generados desde el colegio a los padres a través del móvil y/o correo electrónico es preciso &nbsp;suscribirse previamente. Los pasos son muy sencillos. En el documento adjunto figuran los trámites a seguir:</p>
<p><a href="http://blogsaverroes.juntadeandalucia.es/ceipcervantesalcala/files/2016/04/suscripcion_padres.pdf">suscripcion_padres</a></p>
<p>CÓMO DESBLOQUEAR LA PÁGINA DEL PASEN SI NO LE PERMITE ACCEDER POR ESTAR BLOQUEADA:</p>
<p><a href="http://blogsaverroes.juntadeandalucia.es/ceipcervantesalcala/files/2016/04/como_desbloqueo_la_ventanas_emergentes_en_firefox.pdf">como_desbloqueo_la_ventanas_emergentes</a></p>
<p>&nbsp;</p>

<p>Este servicio es una aplicación Web que actúa de canal de comunicación y que ofrece a todos los agentes de&nbsp;&nbsp;la Comunidad Educativa la posibilidad de mantener un diálogo fluido y cotidiano, aún para aquellos&#46;&#46;&#46;</p>
