{"id":870,"date":"2015-03-16T07:24:27","date_gmt":"2015-03-16T07:24:27","guid":{"rendered":"http:\/\/blogsaverroes.juntadeandalucia.es\/pre\/ceip\/?page_id=103"},"modified":"2025-11-14T11:13:23","modified_gmt":"2025-11-14T09:13:23","slug":"aula-matinal","status":"publish","type":"page","link":"https:\/\/blogsaverroes.juntadeandalucia.es\/ceipcervantesalcala\/aula-matinal\/","title":{"rendered":"Aula Matinal 25\/26"},"content":{"rendered":"<p><a href=\"https:\/\/drive.google.com\/file\/d\/1JEiFlOAeP6cJdTEdidM6l_iLb78ZQZ4F\/view?usp=sharing\" target=\"_blank\" rel=\"noopener\">Enlace al modelo de solicitud de los servicios de Plan de Apertura de Centros (Aula Matinal, Comedor Escolar y Actividades Extraescolares)<\/a><\/p>\n<p><a href=\"https:\/\/drive.google.com\/file\/d\/1QDoR2HLdLk5y1xtk1mb6qMnRMH2pnX1I\/view?usp=sharing\" target=\"_blank\" rel=\"noopener\">Enlace al modelo de solicitud de bonificaciones para los servicios del Plan de Apertura de Centros (Aula Matinal, Comedor Escolar y Actividades Extraescolares)<\/a>&nbsp;<\/p>\n<p><strong>Las altas y bajas del servicio<\/strong> las gestiona el centro por lo que DEBEN SER COMUNICADAS Y TRAMITADAS a trav\u00e9s del centro cumplimentando y entregando en el centro el siguiente documento: (Enlace de descarga del documento de <a href=\"https:\/\/blogsaverroes.juntadeandalucia.es\/ceipcervantesalcala\/files\/2024\/09\/Solicitud-alta-baja-Plan-Apertura.pdf\" target=\"_blank\" rel=\"noopener\">(Enlace de descarga del documento de solicitud alta\/ baja Plan Apertura en .pdf)<\/a><\/p>\n<p><a href=\"https:\/\/blogsaverroes.juntadeandalucia.es\/ceipcervantesalcala\/files\/2024\/09\/Solicitud-alta-baja-Plan-Apertura_page-0001.jpg\"><img loading=\"lazy\" decoding=\"async\" class=\"aligncenter size-large wp-image-6620\" src=\"https:\/\/blogsaverroes.juntadeandalucia.es\/ceipcervantesalcala\/files\/2024\/09\/Solicitud-alta-baja-Plan-Apertura_page-0001-724x1024.jpg\" alt=\"\" width=\"660\" height=\"933\" srcset=\"https:\/\/blogsaverroes.juntadeandalucia.es\/ceipcervantesalcala\/files\/2024\/09\/Solicitud-alta-baja-Plan-Apertura_page-0001-724x1024.jpg 724w, https:\/\/blogsaverroes.juntadeandalucia.es\/ceipcervantesalcala\/files\/2024\/09\/Solicitud-alta-baja-Plan-Apertura_page-0001-212x300.jpg 212w, https:\/\/blogsaverroes.juntadeandalucia.es\/ceipcervantesalcala\/files\/2024\/09\/Solicitud-alta-baja-Plan-Apertura_page-0001-768x1086.jpg 768w, https:\/\/blogsaverroes.juntadeandalucia.es\/ceipcervantesalcala\/files\/2024\/09\/Solicitud-alta-baja-Plan-Apertura_page-0001-1086x1536.jpg 1086w, https:\/\/blogsaverroes.juntadeandalucia.es\/ceipcervantesalcala\/files\/2024\/09\/Solicitud-alta-baja-Plan-Apertura_page-0001-1449x2048.jpg 1449w, https:\/\/blogsaverroes.juntadeandalucia.es\/ceipcervantesalcala\/files\/2024\/09\/Solicitud-alta-baja-Plan-Apertura_page-0001-700x990.jpg 700w, https:\/\/blogsaverroes.juntadeandalucia.es\/ceipcervantesalcala\/files\/2024\/09\/Solicitud-alta-baja-Plan-Apertura_page-0001.jpg 1132w\" sizes=\"(max-width: 660px) 100vw, 660px\" \/><\/a>Los cambios de uso de los servicios de comedor DEBEN SER COMUNICADAS Y TRAMITADAS a trav\u00e9s del centro cumplimentando y entregando en el centro el siguiente documento: <a href=\"https:\/\/blogsaverroes.juntadeandalucia.es\/ceipcervantesalcala\/files\/2024\/09\/Solicitud-cambio-de-usos-de-los-servicios.pdf\" target=\"_blank\" rel=\"noopener\">Enlace de descarga del documento de solicitud cambio de usos de los servicios<\/a><br \/>\n<a href=\"https:\/\/blogsaverroes.juntadeandalucia.es\/ceipcervantesalcala\/files\/2024\/09\/Solicitud-cambio-de-usos-de-los-servicios_page-0001.jpg\"><img loading=\"lazy\" decoding=\"async\" class=\"aligncenter size-large wp-image-6624\" src=\"https:\/\/blogsaverroes.juntadeandalucia.es\/ceipcervantesalcala\/files\/2024\/09\/Solicitud-cambio-de-usos-de-los-servicios_page-0001-725x1024.jpg\" alt=\"\" width=\"660\" height=\"932\" srcset=\"https:\/\/blogsaverroes.juntadeandalucia.es\/ceipcervantesalcala\/files\/2024\/09\/Solicitud-cambio-de-usos-de-los-servicios_page-0001-725x1024.jpg 725w, https:\/\/blogsaverroes.juntadeandalucia.es\/ceipcervantesalcala\/files\/2024\/09\/Solicitud-cambio-de-usos-de-los-servicios_page-0001-212x300.jpg 212w, https:\/\/blogsaverroes.juntadeandalucia.es\/ceipcervantesalcala\/files\/2024\/09\/Solicitud-cambio-de-usos-de-los-servicios_page-0001-768x1085.jpg 768w, https:\/\/blogsaverroes.juntadeandalucia.es\/ceipcervantesalcala\/files\/2024\/09\/Solicitud-cambio-de-usos-de-los-servicios_page-0001-1087x1536.jpg 1087w, https:\/\/blogsaverroes.juntadeandalucia.es\/ceipcervantesalcala\/files\/2024\/09\/Solicitud-cambio-de-usos-de-los-servicios_page-0001-1450x2048.jpg 1450w, https:\/\/blogsaverroes.juntadeandalucia.es\/ceipcervantesalcala\/files\/2024\/09\/Solicitud-cambio-de-usos-de-los-servicios_page-0001-700x989.jpg 700w, https:\/\/blogsaverroes.juntadeandalucia.es\/ceipcervantesalcala\/files\/2024\/09\/Solicitud-cambio-de-usos-de-los-servicios_page-0001.jpg 1133w\" sizes=\"(max-width: 660px) 100vw, 660px\" \/><\/a><\/p>\n<p>La empresa adjudicataria del servicio de Aula Matinal es \u00abEducomex\u00bb, y nos solicita que difundamos a todos los usuarios\/as:<\/p>\n<ul>\n<li>Su carta de presentaci\u00f3n, en la que detalla informaci\u00f3n de inter\u00e9s para los usuarios.<\/li>\n<li>Cualquier queja o sugerencia sobre el servicio se le puede hacer llegar al tel\u00e9fono de atenci\u00f3n a las familias 954068242&nbsp; o por email a&nbsp; <strong><a href=\"mailto:gestioneducomex@gmail.com\">gestioneducomex@gmail.com&nbsp;<\/a><\/strong><\/li>\n<li>Esta empresa tiene la adjudicaci\u00f3n de este servicio por parte de la APAE. (Agencia P\u00fablica Andaluza de Educaci\u00f3n), cualquier queja sobre su servicio o atenci\u00f3n al usuario que no haya sido atendida correctamente por la empresa puede elevarse a la mencionada APAE, al correo: <strong>sevilla.agenciaedu@juntadeandalucia.es<\/strong><\/li>\n<li>La inscripci\u00f3n se realiza en la Secretar\u00eda del centro y puede solicitarse bonificaci\u00f3n del 1al 7 de septiembre.<\/li>\n<\/ul>\n<p>A continuaci\u00f3n os facilitamos&nbsp; informaci\u00f3n que la empresa que presta el servicio considera de inter\u00e9s para las familias:<\/p>\n<p><a href=\"https:\/\/blogsaverroes.juntadeandalucia.es\/ceipcervantesalcala\/files\/2025\/07\/INFORMAFAMILIASSERVICIOAULAMATINALEDUCOMEX25-26-1_page-0001.jpg\"><img loading=\"lazy\" decoding=\"async\" class=\"aligncenter size-large wp-image-7381\" src=\"https:\/\/blogsaverroes.juntadeandalucia.es\/ceipcervantesalcala\/files\/2025\/07\/INFORMAFAMILIASSERVICIOAULAMATINALEDUCOMEX25-26-1_page-0001-725x1024.jpg\" alt=\"\" width=\"725\" height=\"1024\" srcset=\"https:\/\/blogsaverroes.juntadeandalucia.es\/ceipcervantesalcala\/files\/2025\/07\/INFORMAFAMILIASSERVICIOAULAMATINALEDUCOMEX25-26-1_page-0001-725x1024.jpg 725w, https:\/\/blogsaverroes.juntadeandalucia.es\/ceipcervantesalcala\/files\/2025\/07\/INFORMAFAMILIASSERVICIOAULAMATINALEDUCOMEX25-26-1_page-0001-212x300.jpg 212w, https:\/\/blogsaverroes.juntadeandalucia.es\/ceipcervantesalcala\/files\/2025\/07\/INFORMAFAMILIASSERVICIOAULAMATINALEDUCOMEX25-26-1_page-0001-768x1085.jpg 768w, https:\/\/blogsaverroes.juntadeandalucia.es\/ceipcervantesalcala\/files\/2025\/07\/INFORMAFAMILIASSERVICIOAULAMATINALEDUCOMEX25-26-1_page-0001-1087x1536.jpg 1087w, https:\/\/blogsaverroes.juntadeandalucia.es\/ceipcervantesalcala\/files\/2025\/07\/INFORMAFAMILIASSERVICIOAULAMATINALEDUCOMEX25-26-1_page-0001-1449x2048.jpg 1449w, https:\/\/blogsaverroes.juntadeandalucia.es\/ceipcervantesalcala\/files\/2025\/07\/INFORMAFAMILIASSERVICIOAULAMATINALEDUCOMEX25-26-1_page-0001.jpg 1132w\" sizes=\"(max-width: 725px) 100vw, 725px\" \/><\/a><\/p>\n","protected":false},"excerpt":{"rendered":"<p>Enlace al modelo de solicitud de los servicios de Plan de Apertura de Centros (Aula Matinal, Comedor Escolar y Actividades Extraescolares) Enlace al modelo de solicitud de bonificaciones para los servicios del Plan de&#46;&#46;&#46;<\/p>\n","protected":false},"author":1,"featured_media":0,"parent":0,"menu_order":0,"comment_status":"closed","ping_status":"open","template":"","meta":{"ngg_post_thumbnail":0,"footnotes":"","_mc_calendar":[]},"aioseo_notices":[],"_links":{"self":[{"href":"https:\/\/blogsaverroes.juntadeandalucia.es\/ceipcervantesalcala\/wp-json\/wp\/v2\/pages\/870"}],"collection":[{"href":"https:\/\/blogsaverroes.juntadeandalucia.es\/ceipcervantesalcala\/wp-json\/wp\/v2\/pages"}],"about":[{"href":"https:\/\/blogsaverroes.juntadeandalucia.es\/ceipcervantesalcala\/wp-json\/wp\/v2\/types\/page"}],"author":[{"embeddable":true,"href":"https:\/\/blogsaverroes.juntadeandalucia.es\/ceipcervantesalcala\/wp-json\/wp\/v2\/users\/1"}],"replies":[{"embeddable":true,"href":"https:\/\/blogsaverroes.juntadeandalucia.es\/ceipcervantesalcala\/wp-json\/wp\/v2\/comments?post=870"}],"version-history":[{"count":20,"href":"https:\/\/blogsaverroes.juntadeandalucia.es\/ceipcervantesalcala\/wp-json\/wp\/v2\/pages\/870\/revisions"}],"predecessor-version":[{"id":7578,"href":"https:\/\/blogsaverroes.juntadeandalucia.es\/ceipcervantesalcala\/wp-json\/wp\/v2\/pages\/870\/revisions\/7578"}],"wp:attachment":[{"href":"https:\/\/blogsaverroes.juntadeandalucia.es\/ceipcervantesalcala\/wp-json\/wp\/v2\/media?parent=870"}],"curies":[{"name":"wp","href":"https:\/\/api.w.org\/{rel}","templated":true}]}}

<p><a href="https://drive.google.com/file/d/1JEiFlOAeP6cJdTEdidM6l_iLb78ZQZ4F/view?usp=sharing" target="_blank" rel="noopener">Enlace al modelo de solicitud de los servicios de Plan de Apertura de Centros (Aula Matinal, Comedor Escolar y Actividades Extraescolares)</a></p>
<p><a href="https://drive.google.com/file/d/1QDoR2HLdLk5y1xtk1mb6qMnRMH2pnX1I/view?usp=sharing" target="_blank" rel="noopener">Enlace al modelo de solicitud de bonificaciones para los servicios del Plan de Apertura de Centros (Aula Matinal, Comedor Escolar y Actividades Extraescolares)</a>&nbsp;</p>
<p><strong>Las altas y bajas del servicio</strong> las gestiona el centro por lo que DEBEN SER COMUNICADAS Y TRAMITADAS a través del centro cumplimentando y entregando en el centro el siguiente documento: (Enlace de descarga del documento de <a href="https://blogsaverroes.juntadeandalucia.es/ceipcervantesalcala/files/2024/09/Solicitud-alta-baja-Plan-Apertura.pdf" target="_blank" rel="noopener">(Enlace de descarga del documento de solicitud alta/ baja Plan Apertura en .pdf)</a></p>
<p><a href="https://blogsaverroes.juntadeandalucia.es/ceipcervantesalcala/files/2024/09/Solicitud-alta-baja-Plan-Apertura_page-0001.jpg"><img loading="lazy" decoding="async" class="aligncenter size-large wp-image-6620" src="https://blogsaverroes.juntadeandalucia.es/ceipcervantesalcala/files/2024/09/Solicitud-alta-baja-Plan-Apertura_page-0001-724x1024.jpg" alt="" width="660" height="933" srcset="https://blogsaverroes.juntadeandalucia.es/ceipcervantesalcala/files/2024/09/Solicitud-alta-baja-Plan-Apertura_page-0001-724x1024.jpg 724w, https://blogsaverroes.juntadeandalucia.es/ceipcervantesalcala/files/2024/09/Solicitud-alta-baja-Plan-Apertura_page-0001-212x300.jpg 212w, https://blogsaverroes.juntadeandalucia.es/ceipcervantesalcala/files/2024/09/Solicitud-alta-baja-Plan-Apertura_page-0001-768x1086.jpg 768w, https://blogsaverroes.juntadeandalucia.es/ceipcervantesalcala/files/2024/09/Solicitud-alta-baja-Plan-Apertura_page-0001-1086x1536.jpg 1086w, https://blogsaverroes.juntadeandalucia.es/ceipcervantesalcala/files/2024/09/Solicitud-alta-baja-Plan-Apertura_page-0001-1449x2048.jpg 1449w, https://blogsaverroes.juntadeandalucia.es/ceipcervantesalcala/files/2024/09/Solicitud-alta-baja-Plan-Apertura_page-0001-700x990.jpg 700w, https://blogsaverroes.juntadeandalucia.es/ceipcervantesalcala/files/2024/09/Solicitud-alta-baja-Plan-Apertura_page-0001.jpg 1132w" sizes="(max-width: 660px) 100vw, 660px" /></a>Los cambios de uso de los servicios de comedor DEBEN SER COMUNICADAS Y TRAMITADAS a través del centro cumplimentando y entregando en el centro el siguiente documento: <a href="https://blogsaverroes.juntadeandalucia.es/ceipcervantesalcala/files/2024/09/Solicitud-cambio-de-usos-de-los-servicios.pdf" target="_blank" rel="noopener">Enlace de descarga del documento de solicitud cambio de usos de los servicios</a><br />
<a href="https://blogsaverroes.juntadeandalucia.es/ceipcervantesalcala/files/2024/09/Solicitud-cambio-de-usos-de-los-servicios_page-0001.jpg"><img loading="lazy" decoding="async" class="aligncenter size-large wp-image-6624" src="https://blogsaverroes.juntadeandalucia.es/ceipcervantesalcala/files/2024/09/Solicitud-cambio-de-usos-de-los-servicios_page-0001-725x1024.jpg" alt="" width="660" height="932" srcset="https://blogsaverroes.juntadeandalucia.es/ceipcervantesalcala/files/2024/09/Solicitud-cambio-de-usos-de-los-servicios_page-0001-725x1024.jpg 725w, https://blogsaverroes.juntadeandalucia.es/ceipcervantesalcala/files/2024/09/Solicitud-cambio-de-usos-de-los-servicios_page-0001-212x300.jpg 212w, https://blogsaverroes.juntadeandalucia.es/ceipcervantesalcala/files/2024/09/Solicitud-cambio-de-usos-de-los-servicios_page-0001-768x1085.jpg 768w, https://blogsaverroes.juntadeandalucia.es/ceipcervantesalcala/files/2024/09/Solicitud-cambio-de-usos-de-los-servicios_page-0001-1087x1536.jpg 1087w, https://blogsaverroes.juntadeandalucia.es/ceipcervantesalcala/files/2024/09/Solicitud-cambio-de-usos-de-los-servicios_page-0001-1450x2048.jpg 1450w, https://blogsaverroes.juntadeandalucia.es/ceipcervantesalcala/files/2024/09/Solicitud-cambio-de-usos-de-los-servicios_page-0001-700x989.jpg 700w, https://blogsaverroes.juntadeandalucia.es/ceipcervantesalcala/files/2024/09/Solicitud-cambio-de-usos-de-los-servicios_page-0001.jpg 1133w" sizes="(max-width: 660px) 100vw, 660px" /></a></p>
<p>La empresa adjudicataria del servicio de Aula Matinal es «Educomex», y nos solicita que difundamos a todos los usuarios/as:</p>
<ul>
<li>Su carta de presentación, en la que detalla información de interés para los usuarios.</li>
<li>Cualquier queja o sugerencia sobre el servicio se le puede hacer llegar al teléfono de atención a las familias 954068242&nbsp; o por email a&nbsp; <strong><a href="mailto:gestioneducomex@gmail.com">gestioneducomex@gmail.com&nbsp;</a></strong></li>
<li>Esta empresa tiene la adjudicación de este servicio por parte de la APAE. (Agencia Pública Andaluza de Educación), cualquier queja sobre su servicio o atención al usuario que no haya sido atendida correctamente por la empresa puede elevarse a la mencionada APAE, al correo: <strong>sevilla.agenciaedu@juntadeandalucia.es</strong></li>
<li>La inscripción se realiza en la Secretaría del centro y puede solicitarse bonificación del 1al 7 de septiembre.</li>
</ul>
<p>A continuación os facilitamos&nbsp; información que la empresa que presta el servicio considera de interés para las familias:</p>
<p><a href="https://blogsaverroes.juntadeandalucia.es/ceipcervantesalcala/files/2025/07/INFORMAFAMILIASSERVICIOAULAMATINALEDUCOMEX25-26-1_page-0001.jpg"><img loading="lazy" decoding="async" class="aligncenter size-large wp-image-7381" src="https://blogsaverroes.juntadeandalucia.es/ceipcervantesalcala/files/2025/07/INFORMAFAMILIASSERVICIOAULAMATINALEDUCOMEX25-26-1_page-0001-725x1024.jpg" alt="" width="725" height="1024" srcset="https://blogsaverroes.juntadeandalucia.es/ceipcervantesalcala/files/2025/07/INFORMAFAMILIASSERVICIOAULAMATINALEDUCOMEX25-26-1_page-0001-725x1024.jpg 725w, https://blogsaverroes.juntadeandalucia.es/ceipcervantesalcala/files/2025/07/INFORMAFAMILIASSERVICIOAULAMATINALEDUCOMEX25-26-1_page-0001-212x300.jpg 212w, https://blogsaverroes.juntadeandalucia.es/ceipcervantesalcala/files/2025/07/INFORMAFAMILIASSERVICIOAULAMATINALEDUCOMEX25-26-1_page-0001-768x1085.jpg 768w, https://blogsaverroes.juntadeandalucia.es/ceipcervantesalcala/files/2025/07/INFORMAFAMILIASSERVICIOAULAMATINALEDUCOMEX25-26-1_page-0001-1087x1536.jpg 1087w, https://blogsaverroes.juntadeandalucia.es/ceipcervantesalcala/files/2025/07/INFORMAFAMILIASSERVICIOAULAMATINALEDUCOMEX25-26-1_page-0001-1449x2048.jpg 1449w, https://blogsaverroes.juntadeandalucia.es/ceipcervantesalcala/files/2025/07/INFORMAFAMILIASSERVICIOAULAMATINALEDUCOMEX25-26-1_page-0001.jpg 1132w" sizes="(max-width: 725px) 100vw, 725px" /></a></p>
