{"id":99,"date":"2015-03-16T07:22:54","date_gmt":"2015-03-16T07:22:54","guid":{"rendered":"http:\/\/blogsaverroes.juntadeandalucia.es\/pre\/ceip\/?page_id=99"},"modified":"2015-11-20T20:03:06","modified_gmt":"2015-11-20T20:03:06","slug":"comedor-escolar","status":"publish","type":"page","link":"https:\/\/blogsaverroes.juntadeandalucia.es\/ceipcervantesalhama\/comedor-escolar\/","title":{"rendered":"Comedor escolar"},"content":{"rendered":"<h4 style=\"text-align: center\">Informaci\u00f3n sobre el comedor escolar<\/h4>\n<h4><a href=\"http:\/\/blogsaverroes.juntadeandalucia.es\/ceipcervantesalhama\/files\/2015\/03\/comedor.jpg\"><img fetchpriority=\"high\" decoding=\"async\" class=\" size-medium wp-image-2266 aligncenter\" src=\"http:\/\/blogsaverroes.juntadeandalucia.es\/ceipcervantesalhama\/files\/2015\/03\/comedor-300x169.jpg\" alt=\"comedor\" width=\"300\" height=\"169\" srcset=\"https:\/\/blogsaverroes.juntadeandalucia.es\/ceipcervantesalhama\/files\/2015\/03\/comedor-300x169.jpg 300w, https:\/\/blogsaverroes.juntadeandalucia.es\/ceipcervantesalhama\/files\/2015\/03\/comedor-700x393.jpg 700w, https:\/\/blogsaverroes.juntadeandalucia.es\/ceipcervantesalhama\/files\/2015\/03\/comedor.jpg 960w\" sizes=\"(max-width: 300px) 100vw, 300px\" \/><\/a><a href=\"http:\/\/blogsaverroes.juntadeandalucia.es\/ceipcervantesalhama\/files\/2015\/03\/comida.jpg\"><br \/>\n<\/a><\/h4>\n<p>Los comedores escolares son un servicio complementario que resulta de gran utilidad a padres y madres para ayudarles a\u00a0conciliar la vida laboral y familiar. Tienen una duraci\u00f3n de hasta dos horas desde que acaba la jornada escolar de la ma\u00f1ana (de 14.00 a 16.00 horas).<\/p>\n<p>Los comedores son adem\u00e1s una pieza importante\u00a0en todas las medidas dirigidas a mejorar los h\u00e1bitos alimenticios de los ni\u00f1os y ni\u00f1as y prevenir problemas de salud como la obesidad.<\/p>\n<p>Los comedores escolares de los centros p\u00fablicos andaluces promueven una alimentaci\u00f3n saludable que est\u00e1 supervisada por nutricionistas y que, entre otros aspectos, se caracteriza por:<\/p>\n<p>Una mayor proporci\u00f3n de verdura en los men\u00fas<\/p>\n<p>Fruta fresca como postre al menos cuatro d\u00edas a la semana<\/p>\n<p>Uso de aceite de oliva virgen extra<\/p>\n<p>M\u00e1s pescado que carne, que debe ser magra<\/p>\n<p>Prohibici\u00f3n de los alimentos precocinados y limitaci\u00f3n de los fritos<\/p>\n<p>Apuesta por la dieta mediterr\u00e1nea y los productos ecol\u00f3gicos<\/p>\n<p>As\u00ed van las obras de nuestro nuevo Comedor Escolar:<\/p>\n<p><a href=\"http:\/\/blogsaverroes.juntadeandalucia.es\/ceipcervantesalhama\/files\/2015\/03\/comedor-6.jpg\"><img decoding=\"async\" class=\"alignnone size-medium wp-image-2265\" src=\"http:\/\/blogsaverroes.juntadeandalucia.es\/ceipcervantesalhama\/files\/2015\/03\/comedor-6-165x300.jpg\" alt=\"comedor 6\" width=\"165\" height=\"300\" srcset=\"https:\/\/blogsaverroes.juntadeandalucia.es\/ceipcervantesalhama\/files\/2015\/03\/comedor-6-165x300.jpg 165w, https:\/\/blogsaverroes.juntadeandalucia.es\/ceipcervantesalhama\/files\/2015\/03\/comedor-6.jpg 528w\" sizes=\"(max-width: 165px) 100vw, 165px\" \/><\/a>\u00a0 \u00a0 \u00a0\u00a0<a href=\"http:\/\/blogsaverroes.juntadeandalucia.es\/ceipcervantesalhama\/files\/2015\/03\/comedor-5.jpg\"><img decoding=\"async\" class=\"alignnone size-medium wp-image-2264\" src=\"http:\/\/blogsaverroes.juntadeandalucia.es\/ceipcervantesalhama\/files\/2015\/03\/comedor-5-165x300.jpg\" alt=\"comedor 5\" width=\"165\" height=\"300\" srcset=\"https:\/\/blogsaverroes.juntadeandalucia.es\/ceipcervantesalhama\/files\/2015\/03\/comedor-5-165x300.jpg 165w, https:\/\/blogsaverroes.juntadeandalucia.es\/ceipcervantesalhama\/files\/2015\/03\/comedor-5.jpg 528w\" sizes=\"(max-width: 165px) 100vw, 165px\" \/><\/a>\u00a0 \u00a0<a href=\"http:\/\/blogsaverroes.juntadeandalucia.es\/ceipcervantesalhama\/files\/2015\/03\/comedor-4.jpg\"><img loading=\"lazy\" decoding=\"async\" class=\"alignnone size-medium wp-image-2263\" src=\"http:\/\/blogsaverroes.juntadeandalucia.es\/ceipcervantesalhama\/files\/2015\/03\/comedor-4-165x300.jpg\" alt=\"comedor 4\" width=\"165\" height=\"300\" srcset=\"https:\/\/blogsaverroes.juntadeandalucia.es\/ceipcervantesalhama\/files\/2015\/03\/comedor-4-165x300.jpg 165w, https:\/\/blogsaverroes.juntadeandalucia.es\/ceipcervantesalhama\/files\/2015\/03\/comedor-4.jpg 528w\" sizes=\"(max-width: 165px) 100vw, 165px\" \/><\/a>\u00a0 \u00a0<a href=\"http:\/\/blogsaverroes.juntadeandalucia.es\/ceipcervantesalhama\/files\/2015\/03\/comedor-3.jpg\"><img loading=\"lazy\" decoding=\"async\" class=\"alignnone size-medium wp-image-2262\" src=\"http:\/\/blogsaverroes.juntadeandalucia.es\/ceipcervantesalhama\/files\/2015\/03\/comedor-3-165x300.jpg\" alt=\"comedor 3\" width=\"165\" height=\"300\" srcset=\"https:\/\/blogsaverroes.juntadeandalucia.es\/ceipcervantesalhama\/files\/2015\/03\/comedor-3-165x300.jpg 165w, https:\/\/blogsaverroes.juntadeandalucia.es\/ceipcervantesalhama\/files\/2015\/03\/comedor-3.jpg 528w\" sizes=\"(max-width: 165px) 100vw, 165px\" \/><\/a>\u00a0 \u00a0<a href=\"http:\/\/blogsaverroes.juntadeandalucia.es\/ceipcervantesalhama\/files\/2015\/03\/comedor-2.jpg\"><img loading=\"lazy\" decoding=\"async\" class=\"alignnone size-medium wp-image-2261\" src=\"http:\/\/blogsaverroes.juntadeandalucia.es\/ceipcervantesalhama\/files\/2015\/03\/comedor-2-165x300.jpg\" alt=\"comedor 2\" width=\"165\" height=\"300\" srcset=\"https:\/\/blogsaverroes.juntadeandalucia.es\/ceipcervantesalhama\/files\/2015\/03\/comedor-2-165x300.jpg 165w, https:\/\/blogsaverroes.juntadeandalucia.es\/ceipcervantesalhama\/files\/2015\/03\/comedor-2.jpg 528w\" sizes=\"(max-width: 165px) 100vw, 165px\" \/><\/a>\u00a0 \u00a0\u00a0<a href=\"http:\/\/blogsaverroes.juntadeandalucia.es\/ceipcervantesalhama\/files\/2015\/03\/comedor-1.jpg\"><img loading=\"lazy\" decoding=\"async\" class=\"alignnone size-medium wp-image-2260\" src=\"http:\/\/blogsaverroes.juntadeandalucia.es\/ceipcervantesalhama\/files\/2015\/03\/comedor-1-165x300.jpg\" alt=\"comedor 1\" width=\"165\" height=\"300\" srcset=\"https:\/\/blogsaverroes.juntadeandalucia.es\/ceipcervantesalhama\/files\/2015\/03\/comedor-1-165x300.jpg 165w, https:\/\/blogsaverroes.juntadeandalucia.es\/ceipcervantesalhama\/files\/2015\/03\/comedor-1.jpg 528w\" sizes=\"(max-width: 165px) 100vw, 165px\" \/><\/a><\/p>\n<p>&nbsp;<\/p>\n","protected":false},"excerpt":{"rendered":"<p>Informaci\u00f3n sobre el comedor escolar Los comedores escolares son un servicio complementario que resulta de gran utilidad a padres y madres para ayudarles a\u00a0conciliar la&hellip;<\/p>\n","protected":false},"author":1,"featured_media":0,"parent":0,"menu_order":0,"comment_status":"closed","ping_status":"open","template":"","meta":{"ngg_post_thumbnail":0,"footnotes":"","_mc_calendar":[]},"aioseo_notices":[],"_links":{"self":[{"href":"https:\/\/blogsaverroes.juntadeandalucia.es\/ceipcervantesalhama\/wp-json\/wp\/v2\/pages\/99"}],"collection":[{"href":"https:\/\/blogsaverroes.juntadeandalucia.es\/ceipcervantesalhama\/wp-json\/wp\/v2\/pages"}],"about":[{"href":"https:\/\/blogsaverroes.juntadeandalucia.es\/ceipcervantesalhama\/wp-json\/wp\/v2\/types\/page"}],"author":[{"embeddable":true,"href":"https:\/\/blogsaverroes.juntadeandalucia.es\/ceipcervantesalhama\/wp-json\/wp\/v2\/users\/1"}],"replies":[{"embeddable":true,"href":"https:\/\/blogsaverroes.juntadeandalucia.es\/ceipcervantesalhama\/wp-json\/wp\/v2\/comments?post=99"}],"version-history":[{"count":5,"href":"https:\/\/blogsaverroes.juntadeandalucia.es\/ceipcervantesalhama\/wp-json\/wp\/v2\/pages\/99\/revisions"}],"predecessor-version":[{"id":2267,"href":"https:\/\/blogsaverroes.juntadeandalucia.es\/ceipcervantesalhama\/wp-json\/wp\/v2\/pages\/99\/revisions\/2267"}],"wp:attachment":[{"href":"https:\/\/blogsaverroes.juntadeandalucia.es\/ceipcervantesalhama\/wp-json\/wp\/v2\/media?parent=99"}],"curies":[{"name":"wp","href":"https:\/\/api.w.org\/{rel}","templated":true}]}}

<h4 style="text-align: center">Información sobre el comedor escolar</h4>
<h4><a href="http://blogsaverroes.juntadeandalucia.es/ceipcervantesalhama/files/2015/03/comedor.jpg"><img fetchpriority="high" decoding="async" class=" size-medium wp-image-2266 aligncenter" src="http://blogsaverroes.juntadeandalucia.es/ceipcervantesalhama/files/2015/03/comedor-300x169.jpg" alt="comedor" width="300" height="169" srcset="https://blogsaverroes.juntadeandalucia.es/ceipcervantesalhama/files/2015/03/comedor-300x169.jpg 300w, https://blogsaverroes.juntadeandalucia.es/ceipcervantesalhama/files/2015/03/comedor-700x393.jpg 700w, https://blogsaverroes.juntadeandalucia.es/ceipcervantesalhama/files/2015/03/comedor.jpg 960w" sizes="(max-width: 300px) 100vw, 300px" /></a><a href="http://blogsaverroes.juntadeandalucia.es/ceipcervantesalhama/files/2015/03/comida.jpg"><br />
</a></h4>
<p>Los comedores escolares son un servicio complementario que resulta de gran utilidad a padres y madres para ayudarles a conciliar la vida laboral y familiar. Tienen una duración de hasta dos horas desde que acaba la jornada escolar de la mañana (de 14.00 a 16.00 horas).</p>
<p>Los comedores son además una pieza importante en todas las medidas dirigidas a mejorar los hábitos alimenticios de los niños y niñas y prevenir problemas de salud como la obesidad.</p>
<p>Los comedores escolares de los centros públicos andaluces promueven una alimentación saludable que está supervisada por nutricionistas y que, entre otros aspectos, se caracteriza por:</p>
<p>Una mayor proporción de verdura en los menús</p>
<p>Fruta fresca como postre al menos cuatro días a la semana</p>
<p>Uso de aceite de oliva virgen extra</p>
<p>Más pescado que carne, que debe ser magra</p>
<p>Prohibición de los alimentos precocinados y limitación de los fritos</p>
<p>Apuesta por la dieta mediterránea y los productos ecológicos</p>
<p>Así van las obras de nuestro nuevo Comedor Escolar:</p>
<p><a href="http://blogsaverroes.juntadeandalucia.es/ceipcervantesalhama/files/2015/03/comedor-6.jpg"><img decoding="async" class="alignnone size-medium wp-image-2265" src="http://blogsaverroes.juntadeandalucia.es/ceipcervantesalhama/files/2015/03/comedor-6-165x300.jpg" alt="comedor 6" width="165" height="300" srcset="https://blogsaverroes.juntadeandalucia.es/ceipcervantesalhama/files/2015/03/comedor-6-165x300.jpg 165w, https://blogsaverroes.juntadeandalucia.es/ceipcervantesalhama/files/2015/03/comedor-6.jpg 528w" sizes="(max-width: 165px) 100vw, 165px" /></a>      <a href="http://blogsaverroes.juntadeandalucia.es/ceipcervantesalhama/files/2015/03/comedor-5.jpg"><img decoding="async" class="alignnone size-medium wp-image-2264" src="http://blogsaverroes.juntadeandalucia.es/ceipcervantesalhama/files/2015/03/comedor-5-165x300.jpg" alt="comedor 5" width="165" height="300" srcset="https://blogsaverroes.juntadeandalucia.es/ceipcervantesalhama/files/2015/03/comedor-5-165x300.jpg 165w, https://blogsaverroes.juntadeandalucia.es/ceipcervantesalhama/files/2015/03/comedor-5.jpg 528w" sizes="(max-width: 165px) 100vw, 165px" /></a>   <a href="http://blogsaverroes.juntadeandalucia.es/ceipcervantesalhama/files/2015/03/comedor-4.jpg"><img loading="lazy" decoding="async" class="alignnone size-medium wp-image-2263" src="http://blogsaverroes.juntadeandalucia.es/ceipcervantesalhama/files/2015/03/comedor-4-165x300.jpg" alt="comedor 4" width="165" height="300" srcset="https://blogsaverroes.juntadeandalucia.es/ceipcervantesalhama/files/2015/03/comedor-4-165x300.jpg 165w, https://blogsaverroes.juntadeandalucia.es/ceipcervantesalhama/files/2015/03/comedor-4.jpg 528w" sizes="(max-width: 165px) 100vw, 165px" /></a>   <a href="http://blogsaverroes.juntadeandalucia.es/ceipcervantesalhama/files/2015/03/comedor-3.jpg"><img loading="lazy" decoding="async" class="alignnone size-medium wp-image-2262" src="http://blogsaverroes.juntadeandalucia.es/ceipcervantesalhama/files/2015/03/comedor-3-165x300.jpg" alt="comedor 3" width="165" height="300" srcset="https://blogsaverroes.juntadeandalucia.es/ceipcervantesalhama/files/2015/03/comedor-3-165x300.jpg 165w, https://blogsaverroes.juntadeandalucia.es/ceipcervantesalhama/files/2015/03/comedor-3.jpg 528w" sizes="(max-width: 165px) 100vw, 165px" /></a>   <a href="http://blogsaverroes.juntadeandalucia.es/ceipcervantesalhama/files/2015/03/comedor-2.jpg"><img loading="lazy" decoding="async" class="alignnone size-medium wp-image-2261" src="http://blogsaverroes.juntadeandalucia.es/ceipcervantesalhama/files/2015/03/comedor-2-165x300.jpg" alt="comedor 2" width="165" height="300" srcset="https://blogsaverroes.juntadeandalucia.es/ceipcervantesalhama/files/2015/03/comedor-2-165x300.jpg 165w, https://blogsaverroes.juntadeandalucia.es/ceipcervantesalhama/files/2015/03/comedor-2.jpg 528w" sizes="(max-width: 165px) 100vw, 165px" /></a>    <a href="http://blogsaverroes.juntadeandalucia.es/ceipcervantesalhama/files/2015/03/comedor-1.jpg"><img loading="lazy" decoding="async" class="alignnone size-medium wp-image-2260" src="http://blogsaverroes.juntadeandalucia.es/ceipcervantesalhama/files/2015/03/comedor-1-165x300.jpg" alt="comedor 1" width="165" height="300" srcset="https://blogsaverroes.juntadeandalucia.es/ceipcervantesalhama/files/2015/03/comedor-1-165x300.jpg 165w, https://blogsaverroes.juntadeandalucia.es/ceipcervantesalhama/files/2015/03/comedor-1.jpg 528w" sizes="(max-width: 165px) 100vw, 165px" /></a></p>
<p>&nbsp;</p>

<p>Información sobre el comedor escolar Los comedores escolares son un servicio complementario que resulta de gran utilidad a padres y madres para ayudarles a conciliar la&hellip;</p>
