{"id":2419,"date":"2020-12-10T10:13:01","date_gmt":"2020-12-10T10:13:01","guid":{"rendered":"https:\/\/blogsaverroes.juntadeandalucia.es\/ceipcesarbarrios\/?page_id=2419"},"modified":"2024-10-29T09:24:57","modified_gmt":"2024-10-29T09:24:57","slug":"autoproteccion","status":"publish","type":"page","link":"https:\/\/blogsaverroes.juntadeandalucia.es\/ceipcesarbarrios\/autoproteccion\/","title":{"rendered":"Autoprotecci\u00f3n"},"content":{"rendered":"<p style=\"text-align: justify\">El Plan de Autoprotecci\u00f3n del Centro es el sistema de acciones y medidas adoptadas por los titulares o responsables de las actividades educativas p\u00fablicas o privadas, con sus propios medios y recursos, dentro de su \u00e1mbito de competencia, encaminadas a prevenir y controlar los riesgos sobre las personas y los bienes, a dar respuestas adecuadas a las posibles situaciones de emergencias y a garantizar la integraci\u00f3n de estas actuaciones en el sistema p\u00fablico de Protecci\u00f3n Civil. Por lo tanto debe ser entendido como el conjunto de medidas organizativas que el Centro dise\u00f1a y pone en pr\u00e1ctica, para planificar las actuaciones de seguridad tendentes a neutralizar accidentes y sus posibles consecuencias, hasta la llegada de las ayudas externas.<\/p>\n<p>&nbsp;<\/p>\n<p>Coordinadora del Programa: <em><strong>Pilar Coca Cano<\/strong><\/em>&nbsp; (curso 2024-2025)<\/p>\n<p>&nbsp;<\/p>\n<p>&nbsp;<\/p>\n","protected":false},"excerpt":{"rendered":"<p>El Plan de Autoprotecci\u00f3n del Centro es el sistema de acciones y medidas adoptadas por los titulares o responsables de las actividades educativas p\u00fablicas o privadas, con sus propios medios y recursos, dentro de&#46;&#46;&#46;<\/p>\n","protected":false},"author":11723,"featured_media":0,"parent":0,"menu_order":0,"comment_status":"closed","ping_status":"closed","template":"","meta":{"ngg_post_thumbnail":0,"footnotes":"","_mc_calendar":[]},"aioseo_notices":[],"_links":{"self":[{"href":"https:\/\/blogsaverroes.juntadeandalucia.es\/ceipcesarbarrios\/wp-json\/wp\/v2\/pages\/2419"}],"collection":[{"href":"https:\/\/blogsaverroes.juntadeandalucia.es\/ceipcesarbarrios\/wp-json\/wp\/v2\/pages"}],"about":[{"href":"https:\/\/blogsaverroes.juntadeandalucia.es\/ceipcesarbarrios\/wp-json\/wp\/v2\/types\/page"}],"author":[{"embeddable":true,"href":"https:\/\/blogsaverroes.juntadeandalucia.es\/ceipcesarbarrios\/wp-json\/wp\/v2\/users\/11723"}],"replies":[{"embeddable":true,"href":"https:\/\/blogsaverroes.juntadeandalucia.es\/ceipcesarbarrios\/wp-json\/wp\/v2\/comments?post=2419"}],"version-history":[{"count":5,"href":"https:\/\/blogsaverroes.juntadeandalucia.es\/ceipcesarbarrios\/wp-json\/wp\/v2\/pages\/2419\/revisions"}],"predecessor-version":[{"id":5803,"href":"https:\/\/blogsaverroes.juntadeandalucia.es\/ceipcesarbarrios\/wp-json\/wp\/v2\/pages\/2419\/revisions\/5803"}],"wp:attachment":[{"href":"https:\/\/blogsaverroes.juntadeandalucia.es\/ceipcesarbarrios\/wp-json\/wp\/v2\/media?parent=2419"}],"curies":[{"name":"wp","href":"https:\/\/api.w.org\/{rel}","templated":true}]}}